Last updated on 2023-03-20 09:49:26 CET.
Flavor | Version | Tinstall | Tcheck | Ttotal | Status | Flags |
---|---|---|---|---|---|---|
r-devel-linux-x86_64-debian-clang | 0.1.1 | NOTE | ||||
r-devel-linux-x86_64-debian-gcc | 0.1.1 | 2.44 | 35.03 | 37.47 | NOTE | |
r-devel-linux-x86_64-fedora-clang | 0.1.1 | 61.88 | NOTE | |||
r-devel-linux-x86_64-fedora-gcc | 0.1.1 | 57.41 | NOTE | |||
r-devel-windows-x86_64 | 0.1.1 | 14.00 | 82.00 | 96.00 | NOTE | |
r-patched-linux-x86_64 | 0.1.1 | 2.79 | 44.76 | 47.55 | NOTE | |
r-release-linux-x86_64 | 0.1.1 | 3.10 | 44.86 | 47.96 | NOTE | |
r-release-macos-arm64 | 0.1.1 | 18.00 | NOTE | |||
r-release-macos-x86_64 | 0.1.1 | 28.00 | NOTE | |||
r-release-windows-x86_64 | 0.1.1 | 14.00 | 78.00 | 92.00 | NOTE | |
r-oldrel-macos-arm64 | 0.1.1 | 28.00 | NOTE | |||
r-oldrel-macos-x86_64 | 0.1.1 | 35.00 | NOTE | |||
r-oldrel-windows-ix86+x86_64 | 0.1.1 | 7.00 | 70.00 | 77.00 | NOTE |
Version: 0.1.1
Check: LazyData
Result: NOTE
'LazyData' is specified without a 'data' directory
Flavors: r-devel-linux-x86_64-debian-clang, r-devel-linux-x86_64-debian-gcc, r-devel-linux-x86_64-fedora-clang, r-devel-linux-x86_64-fedora-gcc, r-devel-windows-x86_64, r-patched-linux-x86_64, r-release-linux-x86_64, r-release-macos-arm64, r-release-macos-x86_64, r-release-windows-x86_64, r-oldrel-macos-arm64, r-oldrel-macos-x86_64, r-oldrel-windows-ix86+x86_64
Version: 0.1.1
Check: dependencies in R code
Result: NOTE
Namespace in Imports field not imported from: ‘RCurl’
All declared Imports should be used.
Flavors: r-devel-linux-x86_64-fedora-clang, r-devel-linux-x86_64-fedora-gcc, r-release-macos-arm64, r-release-macos-x86_64, r-oldrel-macos-arm64, r-oldrel-macos-x86_64