CRAN Package Check Results for Package flexdashboard

Last updated on 2024-06-13 01:57:49 CEST.

Flavor Version Tinstall Tcheck Ttotal Status Flags
r-devel-linux-x86_64-debian-clang 0.6.2 4.82 42.19 47.01 NOTE
r-devel-linux-x86_64-debian-gcc 0.6.2 2.99 29.87 32.86 ERROR
r-devel-linux-x86_64-fedora-clang 0.6.2 59.22 NOTE
r-devel-linux-x86_64-fedora-gcc 0.6.2 56.45 NOTE
r-devel-windows-x86_64 0.6.2 6.00 58.00 64.00 NOTE
r-patched-linux-x86_64 0.6.2 4.79 41.04 45.83 NOTE
r-release-linux-x86_64 0.6.2 5.02 41.10 46.12 NOTE
r-release-macos-arm64 0.6.2 23.00 NOTE
r-release-macos-x86_64 0.6.2 38.00 NOTE
r-release-windows-x86_64 0.6.2 6.00 59.00 65.00 NOTE
r-oldrel-macos-arm64 0.6.2 21.00 OK
r-oldrel-macos-x86_64 0.6.2 31.00 OK
r-oldrel-windows-x86_64 0.6.2 6.00 61.00 67.00 OK

Check Details

Version: 0.6.2
Check: Rd files
Result: NOTE checkRd: (-1) flex_dashboard.Rd:96: Lost braces; missing escapes or markup? 96 | the `{.storyboard}` attribute to individual pages rather than using the | ^ Flavors: r-devel-linux-x86_64-debian-clang, r-devel-linux-x86_64-debian-gcc, r-devel-linux-x86_64-fedora-clang, r-devel-linux-x86_64-fedora-gcc, r-devel-windows-x86_64, r-patched-linux-x86_64, r-release-linux-x86_64, r-release-macos-arm64, r-release-macos-x86_64, r-release-windows-x86_64

Version: 0.6.2
Check: package dependencies
Result: NOTE Package suggested but not available for checking: ‘testthat’ Flavor: r-devel-linux-x86_64-debian-gcc

Version: 0.6.2
Check: tests
Result: ERROR Running ‘testthat.R’ [0s/1s] Running the tests in ‘tests/testthat.R’ failed. Complete output: > library(testthat) Error in library(testthat) : there is no package called 'testthat' Execution halted Flavor: r-devel-linux-x86_64-debian-gcc