CRAN Package Check Results for Package flexsurv

Last updated on 2018-05-26 16:47:45 CEST.

Flavor Version Tinstall Tcheck Ttotal Status Flags
r-devel-linux-x86_64-debian-clang 1.1 48.60 180.49 229.09 NOTE
r-devel-linux-x86_64-debian-gcc 1.1 42.56 130.76 173.32 NOTE
r-devel-linux-x86_64-fedora-clang 1.1 288.40 NOTE
r-devel-linux-x86_64-fedora-gcc 1.1 274.04 NOTE
r-devel-windows-ix86+x86_64 1.1 89.00 291.00 380.00 NOTE
r-patched-linux-x86_64 1.1 52.21 161.58 213.79 NOTE
r-patched-solaris-x86 1.1 306.90 NOTE
r-release-linux-x86_64 1.1 53.71 159.36 213.07 NOTE
r-release-windows-ix86+x86_64 1.1 121.00 342.00 463.00 NOTE
r-release-osx-x86_64 1.1 NOTE
r-oldrel-windows-ix86+x86_64 1.1 116.00 294.00 410.00 OK
r-oldrel-osx-x86_64 1.1 OK

Check Details

Version: 1.1
Check: package dependencies
Result: NOTE
    Package suggested but not available for checking: ‘ActuDistns’
Flavors: r-devel-linux-x86_64-debian-clang, r-devel-linux-x86_64-debian-gcc, r-devel-linux-x86_64-fedora-clang, r-devel-linux-x86_64-fedora-gcc, r-devel-windows-ix86+x86_64, r-patched-linux-x86_64, r-patched-solaris-x86, r-release-linux-x86_64, r-release-windows-ix86+x86_64, r-release-osx-x86_64