CRAN Package Check Results for Package flexsurv

Last updated on 2018-11-17 15:47:24 CET.

Flavor Version Tinstall Tcheck Ttotal Status Flags
r-devel-linux-x86_64-debian-clang 1.1 57.19 171.25 228.44 NOTE
r-devel-linux-x86_64-debian-gcc 1.1 45.46 131.43 176.89 NOTE
r-devel-linux-x86_64-fedora-clang 1.1 294.46 NOTE
r-devel-linux-x86_64-fedora-gcc 1.1 265.68 NOTE
r-devel-windows-ix86+x86_64 1.1 120.00 349.00 469.00 NOTE
r-patched-linux-x86_64 1.1 55.42 163.17 218.59 NOTE
r-patched-solaris-x86 1.1 329.70 NOTE
r-release-linux-x86_64 1.1 60.05 161.83 221.88 NOTE
r-release-windows-ix86+x86_64 1.1 121.00 277.00 398.00 NOTE
r-release-osx-x86_64 1.1 NOTE
r-oldrel-windows-ix86+x86_64 1.1 123.00 378.00 501.00 OK
r-oldrel-osx-x86_64 1.1 OK

Check Details

Version: 1.1
Check: package dependencies
Result: NOTE
    Package suggested but not available for checking: ‘ActuDistns’
Flavors: r-devel-linux-x86_64-debian-clang, r-devel-linux-x86_64-debian-gcc, r-devel-linux-x86_64-fedora-clang, r-devel-linux-x86_64-fedora-gcc, r-devel-windows-ix86+x86_64, r-patched-linux-x86_64, r-patched-solaris-x86, r-release-linux-x86_64, r-release-windows-ix86+x86_64, r-release-osx-x86_64