CRAN Package Check Results for Package flexsurv

Last updated on 2018-08-19 09:48:03 CEST.

Flavor Version Tinstall Tcheck Ttotal Status Flags
r-devel-linux-x86_64-debian-clang 1.1 53.29 174.04 227.33 NOTE
r-devel-linux-x86_64-debian-gcc 1.1 42.68 135.30 177.98 NOTE
r-devel-linux-x86_64-fedora-clang 1.1 291.29 NOTE
r-devel-linux-x86_64-fedora-gcc 1.1 273.68 NOTE
r-devel-windows-ix86+x86_64 1.1 123.00 372.00 495.00 NOTE
r-patched-linux-x86_64 1.1 55.28 162.11 217.39 NOTE
r-patched-solaris-x86 1.1 317.00 NOTE
r-release-linux-x86_64 1.1 57.45 159.96 217.41 NOTE
r-release-windows-ix86+x86_64 1.1 124.00 323.00 447.00 NOTE
r-release-osx-x86_64 1.1 NOTE
r-oldrel-windows-ix86+x86_64 1.1 96.00 299.00 395.00 OK
r-oldrel-osx-x86_64 1.1 OK

Check Details

Version: 1.1
Check: package dependencies
Result: NOTE
    Package suggested but not available for checking: ‘ActuDistns’
Flavors: r-devel-linux-x86_64-debian-clang, r-devel-linux-x86_64-debian-gcc, r-devel-linux-x86_64-fedora-clang, r-devel-linux-x86_64-fedora-gcc, r-devel-windows-ix86+x86_64, r-patched-linux-x86_64, r-patched-solaris-x86, r-release-linux-x86_64, r-release-windows-ix86+x86_64, r-release-osx-x86_64