CRAN Package Check Results for Package flexsurv

Last updated on 2019-02-16 13:46:20 CET.

Flavor Version Tinstall Tcheck Ttotal Status Flags
r-devel-linux-x86_64-debian-clang 1.1 50.68 178.43 229.11 NOTE
r-devel-linux-x86_64-debian-gcc 1.1 41.21 132.98 174.19 NOTE
r-devel-linux-x86_64-fedora-clang 1.1 299.31 NOTE
r-devel-linux-x86_64-fedora-gcc 1.1 278.10 NOTE
r-devel-windows-ix86+x86_64 1.1 177.00 354.00 531.00 NOTE
r-patched-linux-x86_64 1.1 51.79 163.33 215.12 NOTE
r-patched-solaris-x86 1.1 321.20 NOTE
r-release-linux-x86_64 1.1 NOTE
r-release-windows-ix86+x86_64 1.1 85.00 253.00 338.00 NOTE
r-release-osx-x86_64 1.1 NOTE
r-oldrel-windows-ix86+x86_64 1.1 131.00 381.00 512.00 OK
r-oldrel-osx-x86_64 1.1 OK

Check Details

Version: 1.1
Check: package dependencies
Result: NOTE
    Package suggested but not available for checking: ‘ActuDistns’
Flavors: r-devel-linux-x86_64-debian-clang, r-devel-linux-x86_64-debian-gcc, r-devel-linux-x86_64-fedora-clang, r-devel-linux-x86_64-fedora-gcc, r-devel-windows-ix86+x86_64, r-patched-linux-x86_64, r-patched-solaris-x86, r-release-linux-x86_64, r-release-windows-ix86+x86_64, r-release-osx-x86_64