CRAN Package Check Results for Package flextable

Last updated on 2018-02-17 21:49:20 CET.

Flavor Version Tinstall Tcheck Ttotal Status Flags
r-devel-linux-x86_64-debian-clang 0.4.2 5.63 71.25 76.88 OK
r-devel-linux-x86_64-debian-gcc 0.4.2 4.51 54.64 59.15 OK
r-devel-linux-x86_64-fedora-clang 0.4.2 88.88 OK
r-devel-linux-x86_64-fedora-gcc 0.4.2 87.12 OK
r-devel-windows-ix86+x86_64 0.4.2 9.00 77.00 86.00 OK
r-patched-linux-x86_64 0.4.2 2.83 87.69 90.52 OK
r-patched-solaris-x86 0.4.2 103.20 OK
r-release-linux-x86_64 0.4.2 3.23 89.14 92.37 OK
r-release-windows-ix86+x86_64 0.4.2 9.00 129.00 138.00 OK
r-release-osx-x86_64 0.4.2 OK
r-oldrel-windows-ix86+x86_64 0.4.2 6.00 112.00 118.00 OK
r-oldrel-osx-x86_64 0.4.0 WARN

Check Details

Version: 0.4.0
Check: dependencies in R code
Result: NOTE
    Namespace in Imports field not imported from: ‘lazyeval’
     All declared Imports should be used.
Flavor: r-oldrel-osx-x86_64

Version: 0.4.0
Check: re-building of vignette outputs
Result: WARN
    Error in re-building vignettes:
     ...
    Warning in engine$weave(file, quiet = quiet, encoding = enc) :
     Pandoc (>= 1.12.3) and/or pandoc-citeproc not available. Falling back to R Markdown v1.
    Quitting from lines 61-98 (examples.Rmd)
    Error: processing vignette 'examples.Rmd' failed with diagnostics:
    `render_flextable` needs to be used as a renderer for a knitr/rmarkdown R code chunk
    Execution halted
Flavor: r-oldrel-osx-x86_64