CRAN Package Check Results for Package flextable

Last updated on 2019-02-16 13:46:20 CET.

Flavor Version Tinstall Tcheck Ttotal Status Flags
r-devel-linux-x86_64-debian-clang 0.5.1 7.09 194.24 201.33 OK
r-devel-linux-x86_64-debian-gcc 0.5.1 4.95 241.75 246.70 OK
r-devel-linux-x86_64-fedora-clang 0.5.1 165.98 OK
r-devel-linux-x86_64-fedora-gcc 0.5.1 144.65 OK
r-devel-windows-ix86+x86_64 0.5.1 18.00 162.00 180.00 OK
r-patched-linux-x86_64 0.5.1 4.66 209.27 213.93 OK
r-patched-solaris-x86 0.5.1 146.10 WARN
r-release-linux-x86_64 0.5.1 OK
r-release-windows-ix86+x86_64 0.5.1 9.00 110.00 119.00 OK
r-release-osx-x86_64 0.5.1 WARN
r-oldrel-windows-ix86+x86_64 0.5.1 10.00 182.00 192.00 OK
r-oldrel-osx-x86_64 0.5.1 WARN

Check Details

Version: 0.5.1
Check: re-building of vignette outputs
Result: WARN
    Error in re-building vignettes:
     ...
    Warning in engine$weave(file, quiet = quiet, encoding = enc) :
     Pandoc (>= 1.12.3) and/or pandoc-citeproc not available. Falling back to R Markdown v1.
    Warning in engine$weave(file, quiet = quiet, encoding = enc) :
     Pandoc (>= 1.12.3) and/or pandoc-citeproc not available. Falling back to R Markdown v1.
    Quitting from lines 46-49 (layout.Rmd)
    Error: processing vignette 'layout.Rmd' failed with diagnostics:
    `render_flextable` needs to be used as a renderer for a knitr/rmarkdown R code chunk (render by rmarkdown)
    Execution halted
Flavor: r-patched-solaris-x86

Version: 0.5.1
Check: re-building of vignette outputs
Result: WARN
    Error in re-building vignettes:
     ...
    Fontconfig error: "/Volumes/SSD-Data/Builds/R-dev-web/QA/Simon/packages/el-capitan-x86_64/Rlib/3.5/magick/etc/fonts/conf.d/65-nonlatin.conf", line 6: invalid attribute 'version'
    Fontconfig warning: "/Volumes/SSD-Data/Builds/R-dev-web/QA/Simon/packages/el-capitan-x86_64/Rlib/3.5/magick/etc/fonts/conf.d/65-nonlatin.conf", line 8: unknown element "description"
    Fontconfig warning: "/Volumes/SSD-Data/Builds/R-dev-web/QA/Simon/packages/el-capitan-x86_64/Rlib/3.5/magick/etc/fonts/conf.d/69-unifont.conf", line 4: unknown element "its:rules"
    Fontconfig warning: "/Volumes/SSD-Data/Builds/R-dev-web/QA/Simon/packages/el-capitan-x86_64/Rlib/3.5/magick/etc/fonts/conf.d/69-unifont.conf", line 5: unknown element "its:translateRule"
    Fontconfig error: "/Volumes/SSD-Data/Builds/R-dev-web/QA/Simon/packages/el-capitan-x86_64/Rlib/3.5/magick/etc/fonts/conf.d/69-unifont.conf", line 5: invalid attribute 'translate'
    Fontconfig error: "/Volumes/SSD-Data/Builds/R-dev-web/QA/Simon/packages/el-capitan-x86_64/Rlib/3.5/magick/etc/fonts/conf.d/69-unifont.conf", line 5: invalid attribute 'selector'
    Fontconfig error: "/Volumes/SSD-Data/Builds/R-dev-web/QA/Simon/packages/el-capitan-x86_64/Rlib/3.5/magick/etc/fonts/conf.d/69-unifont.conf", line 6: invalid attribute 'xmlns:its'
    Fontconfig error: "/Volumes/SSD-Data/Builds/R-dev-web/QA/Simon/packages/el-capitan-x86_64/Rlib/3.5/magick/etc/fonts/conf.d/69-unifont.conf", line 6: invalid attribute 'version'
    Fontconfig warning: "/Volumes/SSD-Data/Builds/R-dev-web/QA/Simon/packages/el-capitan-x86_64/Rlib/3.5/magick/etc/fonts/conf.d/80-delicious.conf", line 4: unknown element "its:rules"
    Fontconfig warning: "/Volumes/SSD-Data/Builds/R-dev-web/QA/Simon/packages/el-capitan-x86_64/Rlib/3.5/magick/etc/fonts/conf.d/80-delicious.conf", line 5: unknown element "its:translateRule"
    Fontconfig error: "/Volumes/SSD-Data/Builds/R-dev-web/QA/Simon/packages/el-capitan-x86_64/Rlib/3.5/magick/etc/fonts/conf.d/80-delicious.conf", line 5: invalid attribute 'translate'
    Fontconfig error: "/Volumes/SSD-Data/Builds/R-dev-web/QA/Simon/packages/el-capitan-x86_64/Rlib/3.5/magick/etc/fonts/conf.d/80-delicious.conf", line 5: invalid attribute 'selector'
    Fontconfig error: "/Volumes/SSD-Data/Builds/R-dev-web/QA/Simon/packages/el-capitan-x86_64/Rlib/3.5/magick/etc/fonts/conf.d/80-delicious.conf", line 6: invalid attribute 'xmlns:its'
    Fontconfig error: "/Volumes/SSD-Data/Builds/R-dev-web/QA/Simon/packages/el-capitan-x86_64/Rlib/3.5/magick/etc/fonts/conf.d/80-delicious.conf", line 6: invalid attribute 'version'
    Fontconfig warning: "/Volumes/SSD-Data/Builds/R-dev-web/QA/Simon/packages/el-capitan-x86_64/Rlib/3.5/magick/etc/fonts/conf.d/90-synthetic.conf", line 4: unknown element "its:rules"
    Fontconfig warning: "/Volumes/SSD-Data/Builds/R-dev-web/QA/Simon/packages/el-capitan-x86_64/Rlib/3.5/magick/etc/fonts/conf.d/90-synthetic.conf", line 5: unknown element "its:translateRule"
    Fontconfig error: "/Volumes/SSD-Data/Builds/R-dev-web/QA/Simon/packages/el-capitan-x86_64/Rlib/3.5/magick/etc/fonts/conf.d/90-synthetic.conf", line 5: invalid attribute 'translate'
    Fontconfig error: "/Volumes/SSD-Data/Builds/R-dev-web/QA/Simon/packages/el-capitan-x86_64/Rlib/3.5/magick/etc/fonts/conf.d/90-synthetic.conf", line 5: invalid attribute 'selector'
    Fontconfig error: "/Volumes/SSD-Data/Builds/R-dev-web/QA/Simon/packages/el-capitan-x86_64/Rlib/3.5/magick/etc/fonts/conf.d/90-synthetic.conf", line 6: invalid attribute 'xmlns:its'
    Fontconfig error: "/Volumes/SSD-Data/Builds/R-dev-web/QA/Simon/packages/el-capitan-x86_64/Rlib/3.5/magick/etc/fonts/conf.d/90-synthetic.conf", line 6: invalid attribute 'version'
    Fontconfig error: Cannot load default config file
    Quitting from lines 46-49 (layout.Rmd)
    Error: processing vignette 'layout.Rmd' failed with diagnostics:
    `render_flextable` needs to be used as a renderer for a knitr/rmarkdown R code chunk (render by rmarkdown)
    Execution halted
Flavor: r-release-osx-x86_64

Version: 0.5.1
Check: re-building of vignette outputs
Result: WARN
    Error in re-building vignettes:
     ...
    Fontconfig error: "/Volumes/SSD-Data/Builds/R-dev-web/QA/Simon/packages/el-capitan-x86_64/Rlib/3.4/magick/etc/fonts/conf.d/65-nonlatin.conf", line 6: invalid attribute 'version'
    Fontconfig warning: "/Volumes/SSD-Data/Builds/R-dev-web/QA/Simon/packages/el-capitan-x86_64/Rlib/3.4/magick/etc/fonts/conf.d/65-nonlatin.conf", line 8: unknown element "description"
    Fontconfig warning: "/Volumes/SSD-Data/Builds/R-dev-web/QA/Simon/packages/el-capitan-x86_64/Rlib/3.4/magick/etc/fonts/conf.d/69-unifont.conf", line 4: unknown element "its:rules"
    Fontconfig warning: "/Volumes/SSD-Data/Builds/R-dev-web/QA/Simon/packages/el-capitan-x86_64/Rlib/3.4/magick/etc/fonts/conf.d/69-unifont.conf", line 5: unknown element "its:translateRule"
    Fontconfig error: "/Volumes/SSD-Data/Builds/R-dev-web/QA/Simon/packages/el-capitan-x86_64/Rlib/3.4/magick/etc/fonts/conf.d/69-unifont.conf", line 5: invalid attribute 'translate'
    Fontconfig error: "/Volumes/SSD-Data/Builds/R-dev-web/QA/Simon/packages/el-capitan-x86_64/Rlib/3.4/magick/etc/fonts/conf.d/69-unifont.conf", line 5: invalid attribute 'selector'
    Fontconfig error: "/Volumes/SSD-Data/Builds/R-dev-web/QA/Simon/packages/el-capitan-x86_64/Rlib/3.4/magick/etc/fonts/conf.d/69-unifont.conf", line 6: invalid attribute 'xmlns:its'
    Fontconfig error: "/Volumes/SSD-Data/Builds/R-dev-web/QA/Simon/packages/el-capitan-x86_64/Rlib/3.4/magick/etc/fonts/conf.d/69-unifont.conf", line 6: invalid attribute 'version'
    Fontconfig warning: "/Volumes/SSD-Data/Builds/R-dev-web/QA/Simon/packages/el-capitan-x86_64/Rlib/3.4/magick/etc/fonts/conf.d/80-delicious.conf", line 4: unknown element "its:rules"
    Fontconfig warning: "/Volumes/SSD-Data/Builds/R-dev-web/QA/Simon/packages/el-capitan-x86_64/Rlib/3.4/magick/etc/fonts/conf.d/80-delicious.conf", line 5: unknown element "its:translateRule"
    Fontconfig error: "/Volumes/SSD-Data/Builds/R-dev-web/QA/Simon/packages/el-capitan-x86_64/Rlib/3.4/magick/etc/fonts/conf.d/80-delicious.conf", line 5: invalid attribute 'translate'
    Fontconfig error: "/Volumes/SSD-Data/Builds/R-dev-web/QA/Simon/packages/el-capitan-x86_64/Rlib/3.4/magick/etc/fonts/conf.d/80-delicious.conf", line 5: invalid attribute 'selector'
    Fontconfig error: "/Volumes/SSD-Data/Builds/R-dev-web/QA/Simon/packages/el-capitan-x86_64/Rlib/3.4/magick/etc/fonts/conf.d/80-delicious.conf", line 6: invalid attribute 'xmlns:its'
    Fontconfig error: "/Volumes/SSD-Data/Builds/R-dev-web/QA/Simon/packages/el-capitan-x86_64/Rlib/3.4/magick/etc/fonts/conf.d/80-delicious.conf", line 6: invalid attribute 'version'
    Fontconfig warning: "/Volumes/SSD-Data/Builds/R-dev-web/QA/Simon/packages/el-capitan-x86_64/Rlib/3.4/magick/etc/fonts/conf.d/90-synthetic.conf", line 4: unknown element "its:rules"
    Fontconfig warning: "/Volumes/SSD-Data/Builds/R-dev-web/QA/Simon/packages/el-capitan-x86_64/Rlib/3.4/magick/etc/fonts/conf.d/90-synthetic.conf", line 5: unknown element "its:translateRule"
    Fontconfig error: "/Volumes/SSD-Data/Builds/R-dev-web/QA/Simon/packages/el-capitan-x86_64/Rlib/3.4/magick/etc/fonts/conf.d/90-synthetic.conf", line 5: invalid attribute 'translate'
    Fontconfig error: "/Volumes/SSD-Data/Builds/R-dev-web/QA/Simon/packages/el-capitan-x86_64/Rlib/3.4/magick/etc/fonts/conf.d/90-synthetic.conf", line 5: invalid attribute 'selector'
    Fontconfig error: "/Volumes/SSD-Data/Builds/R-dev-web/QA/Simon/packages/el-capitan-x86_64/Rlib/3.4/magick/etc/fonts/conf.d/90-synthetic.conf", line 6: invalid attribute 'xmlns:its'
    Fontconfig error: "/Volumes/SSD-Data/Builds/R-dev-web/QA/Simon/packages/el-capitan-x86_64/Rlib/3.4/magick/etc/fonts/conf.d/90-synthetic.conf", line 6: invalid attribute 'version'
    Fontconfig error: Cannot load default config file
    Quitting from lines 46-49 (layout.Rmd)
    Error: processing vignette 'layout.Rmd' failed with diagnostics:
    `render_flextable` needs to be used as a renderer for a knitr/rmarkdown R code chunk (render by rmarkdown)
    Execution halted
Flavor: r-oldrel-osx-x86_64