CRAN Package Check Results for Package flippant

Last updated on 2021-05-10 18:50:36 CEST.

Flavor Version Tinstall Tcheck Ttotal Status Flags
r-devel-linux-x86_64-debian-clang 1.5.3 4.75 49.77 54.52 NOTE
r-devel-linux-x86_64-debian-gcc 1.5.3 4.18 36.72 40.90 NOTE
r-devel-linux-x86_64-fedora-clang 1.5.3 73.33 NOTE
r-devel-linux-x86_64-fedora-gcc 1.5.3 62.12 NOTE
r-devel-windows-ix86+x86_64 1.5.3 12.00 68.00 80.00 NOTE
r-devel-windows-x86_64-gcc10-UCRT 1.5.3 NOTE
r-patched-linux-x86_64 1.5.3 8.03 46.30 54.33 NOTE
r-patched-solaris-x86 1.5.3 89.40 NOTE
r-release-linux-x86_64 1.5.3 4.72 44.89 49.61 OK
r-release-macos-x86_64 1.5.3 OK
r-release-windows-ix86+x86_64 1.5.3 11.00 51.00 62.00 OK
r-oldrel-macos-x86_64 1.5.3 OK
r-oldrel-windows-ix86+x86_64 1.5.3 12.00 63.00 75.00 OK

Check Details

Version: 1.5.3
Check: LazyData
Result: NOTE
     'LazyData' is specified without a 'data' directory
Flavors: r-devel-linux-x86_64-debian-clang, r-devel-linux-x86_64-debian-gcc, r-devel-linux-x86_64-fedora-clang, r-devel-linux-x86_64-fedora-gcc, r-devel-windows-ix86+x86_64, r-devel-windows-x86_64-gcc10-UCRT, r-patched-linux-x86_64, r-patched-solaris-x86

Version: 1.5.3
Check: package dependencies
Result: NOTE
    Package suggested but not available for checking: ‘multipanelfigure’
Flavor: r-patched-solaris-x86