CRAN Package Check Results for Package flipr

Last updated on 2022-12-05 20:53:08 CET.

Flavor Version Tinstall Tcheck Ttotal Status Flags
r-devel-linux-x86_64-debian-clang 0.3.2 31.35 120.36 151.71 OK
r-devel-linux-x86_64-debian-gcc 0.3.2 24.25 88.06 112.31 OK
r-devel-linux-x86_64-fedora-clang 0.3.2 208.39 NOTE
r-devel-linux-x86_64-fedora-gcc 0.3.2 204.57 OK
r-devel-windows-x86_64 0.3.2 122.00 176.00 298.00 NOTE
r-patched-linux-x86_64 0.3.2 25.02 110.14 135.16 OK
r-release-linux-x86_64 0.3.2 28.65 97.57 126.22 OK
r-release-macos-arm64 0.3.2 53.00 NOTE
r-release-macos-x86_64 0.3.2 77.00 NOTE
r-release-windows-x86_64 0.3.2 62.00 158.00 220.00 NOTE
r-oldrel-macos-arm64 0.3.2 54.00 NOTE
r-oldrel-macos-x86_64 0.3.2 76.00 NOTE
r-oldrel-windows-ix86+x86_64 0.3.2 81.00 183.00 264.00 NOTE

Check Details

Version: 0.3.2
Check: installed package size
Result: NOTE
     installed size is 9.8Mb
     sub-directories of 1Mb or more:
     doc 9.0Mb
Flavors: r-devel-linux-x86_64-fedora-clang, r-devel-windows-x86_64, r-release-macos-arm64, r-release-macos-x86_64, r-release-windows-x86_64, r-oldrel-macos-arm64, r-oldrel-macos-x86_64, r-oldrel-windows-ix86+x86_64