Last updated on 2022-08-13 07:11:34 CEST.
Flavor | Version | Tinstall | Tcheck | Ttotal | Status | Flags |
---|---|---|---|---|---|---|
r-devel-linux-x86_64-debian-clang | 0.3.0 | 8.15 | 71.16 | 79.31 | NOTE | |
r-devel-linux-x86_64-debian-gcc | 0.3.0 | 6.05 | 53.32 | 59.37 | NOTE | |
r-devel-linux-x86_64-fedora-clang | 0.3.0 | 102.41 | NOTE | |||
r-devel-linux-x86_64-fedora-gcc | 0.3.0 | 100.54 | NOTE | |||
r-devel-windows-x86_64 | 0.3.0 | 72.00 | 101.00 | 173.00 | NOTE | |
r-patched-linux-x86_64 | 0.3.0 | 11.81 | 66.76 | 78.57 | NOTE | |
r-release-linux-x86_64 | 0.3.0 | 7.62 | 66.37 | 73.99 | NOTE | |
r-release-macos-arm64 | 0.3.0 | 27.00 | NOTE | |||
r-release-macos-x86_64 | 0.3.0 | 43.00 | NOTE | |||
r-release-windows-x86_64 | 0.3.0 | 64.00 | 102.00 | 166.00 | NOTE | |
r-oldrel-macos-arm64 | 0.3.0 | 35.00 | NOTE | |||
r-oldrel-macos-x86_64 | 0.3.0 | 51.00 | NOTE | |||
r-oldrel-windows-ix86+x86_64 | 0.3.0 | 16.00 | 92.00 | 108.00 | NOTE |
Version: 0.3.0
Check: LazyData
Result: NOTE
'LazyData' is specified without a 'data' directory
Flavors: r-devel-linux-x86_64-debian-clang, r-devel-linux-x86_64-debian-gcc, r-devel-linux-x86_64-fedora-clang, r-devel-linux-x86_64-fedora-gcc, r-devel-windows-x86_64, r-patched-linux-x86_64, r-release-linux-x86_64, r-release-macos-arm64, r-release-macos-x86_64, r-release-windows-x86_64, r-oldrel-macos-arm64, r-oldrel-macos-x86_64, r-oldrel-windows-ix86+x86_64