CRAN Package Check Results for Package fmriqa

Last updated on 2018-02-20 17:47:39 CET.

Flavor Version Tinstall Tcheck Ttotal Status Flags
r-devel-linux-x86_64-debian-clang 0.3.0 4.84 90.03 94.87 OK
r-devel-linux-x86_64-debian-gcc 0.3.0 4.51 71.49 76.00 OK
r-devel-linux-x86_64-fedora-clang 0.3.0 116.09 OK
r-devel-linux-x86_64-fedora-gcc 0.3.0 69.32 OK
r-devel-windows-ix86+x86_64 0.3.0 11.00 111.00 122.00 OK
r-patched-linux-x86_64 0.2.0 4.26 92.10 96.36 OK
r-patched-solaris-x86 0.3.0 165.20 OK
r-release-linux-x86_64 0.2.0 4.11 91.55 95.66 OK
r-release-windows-ix86+x86_64 0.3.0 11.00 109.00 120.00 OK
r-release-osx-x86_64 0.3.0 OK
r-oldrel-windows-ix86+x86_64 0.3.0 4.00 5.00 9.00 ERROR
r-oldrel-osx-x86_64 0.2.0 OK

Check Details

Version: 0.3.0
Check: whether package can be installed
Result: ERROR
    Installation failed.
Flavor: r-oldrel-windows-ix86+x86_64