CRAN Package Check Results for Package fmrs

Last updated on 2018-11-13 02:48:36 CET.

Flavor Version Tinstall Tcheck Ttotal Status Flags
r-devel-linux-x86_64-debian-clang 1.0-9 8.50 31.77 40.27 OK
r-devel-linux-x86_64-debian-gcc 1.0-9 6.39 25.00 31.39 OK
r-devel-linux-x86_64-fedora-clang 1.0-9 47.53 NOTE
r-devel-linux-x86_64-fedora-gcc 1.0-9 45.66 NOTE
r-devel-windows-ix86+x86_64 1.0-9 14.00 76.00 90.00 OK
r-patched-linux-x86_64 1.0-9 8.24 28.58 36.82 OK
r-patched-solaris-x86 1.0-9 84.20 NOTE
r-release-linux-x86_64 1.0-9 7.32 29.30 36.62 OK
r-release-windows-ix86+x86_64 1.0-9 21.00 55.00 76.00 OK
r-release-osx-x86_64 1.0-9 NOTE
r-oldrel-windows-ix86+x86_64 1.0-9 20.00 58.00 78.00 OK
r-oldrel-osx-x86_64 1.0-9 NOTE

Additional issues

clang-UBSAN gcc-UBSAN valgrind

Check Details

Version: 1.0-9
Check: dependencies in R code
Result: NOTE
    Namespace in Imports field not imported from: ‘survival’
     All declared Imports should be used.
Flavors: r-devel-linux-x86_64-fedora-clang, r-devel-linux-x86_64-fedora-gcc, r-patched-solaris-x86, r-release-osx-x86_64, r-oldrel-osx-x86_64

Version: 1.0-9
Check: compiled code
Result: NOTE
    File ‘fmrs/libs/fmrs.so’:
     Found no calls to: ‘R_registerRoutines’, ‘R_useDynamicSymbols’
    
    It is good practice to register native routines and to disable symbol
    search.
    
    See ‘Writing portable packages’ in the ‘Writing R Extensions’ manual.
Flavors: r-devel-linux-x86_64-fedora-clang, r-devel-linux-x86_64-fedora-gcc