CRAN Package Check Results for Package fmrs

Last updated on 2019-02-18 06:46:56 CET.

Flavor Version Tinstall Tcheck Ttotal Status Flags
r-devel-linux-x86_64-debian-clang 1.0-9 7.31 31.49 38.80 OK
r-devel-linux-x86_64-debian-gcc 1.0-9 5.71 25.08 30.79 OK
r-devel-linux-x86_64-fedora-clang 1.0-9 50.17 NOTE
r-devel-linux-x86_64-fedora-gcc 1.0-9 45.72 NOTE
r-devel-windows-ix86+x86_64 1.0-9 21.00 61.00 82.00 OK
r-patched-linux-x86_64 1.0-9 7.21 29.48 36.69 OK
r-patched-solaris-x86 1.0-9 78.90 NOTE
r-release-linux-x86_64 1.0-9 OK
r-release-windows-ix86+x86_64 1.0-9 12.00 54.00 66.00 OK
r-release-osx-x86_64 1.0-9 NOTE
r-oldrel-windows-ix86+x86_64 1.0-9 18.00 68.00 86.00 OK
r-oldrel-osx-x86_64 1.0-9 NOTE

Additional issues

clang-UBSAN gcc-UBSAN valgrind

Check Details

Version: 1.0-9
Check: dependencies in R code
Result: NOTE
    Namespace in Imports field not imported from: ‘survival’
     All declared Imports should be used.
Flavors: r-devel-linux-x86_64-fedora-clang, r-devel-linux-x86_64-fedora-gcc, r-patched-solaris-x86, r-release-osx-x86_64, r-oldrel-osx-x86_64

Version: 1.0-9
Check: compiled code
Result: NOTE
    File ‘fmrs/libs/fmrs.so’:
     Found no calls to: ‘R_registerRoutines’, ‘R_useDynamicSymbols’
    
    It is good practice to register native routines and to disable symbol
    search.
    
    See ‘Writing portable packages’ in the ‘Writing R Extensions’ manual.
Flavors: r-devel-linux-x86_64-fedora-clang, r-devel-linux-x86_64-fedora-gcc