CRAN Package Check Results for Package fmrs

Last updated on 2018-08-20 11:48:40 CEST.

Flavor Version Tinstall Tcheck Ttotal Status Flags
r-devel-linux-x86_64-debian-clang 1.0-9 6.01 31.30 37.31 NOTE
r-devel-linux-x86_64-debian-gcc 1.0-9 5.13 25.48 30.61 NOTE
r-devel-linux-x86_64-fedora-clang 1.0-9 47.60 NOTE
r-devel-linux-x86_64-fedora-gcc 1.0-9 45.27 NOTE
r-devel-windows-ix86+x86_64 1.0-9 21.00 69.00 90.00 OK
r-patched-linux-x86_64 1.0-9 7.86 29.14 37.00 NOTE
r-patched-solaris-x86 1.0-9 82.10 NOTE
r-release-linux-x86_64 1.0-9 7.50 29.30 36.80 NOTE
r-release-windows-ix86+x86_64 1.0-9 19.00 71.00 90.00 OK
r-release-osx-x86_64 1.0-9 NOTE
r-oldrel-windows-ix86+x86_64 1.0-9 16.00 74.00 90.00 OK
r-oldrel-osx-x86_64 1.0-9 NOTE

Additional issues

clang-UBSAN gcc-UBSAN valgrind

Check Details

Version: 1.0-9
Check: compiled code
Result: NOTE
    File ‘fmrs/libs/fmrs.so’:
     Found no calls to: ‘R_registerRoutines’, ‘R_useDynamicSymbols’
    
    It is good practice to register native routines and to disable symbol
    search.
    
    See ‘Writing portable packages’ in the ‘Writing R Extensions’ manual.
Flavors: r-devel-linux-x86_64-debian-clang, r-devel-linux-x86_64-debian-gcc, r-devel-linux-x86_64-fedora-clang, r-devel-linux-x86_64-fedora-gcc, r-patched-linux-x86_64, r-release-linux-x86_64

Version: 1.0-9
Check: dependencies in R code
Result: NOTE
    Namespace in Imports field not imported from: ‘survival’
     All declared Imports should be used.
Flavors: r-devel-linux-x86_64-fedora-clang, r-devel-linux-x86_64-fedora-gcc, r-patched-solaris-x86, r-release-osx-x86_64, r-oldrel-osx-x86_64