CRAN Package Check Results for Package fmrs

Last updated on 2018-05-26 10:49:17 CEST.

Flavor Version Tinstall Tcheck Ttotal Status Flags
r-devel-linux-x86_64-debian-clang 1.0-9 7.36 30.24 37.60 NOTE
r-devel-linux-x86_64-debian-gcc 1.0-9 7.13 23.76 30.89 NOTE
r-devel-linux-x86_64-fedora-clang 1.0-9 47.93 NOTE
r-devel-linux-x86_64-fedora-gcc 1.0-9 47.28 NOTE
r-devel-windows-ix86+x86_64 1.0-9 13.00 76.00 89.00 OK
r-patched-linux-x86_64 1.0-9 7.00 29.04 36.04 NOTE
r-patched-solaris-x86 1.0-9 81.40 NOTE
r-release-linux-x86_64 1.0-9 6.75 29.47 36.22 NOTE
r-release-windows-ix86+x86_64 1.0-9 20.00 55.00 75.00 OK
r-release-osx-x86_64 1.0-9 NOTE
r-oldrel-windows-ix86+x86_64 1.0-9 17.00 55.00 72.00 OK
r-oldrel-osx-x86_64 1.0-9 NOTE

Additional issues

clang-UBSAN gcc-UBSAN valgrind

Check Details

Version: 1.0-9
Check: compiled code
Result: NOTE
    File ‘fmrs/libs/fmrs.so’:
     Found no calls to: ‘R_registerRoutines’, ‘R_useDynamicSymbols’
    
    It is good practice to register native routines and to disable symbol
    search.
    
    See ‘Writing portable packages’ in the ‘Writing R Extensions’ manual.
Flavors: r-devel-linux-x86_64-debian-clang, r-devel-linux-x86_64-debian-gcc, r-devel-linux-x86_64-fedora-clang, r-devel-linux-x86_64-fedora-gcc, r-patched-linux-x86_64, r-release-linux-x86_64

Version: 1.0-9
Check: dependencies in R code
Result: NOTE
    Namespace in Imports field not imported from: ‘survival’
     All declared Imports should be used.
Flavors: r-devel-linux-x86_64-fedora-clang, r-devel-linux-x86_64-fedora-gcc, r-patched-solaris-x86, r-release-osx-x86_64, r-oldrel-osx-x86_64