CRAN Package Check Results for Package foghorn

Last updated on 2018-11-17 12:51:22 CET.

Flavor Version Tinstall Tcheck Ttotal Status Flags
r-devel-linux-x86_64-debian-clang 1.0.2 2.98 36.74 39.72 OK
r-devel-linux-x86_64-debian-gcc 1.0.2 2.07 30.28 32.35 OK
r-devel-linux-x86_64-fedora-clang 1.0.2 48.88 OK
r-devel-linux-x86_64-fedora-gcc 1.0.2 43.23 OK
r-devel-windows-ix86+x86_64 1.0.2 7.00 72.00 79.00 OK
r-patched-linux-x86_64 1.0.2 2.55 35.12 37.67 OK
r-patched-solaris-x86 1.0.2 72.60 OK
r-release-linux-x86_64 1.0.2 2.08 35.13 37.21 OK
r-release-windows-ix86+x86_64 1.0.2 6.00 64.00 70.00 ERROR
r-release-osx-x86_64 1.0.2 OK
r-oldrel-windows-ix86+x86_64 1.0.2 7.00 54.00 61.00 OK
r-oldrel-osx-x86_64 1.0.2 OK

Check Details

Version: 1.0.2
Check: tests
Result: ERROR
     Running 'testthat.R' [32s]
    Running the tests in 'tests/testthat.R' failed.
    Complete output:
     > library(testthat)
     > library(foghorn)
     >
     > test_check("foghorn")
     -- 1. Error: check output for MASS (@test-foghorn.R#332) ----------------------
     Invalid package name(s): 'MASS'.
     1: cran_results(pkg = "MASS") at testthat/test-foghorn.R:332
     2: cran_results_web(email, pkg, ...)
     3: read_cran_web_from_pkg(pkg, ...)
     4: stop("Invalid package name(s): ", paste(sQuote(pkg[bad]), collapse = ", "), ".",
     call. = FALSE)
    
     == testthat results ===========================================================
     OK: 11 SKIPPED: 18 FAILED: 1
     1. Error: check output for MASS (@test-foghorn.R#332)
    
     Error: testthat unit tests failed
     Execution halted
Flavor: r-release-windows-ix86+x86_64

Version: 1.0.2
Check: re-building of vignette outputs
Result: WARN
    Error in re-building vignettes:
     ...
    Quitting from lines 23-25 (quick_start.Rmd)
    Error: processing vignette 'quick_start.Rmd' failed with diagnostics:
    Invalid email address(es): 'francois.michonneau@gmail.com'.
    Execution halted
Flavor: r-release-windows-ix86+x86_64