Last updated on 2022-05-20 01:51:05 CEST.
Flavor | Version | Tinstall | Tcheck | Ttotal | Status | Flags |
---|---|---|---|---|---|---|
r-devel-linux-x86_64-debian-clang | 0.7-6 | 184.35 | 585.01 | 769.36 | OK | |
r-devel-linux-x86_64-debian-gcc | 0.7-6 | 156.85 | 433.46 | 590.31 | OK | |
r-devel-linux-x86_64-fedora-clang | 0.7-6 | 961.05 | NOTE | |||
r-devel-linux-x86_64-fedora-gcc | 0.7-6 | 947.41 | OK | |||
r-devel-windows-x86_64 | 0.7-6 | 144.00 | 588.00 | 732.00 | NOTE | |
r-patched-linux-x86_64 | 0.7-6 | 141.24 | 559.36 | 700.60 | OK | |
r-release-linux-x86_64 | 0.7-6 | 112.16 | 554.92 | 667.08 | OK | |
r-release-macos-arm64 | 0.7-6 | 219.00 | NOTE | |||
r-release-macos-x86_64 | 0.7-6 | 377.00 | NOTE | |||
r-release-windows-x86_64 | 0.7-6 | 143.00 | 608.00 | 751.00 | NOTE | |
r-oldrel-macos-arm64 | 0.7-6 | 247.00 | NOTE | |||
r-oldrel-macos-x86_64 | 0.7-6 | 295.00 | NOTE | |||
r-oldrel-windows-ix86+x86_64 | 0.7-6 | 319.00 | 947.00 | 1266.00 | NOTE |
Version: 0.7-6
Check: installed package size
Result: NOTE
installed size is 32.0Mb
sub-directories of 1Mb or more:
libs 31.0Mb
Flavors: r-devel-linux-x86_64-fedora-clang, r-devel-windows-x86_64, r-release-macos-arm64, r-release-macos-x86_64, r-release-windows-x86_64, r-oldrel-macos-arm64, r-oldrel-macos-x86_64, r-oldrel-windows-ix86+x86_64