Last updated on 2023-06-10 21:54:09 CEST.
Flavor | Version | Tinstall | Tcheck | Ttotal | Status | Flags |
---|---|---|---|---|---|---|
r-devel-linux-x86_64-debian-clang | 0.1.1 | 1.29 | 9.30 | 10.59 | NOTE | |
r-devel-linux-x86_64-debian-gcc | 0.1.1 | 1.09 | 7.54 | 8.63 | NOTE | |
r-devel-linux-x86_64-fedora-clang | 0.1.1 | 14.17 | NOTE | |||
r-devel-linux-x86_64-fedora-gcc | 0.1.1 | 13.73 | NOTE | |||
r-devel-windows-x86_64 | 0.1.1 | 2.00 | 19.00 | 21.00 | NOTE | |
r-patched-linux-x86_64 | 0.1.1 | 1.37 | 9.40 | 10.77 | NOTE | |
r-release-linux-x86_64 | 0.1.1 | 1.42 | 9.40 | 10.82 | NOTE | |
r-release-macos-arm64 | 0.1.1 | 10.00 | NOTE | |||
r-release-macos-x86_64 | 0.1.1 | 13.00 | NOTE | |||
r-release-windows-x86_64 | 0.1.1 | 4.00 | 21.00 | 25.00 | NOTE | |
r-oldrel-macos-arm64 | 0.1.1 | 10.00 | NOTE | |||
r-oldrel-macos-x86_64 | 0.1.1 | 12.00 | NOTE | |||
r-oldrel-windows-x86_64 | 0.1.1 | 5.00 | 24.00 | 29.00 | NOTE |
Version: 0.1.1
Check: LazyData
Result: NOTE
'LazyData' is specified without a 'data' directory
Flavors: r-devel-linux-x86_64-debian-clang, r-devel-linux-x86_64-debian-gcc, r-devel-linux-x86_64-fedora-clang, r-devel-linux-x86_64-fedora-gcc, r-devel-windows-x86_64, r-patched-linux-x86_64, r-release-linux-x86_64, r-release-macos-arm64, r-release-macos-x86_64, r-release-windows-x86_64, r-oldrel-macos-arm64, r-oldrel-macos-x86_64, r-oldrel-windows-x86_64