CRAN Package Check Results for Package fontHind

Last updated on 2018-02-26 03:48:53 CET.

Flavor Version Tinstall Tcheck Ttotal Status Flags
r-devel-linux-x86_64-debian-clang 0.1.1 1.34 23.88 25.22 OK
r-devel-linux-x86_64-debian-gcc 0.1.1 1.50 22.07 23.57 OK
r-devel-linux-x86_64-fedora-clang 0.1.1 35.46 NOTE
r-devel-linux-x86_64-fedora-gcc 0.1.1 33.63 NOTE
r-devel-windows-ix86+x86_64 0.1.1 6.00 66.00 72.00 OK
r-patched-linux-x86_64 0.1.1 2.01 29.83 31.84 OK
r-patched-solaris-x86 0.1.1 53.20 NOTE
r-release-linux-x86_64 0.1.1 1.81 29.36 31.17 OK
r-release-windows-ix86+x86_64 0.1.1 7.00 63.00 70.00 OK
r-release-osx-x86_64 0.1.1 WARN
r-oldrel-windows-ix86+x86_64 0.1.1 4.00 41.00 45.00 OK
r-oldrel-osx-x86_64 0.1.1 WARN

Check Details

Version: 0.1.1
Check: dependencies in R code
Result: NOTE
    Namespace in Imports field not imported from: ‘ggplot2’
     All declared Imports should be used.
Flavors: r-devel-linux-x86_64-fedora-clang, r-devel-linux-x86_64-fedora-gcc, r-patched-solaris-x86, r-release-osx-x86_64, r-oldrel-osx-x86_64

Version: 0.1.1
Check: re-building of vignette outputs
Result: WARN
    Error in re-building vignettes:
     ...
    Warning in engine$weave(file, quiet = quiet, encoding = enc) :
     Pandoc (>= 1.12.3) and/or pandoc-citeproc not available. Falling back to R Markdown v1.
    Quitting from lines 38-49 (Using_fontHind.Rmd)
    Error: processing vignette 'Using_fontHind.Rmd' failed with diagnostics:
    polygon edge not found
    Execution halted
Flavors: r-release-osx-x86_64, r-oldrel-osx-x86_64