CRAN Package Check Results for Package fontHind

Last updated on 2018-10-16 23:49:59 CEST.

Flavor Version Tinstall Tcheck Ttotal Status Flags
r-devel-linux-x86_64-debian-clang 0.1.1 2.68 36.66 39.34 OK
r-devel-linux-x86_64-debian-gcc 0.1.1 1.88 29.62 31.50 OK
r-devel-linux-x86_64-fedora-clang 0.1.1 46.10 NOTE
r-devel-linux-x86_64-fedora-gcc 0.1.1 43.12 NOTE
r-devel-windows-ix86+x86_64 0.1.1 10.00 86.00 96.00 OK
r-patched-linux-x86_64 0.1.1 2.11 31.10 33.21 OK
r-patched-solaris-x86 0.1.1 65.80 NOTE
r-release-linux-x86_64 0.1.1 1.95 31.43 33.38 OK
r-release-windows-ix86+x86_64 0.1.1 11.00 74.00 85.00 OK
r-release-osx-x86_64 0.1.1 WARN
r-oldrel-windows-ix86+x86_64 0.1.1 9.00 75.00 84.00 OK
r-oldrel-osx-x86_64 0.1.1 WARN

Check Details

Version: 0.1.1
Check: dependencies in R code
Result: NOTE
    Namespace in Imports field not imported from: ‘ggplot2’
     All declared Imports should be used.
Flavors: r-devel-linux-x86_64-fedora-clang, r-devel-linux-x86_64-fedora-gcc, r-patched-solaris-x86, r-release-osx-x86_64, r-oldrel-osx-x86_64

Version: 0.1.1
Check: re-building of vignette outputs
Result: WARN
    Error in re-building vignettes:
     ...
    Warning in engine$weave(file, quiet = quiet, encoding = enc) :
     Pandoc (>= 1.12.3) and/or pandoc-citeproc not available. Falling back to R Markdown v1.
    Quitting from lines 38-49 (Using_fontHind.Rmd)
    Error: processing vignette 'Using_fontHind.Rmd' failed with diagnostics:
    polygon edge not found
    Execution halted
Flavors: r-release-osx-x86_64, r-oldrel-osx-x86_64