CRAN Package Check Results for Package fontHind

Last updated on 2018-05-26 04:50:54 CEST.

Flavor Version Tinstall Tcheck Ttotal Status Flags
r-devel-linux-x86_64-debian-clang 0.1.1 2.27 31.01 33.28 OK
r-devel-linux-x86_64-debian-gcc 0.1.1 1.84 24.72 26.56 OK
r-devel-linux-x86_64-fedora-clang 0.1.1 42.76 NOTE
r-devel-linux-x86_64-fedora-gcc 0.1.1 41.34 NOTE
r-devel-windows-ix86+x86_64 0.1.1 6.00 54.00 60.00 OK
r-patched-linux-x86_64 0.1.1 1.44 28.43 29.87 OK
r-patched-solaris-x86 0.1.1 59.00 NOTE
r-release-linux-x86_64 0.1.1 1.89 28.13 30.02 OK
r-release-windows-ix86+x86_64 0.1.1 6.00 65.00 71.00 OK
r-release-osx-x86_64 0.1.1 WARN
r-oldrel-windows-ix86+x86_64 0.1.1 11.00 44.00 55.00 OK
r-oldrel-osx-x86_64 0.1.1 WARN

Check Details

Version: 0.1.1
Check: dependencies in R code
Result: NOTE
    Namespace in Imports field not imported from: ‘ggplot2’
     All declared Imports should be used.
Flavors: r-devel-linux-x86_64-fedora-clang, r-devel-linux-x86_64-fedora-gcc, r-patched-solaris-x86, r-release-osx-x86_64, r-oldrel-osx-x86_64

Version: 0.1.1
Check: re-building of vignette outputs
Result: WARN
    Error in re-building vignettes:
     ...
    Warning in engine$weave(file, quiet = quiet, encoding = enc) :
     Pandoc (>= 1.12.3) and/or pandoc-citeproc not available. Falling back to R Markdown v1.
    Quitting from lines 38-49 (Using_fontHind.Rmd)
    Error: processing vignette 'Using_fontHind.Rmd' failed with diagnostics:
    polygon edge not found
    Execution halted
Flavors: r-release-osx-x86_64, r-oldrel-osx-x86_64