CRAN Package Check Results for Package fontMPlus

Last updated on 2018-08-20 07:47:39 CEST.

Flavor Version Tinstall Tcheck Ttotal Status Flags
r-devel-linux-x86_64-debian-clang 0.1.1 2.70 41.04 43.74 OK
r-devel-linux-x86_64-debian-gcc 0.1.1 1.88 32.61 34.49 OK
r-devel-linux-x86_64-fedora-clang 0.1.1 54.85 NOTE
r-devel-linux-x86_64-fedora-gcc 0.1.1 49.84 NOTE
r-devel-windows-ix86+x86_64 0.1.1 10.00 86.00 96.00 OK
r-patched-linux-x86_64 0.1.1 2.22 36.76 38.98 OK
r-patched-solaris-x86 0.1.1 75.20 NOTE
r-release-linux-x86_64 0.1.1 2.31 35.99 38.30 OK
r-release-windows-ix86+x86_64 0.1.1 12.00 72.00 84.00 OK
r-release-osx-x86_64 0.1.1 WARN
r-oldrel-windows-ix86+x86_64 0.1.1 8.00 79.00 87.00 OK
r-oldrel-osx-x86_64 0.1.1 WARN

Check Details

Version: 0.1.1
Check: dependencies in R code
Result: NOTE
    Namespace in Imports field not imported from: ‘ggplot2’
     All declared Imports should be used.
Flavors: r-devel-linux-x86_64-fedora-clang, r-devel-linux-x86_64-fedora-gcc, r-patched-solaris-x86, r-release-osx-x86_64, r-oldrel-osx-x86_64

Version: 0.1.1
Check: re-building of vignette outputs
Result: WARN
    Error in re-building vignettes:
     ...
    Warning in engine$weave(file, quiet = quiet, encoding = enc) :
     Pandoc (>= 1.12.3) and/or pandoc-citeproc not available. Falling back to R Markdown v1.
    Quitting from lines 56-67 (Using_fontMPlus.Rmd)
    Error: processing vignette 'Using_fontMPlus.Rmd' failed with diagnostics:
    polygon edge not found
    Execution halted
Flavors: r-release-osx-x86_64, r-oldrel-osx-x86_64