Last updated on 2021-04-14 11:52:14 CEST.
Flavor | Version | Tinstall | Tcheck | Ttotal | Status | Flags |
---|---|---|---|---|---|---|
r-devel-linux-x86_64-debian-clang | 1.5.1 | 2.91 | 54.14 | 57.05 | OK | |
r-devel-linux-x86_64-debian-gcc | 1.5.1 | 2.37 | 40.96 | 43.33 | OK | |
r-devel-linux-x86_64-fedora-clang | 1.5.1 | 77.58 | OK | |||
r-devel-linux-x86_64-fedora-gcc | 1.5.1 | 66.83 | OK | |||
r-devel-windows-ix86+x86_64 | 1.5.1 | 7.00 | 153.00 | 160.00 | NOTE | |
r-devel-windows-x86_64-gcc10-UCRT | 1.5.1 | NOTE | ||||
r-patched-linux-x86_64 | 1.5.1 | 2.92 | 52.05 | 54.97 | OK | |
r-patched-solaris-x86 | 1.5.1 | 103.10 | OK | |||
r-release-linux-x86_64 | 1.5.1 | 3.02 | 51.66 | 54.68 | OK | |
r-release-macos-x86_64 | 1.5.1 | OK | ||||
r-release-windows-ix86+x86_64 | 1.5.1 | 5.00 | 154.00 | 159.00 | NOTE | |
r-oldrel-macos-x86_64 | 1.5.1 | OK | ||||
r-oldrel-windows-ix86+x86_64 | 1.5.1 | 5.00 | 137.00 | 142.00 | NOTE |
Version: 1.5.1
Check: package dependencies
Result: NOTE
Package suggested but not available for checking: 'doMC'
Flavors: r-devel-windows-ix86+x86_64, r-devel-windows-x86_64-gcc10-UCRT, r-release-windows-ix86+x86_64, r-oldrel-windows-ix86+x86_64