CRAN Package Check Results for Package foreach

Last updated on 2019-02-15 20:46:49 CET.

Flavor Version Tinstall Tcheck Ttotal Status Flags
r-devel-linux-x86_64-debian-clang 1.4.4 2.08 30.56 32.64 OK
r-devel-linux-x86_64-debian-gcc 1.4.4 1.58 24.30 25.88 OK
r-devel-linux-x86_64-fedora-clang 1.4.4 40.30 OK
r-devel-linux-x86_64-fedora-gcc 1.4.4 39.21 OK
r-devel-windows-ix86+x86_64 1.4.4 12.00 124.00 136.00 NOTE
r-patched-linux-x86_64 1.4.4 1.64 27.80 29.44 OK
r-patched-solaris-x86 1.4.4 52.80 OK
r-release-linux-x86_64 1.4.4 1.27 28.15 29.42 OK
r-release-windows-ix86+x86_64 1.4.4 4.00 127.00 131.00 NOTE
r-release-osx-x86_64 1.4.4 OK
r-oldrel-windows-ix86+x86_64 1.4.4 5.00 126.00 131.00 NOTE
r-oldrel-osx-x86_64 1.4.4 OK

Check Details

Version: 1.4.4
Check: package dependencies
Result: NOTE
    Package which this enhances but not available for checking: 'doMC'
Flavors: r-devel-windows-ix86+x86_64, r-release-windows-ix86+x86_64, r-oldrel-windows-ix86+x86_64