CRAN Package Check Results for Package foreach

Last updated on 2019-08-17 18:46:11 CEST.

Flavor Version Tinstall Tcheck Ttotal Status Flags
r-devel-linux-x86_64-debian-clang 1.4.7 2.15 39.38 41.53 OK
r-devel-linux-x86_64-debian-gcc 1.4.7 2.11 31.15 33.26 OK
r-devel-linux-x86_64-fedora-clang 1.4.7 50.12 OK
r-devel-linux-x86_64-fedora-gcc 1.4.7 48.97 OK
r-devel-windows-ix86+x86_64 1.4.7 7.00 142.00 149.00 NOTE
r-patched-linux-x86_64 1.4.7 2.07 38.80 40.87 OK
r-patched-solaris-x86 1.4.7 64.50 OK
r-release-linux-x86_64 1.4.7 2.38 38.62 41.00 OK
r-release-windows-ix86+x86_64 1.4.7 12.00 130.00 142.00 NOTE
r-release-osx-x86_64 1.4.7 OK
r-oldrel-windows-ix86+x86_64 1.4.7 6.00 129.00 135.00 NOTE
r-oldrel-osx-x86_64 1.4.7 OK

Check Details

Version: 1.4.7
Check: package dependencies
Result: NOTE
    Package which this enhances but not available for checking: 'doMC'
Flavors: r-devel-windows-ix86+x86_64, r-release-windows-ix86+x86_64, r-oldrel-windows-ix86+x86_64