CRAN Package Check Results for Package foreach

Last updated on 2018-05-22 15:48:36 CEST.

Flavor Version Tinstall Tcheck Ttotal Status Flags
r-devel-linux-x86_64-debian-clang 1.4.4 1.47 28.30 29.77 OK
r-devel-linux-x86_64-debian-gcc 1.4.4 1.07 22.64 23.71 OK
r-devel-linux-x86_64-fedora-clang 1.4.4 37.37 OK
r-devel-linux-x86_64-fedora-gcc 1.4.4 38.80 OK
r-devel-windows-ix86+x86_64 1.4.4 7.00 133.00 140.00 NOTE
r-patched-linux-x86_64 1.4.4 1.49 27.46 28.95 OK
r-patched-solaris-x86 1.4.4 53.50 OK
r-release-linux-x86_64 1.4.4 1.35 27.08 28.43 OK
r-release-windows-ix86+x86_64 1.4.4 7.00 132.00 139.00 NOTE
r-release-osx-x86_64 1.4.4 OK
r-oldrel-windows-ix86+x86_64 1.4.4 7.00 119.00 126.00 NOTE
r-oldrel-osx-x86_64 1.4.4 OK

Check Details

Version: 1.4.4
Check: package dependencies
Result: NOTE
    Package which this enhances but not available for checking: 'doMC'
Flavors: r-devel-windows-ix86+x86_64, r-release-windows-ix86+x86_64, r-oldrel-windows-ix86+x86_64