CRAN Package Check Results for Package foreach

Last updated on 2018-08-22 04:49:05 CEST.

Flavor Version Tinstall Tcheck Ttotal Status Flags
r-devel-linux-x86_64-debian-clang 1.4.4 1.81 29.75 31.56 OK
r-devel-linux-x86_64-debian-gcc 1.4.4 1.03 23.79 24.82 OK
r-devel-linux-x86_64-fedora-clang 1.4.4 39.20 OK
r-devel-linux-x86_64-fedora-gcc 1.4.4 36.75 OK
r-devel-windows-ix86+x86_64 1.4.4 4.00 112.00 116.00 NOTE
r-patched-linux-x86_64 1.4.4 1.44 28.23 29.67 OK
r-patched-solaris-x86 1.4.4 53.40 OK
r-release-linux-x86_64 1.4.4 1.48 27.77 29.25 OK
r-release-windows-ix86+x86_64 1.4.4 6.00 108.00 114.00 NOTE
r-release-osx-x86_64 1.4.4 OK
r-oldrel-windows-ix86+x86_64 1.4.4 4.00 126.00 130.00 NOTE
r-oldrel-osx-x86_64 1.4.4 OK

Check Details

Version: 1.4.4
Check: package dependencies
Result: NOTE
    Package which this enhances but not available for checking: 'doMC'
Flavors: r-devel-windows-ix86+x86_64, r-release-windows-ix86+x86_64, r-oldrel-windows-ix86+x86_64