CRAN Package Check Results for Package foreach

Last updated on 2020-07-05 14:48:13 CEST.

Flavor Version Tinstall Tcheck Ttotal Status Flags
r-devel-linux-x86_64-debian-clang 1.5.0 3.00 50.65 53.65 OK
r-devel-linux-x86_64-debian-gcc 1.5.0 2.37 39.19 41.56 OK
r-devel-linux-x86_64-fedora-clang 1.5.0 71.62 OK
r-devel-linux-x86_64-fedora-gcc 1.5.0 63.44 OK
r-devel-windows-ix86+x86_64 1.5.0 10.00 170.00 180.00 NOTE
r-patched-linux-x86_64 1.5.0 3.09 50.38 53.47 OK
r-patched-solaris-x86 1.5.0 98.00 OK
r-release-linux-x86_64 1.5.0 3.04 51.61 54.65 OK
r-release-osx-x86_64 1.5.0 OK
r-release-windows-ix86+x86_64 1.5.0 8.00 158.00 166.00 NOTE
r-oldrel-osx-x86_64 1.5.0 OK
r-oldrel-windows-ix86+x86_64 1.5.0 6.00 160.00 166.00 NOTE

Check Details

Version: 1.5.0
Check: package dependencies
Result: NOTE
    Package suggested but not available for checking: 'doMC'
Flavors: r-devel-windows-ix86+x86_64, r-release-windows-ix86+x86_64, r-oldrel-windows-ix86+x86_64