Last updated on 2021-04-10 16:48:25 CEST.
Flavor | Version | Tinstall | Tcheck | Ttotal | Status | Flags |
---|---|---|---|---|---|---|
r-devel-linux-x86_64-debian-clang | 2.2 | 7.48 | 73.20 | 80.68 | NOTE | |
r-devel-linux-x86_64-debian-gcc | 2.2 | 6.07 | 52.84 | 58.91 | NOTE | |
r-devel-linux-x86_64-fedora-clang | 2.2 | 101.88 | NOTE | |||
r-devel-linux-x86_64-fedora-gcc | 2.2 | 89.10 | NOTE | |||
r-devel-windows-ix86+x86_64 | 2.2 | 12.00 | 71.00 | 83.00 | NOTE | |
r-devel-windows-x86_64-gcc10-UCRT | 2.2 | NOTE | ||||
r-patched-linux-x86_64 | 2.2 | 6.02 | 67.34 | 73.36 | NOTE | |
r-patched-solaris-x86 | 2.2 | 132.20 | NOTE | |||
r-release-linux-x86_64 | 2.2 | 7.35 | 66.61 | 73.96 | NOTE | |
r-release-macos-x86_64 | 2.2 | NOTE | ||||
r-release-windows-ix86+x86_64 | 2.2 | 22.00 | 87.00 | 109.00 | NOTE | |
r-oldrel-macos-x86_64 | 2.2 | NOTE | ||||
r-oldrel-windows-ix86+x86_64 | 2.2 | 15.00 | 89.00 | 104.00 | NOTE |
Version: 2.2
Check: DESCRIPTION meta-information
Result: NOTE
BugReports field is not a suitable URL but contains an email address:
use the Contact field instead
Flavors: r-devel-linux-x86_64-debian-clang, r-devel-linux-x86_64-debian-gcc, r-devel-linux-x86_64-fedora-clang, r-devel-linux-x86_64-fedora-gcc, r-devel-windows-ix86+x86_64, r-devel-windows-x86_64-gcc10-UCRT, r-patched-linux-x86_64, r-patched-solaris-x86, r-release-linux-x86_64, r-release-macos-x86_64, r-release-windows-ix86+x86_64, r-oldrel-windows-ix86+x86_64
Version: 2.2
Check: DESCRIPTION meta-information
Result: NOTE
BugReports field is not a suitable URL but contains an email address
which will be used as from R 3.4.0
Flavor: r-oldrel-macos-x86_64