CRAN Package Check Results for Package forecast

Last updated on 2018-02-21 18:47:57 CET.

Flavor Version Tinstall Tcheck Ttotal Status Flags
r-devel-linux-x86_64-debian-clang 8.2 80.29 279.94 360.23 OK
r-devel-linux-x86_64-debian-gcc 8.2 73.79 206.05 279.84 OK
r-devel-linux-x86_64-fedora-clang 8.2 458.08 OK
r-devel-linux-x86_64-fedora-gcc 8.2 442.53 NOTE
r-devel-windows-ix86+x86_64 8.2 145.00 494.00 639.00 OK
r-patched-linux-x86_64 8.2 88.60 304.87 393.47 OK
r-patched-solaris-x86 8.2 491.70 OK
r-release-linux-x86_64 8.2 86.25 306.13 392.38 OK
r-release-windows-ix86+x86_64 8.2 214.00 676.00 890.00 OK
r-release-osx-x86_64 8.2 OK
r-oldrel-windows-ix86+x86_64 8.2 170.00 542.00 712.00 OK
r-oldrel-osx-x86_64 8.2 OK

Check Details

Version: 8.2
Check: installed package size
Result: NOTE
     installed size is 6.2Mb
     sub-directories of 1Mb or more:
     libs 4.5Mb
Flavor: r-devel-linux-x86_64-fedora-gcc