CRAN Package Check Results for Package forecast

Last updated on 2018-08-19 06:46:42 CEST.

Flavor Version Tinstall Tcheck Ttotal Status Flags
r-devel-linux-x86_64-debian-clang 8.4 93.51 311.68 405.19 OK
r-devel-linux-x86_64-debian-gcc 8.4 86.54 236.82 323.36 OK
r-devel-linux-x86_64-fedora-clang 8.4 508.02 OK
r-devel-linux-x86_64-fedora-gcc 8.4 515.56 OK
r-devel-windows-ix86+x86_64 8.4 222.00 715.00 937.00 WARN
r-patched-linux-x86_64 8.4 114.92 308.85 423.77 OK
r-patched-solaris-x86 8.4 594.00 OK
r-release-linux-x86_64 8.4 109.46 306.20 415.66 OK
r-release-windows-ix86+x86_64 8.4 267.00 748.00 1015.00 WARN
r-release-osx-x86_64 8.4 OK
r-oldrel-windows-ix86+x86_64 8.4 208.00 594.00 802.00 WARN
r-oldrel-osx-x86_64 8.4 OK

Additional issues

noLD

Check Details

Version: 8.4
Check: re-building of vignette outputs
Result: WARN
    Error in re-building vignettes:
     ...
    Error: processing vignette 'JSS2008.Rmd' failed with diagnostics:
    pandoc version 2.2 or higher is required and was not found (see the help page ?rmarkdown::pandoc_available).
    Execution halted
Flavors: r-devel-windows-ix86+x86_64, r-release-windows-ix86+x86_64, r-oldrel-windows-ix86+x86_64