Last updated on 2023-12-07 04:56:23 CET.
Flavor | Version | Tinstall | Tcheck | Ttotal | Status | Flags |
---|---|---|---|---|---|---|
r-devel-linux-x86_64-debian-clang | 8.21.1 | 136.66 | 413.75 | 550.41 | OK | |
r-devel-linux-x86_64-debian-gcc | 8.21.1 | 99.72 | 298.02 | 397.74 | OK | |
r-devel-linux-x86_64-fedora-clang | 8.21.1 | 760.26 | OK | |||
r-devel-linux-x86_64-fedora-gcc | 8.21.1 | 755.82 | OK | |||
r-devel-windows-x86_64 | 8.21.1 | 112.00 | 350.00 | 462.00 | OK | |
r-patched-linux-x86_64 | 8.21.1 | 132.00 | 395.30 | 527.30 | OK | |
r-release-linux-x86_64 | 8.21.1 | 113.17 | 396.60 | 509.77 | OK | |
r-release-macos-arm64 | 8.21.1 | 162.00 | NOTE | |||
r-release-macos-x86_64 | 8.21.1 | 345.00 | NOTE | |||
r-release-windows-x86_64 | 8.21.1 | 147.00 | 416.00 | 563.00 | OK | |
r-oldrel-macos-arm64 | 8.21.1 | 136.00 | NOTE | |||
r-oldrel-macos-x86_64 | 8.21.1 | 209.00 | OK | |||
r-oldrel-windows-x86_64 | 8.21.1 | 135.00 | 387.00 | 522.00 | OK |
Version: 8.21.1
Check: installed package size
Result: NOTE
installed size is 5.0Mb
sub-directories of 1Mb or more:
libs 3.4Mb
Flavors: r-release-macos-arm64, r-release-macos-x86_64, r-oldrel-macos-arm64