CRAN Package Check Results for Package forecast

Last updated on 2018-11-18 12:46:21 CET.

Flavor Version Tinstall Tcheck Ttotal Status Flags
r-devel-linux-x86_64-debian-clang 8.4 109.39 308.16 417.55 OK
r-devel-linux-x86_64-debian-gcc 8.4 91.66 232.96 324.62 OK
r-devel-linux-x86_64-fedora-clang 8.4 512.10 OK
r-devel-linux-x86_64-fedora-gcc 8.4 496.33 OK
r-devel-windows-ix86+x86_64 8.4 271.00 585.00 856.00 WARN
r-patched-linux-x86_64 8.4 108.83 308.44 417.27 OK
r-patched-solaris-x86 8.4 599.10 OK
r-release-linux-x86_64 8.4 113.95 307.91 421.86 OK
r-release-windows-ix86+x86_64 8.4 268.00 707.00 975.00 WARN
r-release-osx-x86_64 8.4 OK
r-oldrel-windows-ix86+x86_64 8.4 204.00 635.00 839.00 WARN
r-oldrel-osx-x86_64 8.4 OK

Additional issues

noLD

Check Details

Version: 8.4
Check: re-building of vignette outputs
Result: WARN
    Error in re-building vignettes:
     ...
    Error: processing vignette 'JSS2008.Rmd' failed with diagnostics:
    pandoc version 2.2 or higher is required and was not found (see the help page ?rmarkdown::pandoc_available).
    Execution halted
Flavors: r-devel-windows-ix86+x86_64, r-release-windows-ix86+x86_64, r-oldrel-windows-ix86+x86_64