Last updated on 2021-03-06 06:47:24 CET.
Flavor | Version | Tinstall | Tcheck | Ttotal | Status | Flags |
---|---|---|---|---|---|---|
r-devel-linux-x86_64-debian-clang | 8.13 | 134.60 | 379.31 | 513.91 | OK | |
r-devel-linux-x86_64-debian-gcc | 8.13 | 90.03 | 267.24 | 357.27 | OK | |
r-devel-linux-x86_64-fedora-clang | 8.13 | 429.13 | NOTE | |||
r-devel-linux-x86_64-fedora-gcc | 8.13 | 647.85 | OK | |||
r-devel-windows-ix86+x86_64 | 8.13 | 294.00 | 780.00 | 1074.00 | OK | |
r-patched-linux-x86_64 | 8.13 | OK | ||||
r-patched-solaris-x86 | 8.13 | 694.00 | OK | |||
r-release-linux-x86_64 | 8.13 | 107.28 | 355.73 | 463.01 | OK | |
r-release-macos-x86_64 | 8.13 | OK | ||||
r-release-windows-ix86+x86_64 | 8.13 | 220.00 | 616.00 | 836.00 | OK | |
r-oldrel-macos-x86_64 | 8.13 | OK | ||||
r-oldrel-windows-ix86+x86_64 | 8.13 | 194.00 | 597.00 | 791.00 | OK |
Version: 8.13
Check: installed package size
Result: NOTE
installed size is 6.1Mb
sub-directories of 1Mb or more:
libs 4.3Mb
Flavor: r-devel-linux-x86_64-fedora-clang