CRAN Package Check Results for Package forecast

Last updated on 2018-05-23 13:48:34 CEST.

Flavor Version Tinstall Tcheck Ttotal Status Flags
r-devel-linux-x86_64-debian-clang 8.3 96.52 305.52 402.04 OK
r-devel-linux-x86_64-debian-gcc 8.3 0.50 1.53 2.03 ERROR
r-devel-linux-x86_64-fedora-clang 8.3 485.44 OK
r-devel-linux-x86_64-fedora-gcc 8.3 493.12 NOTE
r-devel-windows-ix86+x86_64 8.3 208.00 697.00 905.00 OK
r-patched-linux-x86_64 8.3 99.93 296.67 396.60 OK
r-patched-solaris-x86 8.3 567.50 OK
r-release-linux-x86_64 8.3 103.29 294.59 397.88 OK
r-release-windows-ix86+x86_64 8.3 262.00 696.00 958.00 OK
r-release-osx-x86_64 8.3 OK
r-oldrel-windows-ix86+x86_64 8.3 269.00 695.00 964.00 OK
r-oldrel-osx-x86_64 8.3 OK

Additional issues

MKL OpenBLAS

Check Details

Version: 8.3
Check: package dependencies
Result: ERROR
    Package required but not available: ‘ggplot2’
    
    Package suggested but not available for checking: ‘expsmooth’
    
    See section ‘The DESCRIPTION file’ in the ‘Writing R Extensions’
    manual.
Flavor: r-devel-linux-x86_64-debian-gcc

Version: 8.3
Check: installed package size
Result: NOTE
     installed size is 6.0Mb
     sub-directories of 1Mb or more:
     libs 4.5Mb
Flavor: r-devel-linux-x86_64-fedora-gcc