CRAN Package Check Results for Package forecast

Last updated on 2019-02-16 18:46:20 CET.

Flavor Version Tinstall Tcheck Ttotal Status Flags
r-devel-linux-x86_64-debian-clang 8.5 101.05 339.31 440.36 OK
r-devel-linux-x86_64-debian-gcc 8.5 84.69 242.63 327.32 OK
r-devel-linux-x86_64-fedora-clang 8.5 557.83 OK
r-devel-linux-x86_64-fedora-gcc 8.5 538.44 OK
r-devel-windows-ix86+x86_64 8.5 277.00 761.00 1038.00 OK
r-patched-linux-x86_64 8.5 97.68 324.89 422.57 OK
r-patched-solaris-x86 8.5 615.40 OK
r-release-linux-x86_64 8.5 OK
r-release-windows-ix86+x86_64 8.5 189.00 622.00 811.00 WARN
r-release-osx-x86_64 8.5 OK
r-oldrel-windows-ix86+x86_64 8.5 294.00 792.00 1086.00 OK
r-oldrel-osx-x86_64 8.5 OK

Check Details

Version: 8.5
Check: whether package can be installed
Result: WARN
    Found the following significant warnings:
     Warning: S3 methods '[.fun_list', '[.grouped_df', 'all.equal.tbl_df', 'anti_join.data.frame', 'anti_join.tbl_df', 'arrange.data.frame', 'arrange.default', 'arrange.grouped_df', 'arrange.tbl_df', 'arrange_.data.frame', 'arrange_.tbl_df', 'as.data.frame.grouped_df', 'as.data.frame.rowwise_df', 'as.data.frame.tbl_cube', 'as.table.tbl_cube', 'as.tbl.data.frame', 'as.tbl.tbl', 'as.tbl_cube.array', 'as.tbl_cube.data.frame', 'as.tbl_cube.matrix', 'as.tbl_cube.table', 'as_tibble.grouped_df', 'as_tibble.tbl_cube', 'auto_copy.tbl_cube', 'auto_copy.tbl_df', 'cbind.grouped_df', 'collapse.data.frame', 'collect.data.frame', 'common_by.NULL', 'common_by.character', 'common_by.default', 'common_by.list', 'compute.data.frame', 'copy_to.DBIConnection', 'copy_to.src_local', 'default_missing.data.frame', 'default_missing.default', 'dim.tbl_cube', 'distinct.data.frame', 'distinct.default', 'distinct.grouped_df', 'distinct.tbl_df', 'distinct_.data.frame', 'distinct_.grouped_df', 'distinct_.tbl_df', 'do.NULL', 'do.da [... truncated]
Flavor: r-release-windows-ix86+x86_64