CRAN Package Check Results for Package forecastHybrid

Last updated on 2019-02-16 18:46:20 CET.

Flavor Version Tinstall Tcheck Ttotal Status Flags
r-devel-linux-x86_64-debian-clang 4.2.17 36.76 489.89 526.65 OK
r-devel-linux-x86_64-debian-gcc 4.2.17 28.54 344.34 372.88 OK
r-devel-linux-x86_64-fedora-clang 4.2.17 402.34 OK
r-devel-linux-x86_64-fedora-gcc 4.2.17 374.78 OK
r-devel-windows-ix86+x86_64 4.2.17 80.00 939.00 1019.00 OK
r-patched-linux-x86_64 4.2.17 35.31 460.26 495.57 OK
r-patched-solaris-x86 4.2.17 718.40 OK
r-release-linux-x86_64 4.2.17 OK
r-release-windows-ix86+x86_64 4.2.17 50.00 527.00 577.00 OK
r-release-osx-x86_64 4.2.17 OK
r-oldrel-windows-ix86+x86_64 4.2.17 55.00 497.00 552.00 WARN
r-oldrel-osx-x86_64 4.2.17 OK

Check Details

Version: 4.2.17
Check: whether package can be installed
Result: WARN
    Found the following significant warnings:
     Warning: S3 methods '[.fun_list', '[.grouped_df', 'all.equal.tbl_df', 'anti_join.data.frame', 'anti_join.tbl_df', 'arrange.data.frame', 'arrange.default', 'arrange.grouped_df', 'arrange.tbl_df', 'arrange_.data.frame', 'arrange_.tbl_df', 'as.data.frame.grouped_df', 'as.data.frame.rowwise_df', 'as.data.frame.tbl_cube', 'as.table.tbl_cube', 'as.tbl.data.frame', 'as.tbl.tbl', 'as.tbl_cube.array', 'as.tbl_cube.data.frame', 'as.tbl_cube.matrix', 'as.tbl_cube.table', 'as_tibble.grouped_df', 'as_tibble.tbl_cube', 'auto_copy.tbl_cube', 'auto_copy.tbl_df', 'cbind.grouped_df', 'collapse.data.frame', 'collect.data.frame', 'common_by.NULL', 'common_by.character', 'common_by.default', 'common_by.list', 'compute.data.frame', 'copy_to.DBIConnection', 'copy_to.src_local', 'default_missing.data.frame', 'default_missing.default', 'dim.tbl_cube', 'distinct.data.frame', 'distinct.default', 'distinct.grouped_df', 'distinct.tbl_df', 'distinct_.data.frame', 'distinct_.grouped_df', 'distinct_.tbl_df', 'do.NULL', 'do.da [... truncated]
Flavor: r-oldrel-windows-ix86+x86_64