CRAN Package Check Results for Package formattable

Last updated on 2018-05-26 00:46:35 CEST.

Flavor Version Tinstall Tcheck Ttotal Status Flags
r-devel-linux-x86_64-debian-clang 0.2.0.1 2.66 39.48 42.14 OK
r-devel-linux-x86_64-debian-gcc 0.2.0.1 2.32 31.36 33.68 OK
r-devel-linux-x86_64-fedora-clang 0.2.0.1 51.39 OK
r-devel-linux-x86_64-fedora-gcc 0.2.0.1 48.82 OK
r-devel-windows-ix86+x86_64 0.2.0.1 5.00 68.00 73.00 OK
r-patched-linux-x86_64 0.2.0.1 1.93 36.65 38.58 OK
r-patched-solaris-x86 0.2.0.1 71.90 WARN
r-release-linux-x86_64 0.2.0.1 2.52 36.75 39.27 OK
r-release-windows-ix86+x86_64 0.2.0.1 8.00 84.00 92.00 OK
r-release-osx-x86_64 0.2.0.1 WARN
r-oldrel-windows-ix86+x86_64 0.2.0.1 8.00 76.00 84.00 OK
r-oldrel-osx-x86_64 0.2.0.1 WARN

Check Details

Version: 0.2.0.1
Check: re-building of vignette outputs
Result: WARN
    Error in re-building vignettes:
     ...
    Warning in engine$weave(file, quiet = quiet, encoding = enc) :
     Pandoc (>= 1.12.3) and/or pandoc-citeproc not available. Falling back to R Markdown v1.
    Quitting from lines 168-169 (formattable-data-frame.Rmd)
    Error: processing vignette 'formattable-data-frame.Rmd' failed with diagnostics:
    there is no package called 'webshot'
    Execution halted
Flavor: r-patched-solaris-x86

Version: 0.2.0.1
Check: re-building of vignette outputs
Result: WARN
    Error in re-building vignettes:
     ...
    Warning in engine$weave(file, quiet = quiet, encoding = enc) :
     Pandoc (>= 1.12.3) and/or pandoc-citeproc not available. Falling back to R Markdown v1.
    Quitting from lines 168-169 (formattable-data-frame.Rmd)
    Error: processing vignette 'formattable-data-frame.Rmd' failed with diagnostics:
    cannot open the connection
    Execution halted
Flavors: r-release-osx-x86_64, r-oldrel-osx-x86_64