CRAN Package Check Results for Package formattable

Last updated on 2018-08-20 11:48:41 CEST.

Flavor Version Tinstall Tcheck Ttotal Status Flags
r-devel-linux-x86_64-debian-clang 0.2.0.1 2.99 39.99 42.98 OK
r-devel-linux-x86_64-debian-gcc 0.2.0.1 2.51 32.62 35.13 OK
r-devel-linux-x86_64-fedora-clang 0.2.0.1 50.88 OK
r-devel-linux-x86_64-fedora-gcc 0.2.0.1 49.33 OK
r-devel-windows-ix86+x86_64 0.2.0.1 7.00 100.00 107.00 OK
r-patched-linux-x86_64 0.2.0.1 2.56 37.33 39.89 OK
r-patched-solaris-x86 0.2.0.1 72.40 WARN
r-release-linux-x86_64 0.2.0.1 2.56 37.26 39.82 OK
r-release-windows-ix86+x86_64 0.2.0.1 8.00 81.00 89.00 OK
r-release-osx-x86_64 0.2.0.1 WARN
r-oldrel-windows-ix86+x86_64 0.2.0.1 4.00 100.00 104.00 OK
r-oldrel-osx-x86_64 0.2.0.1 WARN

Check Details

Version: 0.2.0.1
Check: re-building of vignette outputs
Result: WARN
    Error in re-building vignettes:
     ...
    Warning in engine$weave(file, quiet = quiet, encoding = enc) :
     Pandoc (>= 1.12.3) and/or pandoc-citeproc not available. Falling back to R Markdown v1.
    Quitting from lines 168-169 (formattable-data-frame.Rmd)
    Error: processing vignette 'formattable-data-frame.Rmd' failed with diagnostics:
    there is no package called 'webshot'
    Execution halted
Flavor: r-patched-solaris-x86

Version: 0.2.0.1
Check: re-building of vignette outputs
Result: WARN
    Error in re-building vignettes:
     ...
    Warning in engine$weave(file, quiet = quiet, encoding = enc) :
     Pandoc (>= 1.12.3) and/or pandoc-citeproc not available. Falling back to R Markdown v1.
    Quitting from lines 168-169 (formattable-data-frame.Rmd)
    Error: processing vignette 'formattable-data-frame.Rmd' failed with diagnostics:
    cannot open the connection
    Execution halted
Flavors: r-release-osx-x86_64, r-oldrel-osx-x86_64