CRAN Package Check Results for Package formattable

Last updated on 2018-02-21 18:47:58 CET.

Flavor Version Tinstall Tcheck Ttotal Status Flags
r-devel-linux-x86_64-debian-clang 0.2.0.1 2.77 37.73 40.50 OK
r-devel-linux-x86_64-debian-gcc 0.2.0.1 2.06 29.39 31.45 OK
r-devel-linux-x86_64-fedora-clang 0.2.0.1 46.81 OK
r-devel-linux-x86_64-fedora-gcc 0.2.0.1 46.17 OK
r-devel-windows-ix86+x86_64 0.2.0.1 4.00 62.00 66.00 OK
r-patched-linux-x86_64 0.2.0.1 2.70 42.98 45.68 OK
r-patched-solaris-x86 0.2.0.1 66.90 WARN
r-release-linux-x86_64 0.2.0.1 2.11 42.49 44.60 OK
r-release-windows-ix86+x86_64 0.2.0.1 10.00 97.00 107.00 OK
r-release-osx-x86_64 0.2.0.1 WARN
r-oldrel-windows-ix86+x86_64 0.2.0.1 5.00 58.00 63.00 OK
r-oldrel-osx-x86_64 0.2.0.1 WARN

Check Details

Version: 0.2.0.1
Check: re-building of vignette outputs
Result: WARN
    Error in re-building vignettes:
     ...
    Warning in engine$weave(file, quiet = quiet, encoding = enc) :
     Pandoc (>= 1.12.3) and/or pandoc-citeproc not available. Falling back to R Markdown v1.
    Quitting from lines 168-169 (formattable-data-frame.Rmd)
    Error: processing vignette 'formattable-data-frame.Rmd' failed with diagnostics:
    cannot open the connection
    Execution halted
Flavors: r-patched-solaris-x86, r-release-osx-x86_64

Version: 0.2.0.1
Check: re-building of vignette outputs
Result: WARN
    Error in re-building vignettes:
     ...
    Warning in (if (grepl("\\.[Rr]md$", file)) knit2html else if (grepl("\\.[Rr]rst$", :
     It seems you should call rmarkdown::render() instead of knitr::knit2html() because formattable-data-frame.Rmd appears to be an R Markdown v2 document.
    Quitting from lines 168-169 (formattable-data-frame.Rmd)
    Error: processing vignette 'formattable-data-frame.Rmd' failed with diagnostics:
    cannot open the connection
    Execution halted
Flavor: r-oldrel-osx-x86_64