CRAN Package Check Results for Package formattable

Last updated on 2018-11-18 21:47:22 CET.

Flavor Version Tinstall Tcheck Ttotal Status Flags
r-devel-linux-x86_64-debian-clang 0.2.0.1 3.13 37.71 40.84 OK
r-devel-linux-x86_64-debian-gcc 0.2.0.1 2.42 30.66 33.08 OK
r-devel-linux-x86_64-fedora-clang 0.2.0.1 47.49 OK
r-devel-linux-x86_64-fedora-gcc 0.2.0.1 46.12 OK
r-devel-windows-ix86+x86_64 0.2.0.1 13.00 63.00 76.00 OK
r-patched-linux-x86_64 0.2.0.1 2.86 36.49 39.35 OK
r-patched-solaris-x86 0.2.0.1 69.40 WARN
r-release-linux-x86_64 0.2.0.1 2.23 36.66 38.89 OK
r-release-windows-ix86+x86_64 0.2.0.1 8.00 80.00 88.00 OK
r-release-osx-x86_64 0.2.0.1 WARN
r-oldrel-windows-ix86+x86_64 0.2.0.1 8.00 76.00 84.00 OK
r-oldrel-osx-x86_64 0.2.0.1 WARN

Check Details

Version: 0.2.0.1
Check: re-building of vignette outputs
Result: WARN
    Error in re-building vignettes:
     ...
    Warning in engine$weave(file, quiet = quiet, encoding = enc) :
     Pandoc (>= 1.12.3) and/or pandoc-citeproc not available. Falling back to R Markdown v1.
    Quitting from lines 168-169 (formattable-data-frame.Rmd)
    Error: processing vignette 'formattable-data-frame.Rmd' failed with diagnostics:
    there is no package called 'webshot'
    Execution halted
Flavor: r-patched-solaris-x86

Version: 0.2.0.1
Check: re-building of vignette outputs
Result: WARN
    Error in re-building vignettes:
     ...
    Warning in engine$weave(file, quiet = quiet, encoding = enc) :
     Pandoc (>= 1.12.3) and/or pandoc-citeproc not available. Falling back to R Markdown v1.
    Quitting from lines 168-169 (formattable-data-frame.Rmd)
    Error: processing vignette 'formattable-data-frame.Rmd' failed with diagnostics:
    cannot open the connection
    Execution halted
Flavors: r-release-osx-x86_64, r-oldrel-osx-x86_64