CRAN Package Check Results for Package formulops

Last updated on 2024-07-22 15:57:21 CEST.

Flavor Version Tinstall Tcheck Ttotal Status Flags
r-devel-linux-x86_64-debian-clang 0.5.0 2.06 24.50 26.56 NOTE
r-devel-linux-x86_64-debian-gcc 0.5.0 1.67 18.81 20.48 NOTE
r-devel-linux-x86_64-fedora-clang 0.5.0 34.46 NOTE
r-devel-linux-x86_64-fedora-gcc 0.5.0 30.97 NOTE
r-devel-windows-x86_64 0.5.0 4.00 42.00 46.00 NOTE
r-patched-linux-x86_64 0.5.0 1.94 23.52 25.46 NOTE
r-release-linux-x86_64 0.5.0 1.84 23.34 25.18 NOTE
r-release-macos-arm64 0.5.0 15.00 NOTE
r-release-macos-x86_64 0.5.0 21.00 NOTE
r-release-windows-x86_64 0.5.0 3.00 41.00 44.00 NOTE
r-oldrel-macos-arm64 0.5.0 17.00 NOTE
r-oldrel-macos-x86_64 0.5.0 20.00 NOTE
r-oldrel-windows-x86_64 0.5.0 3.00 42.00 45.00 NOTE

Check Details

Version: 0.5.0
Check: LazyData
Result: NOTE 'LazyData' is specified without a 'data' directory Flavors: r-devel-linux-x86_64-debian-clang, r-devel-linux-x86_64-debian-gcc, r-devel-linux-x86_64-fedora-clang, r-devel-linux-x86_64-fedora-gcc, r-devel-windows-x86_64, r-patched-linux-x86_64, r-release-linux-x86_64, r-release-macos-arm64, r-release-macos-x86_64, r-release-windows-x86_64, r-oldrel-macos-arm64, r-oldrel-macos-x86_64, r-oldrel-windows-x86_64