CRAN Package Check Results for Package formulops

Last updated on 2022-12-07 10:49:58 CET.

Flavor Version Tinstall Tcheck Ttotal Status Flags
r-devel-linux-x86_64-debian-clang 0.5.0 2.36 24.15 26.51 NOTE
r-devel-linux-x86_64-debian-gcc 0.5.0 1.77 19.15 20.92 NOTE
r-devel-linux-x86_64-fedora-clang 0.5.0 43.91 NOTE
r-devel-linux-x86_64-fedora-gcc 0.5.0 42.36 NOTE
r-devel-windows-x86_64 0.5.0 12.00 51.00 63.00 NOTE
r-patched-linux-x86_64 0.5.0 1.63 23.73 25.36 NOTE
r-release-linux-x86_64 0.5.0 1.77 23.82 25.59 NOTE
r-release-macos-arm64 0.5.0 14.00 NOTE
r-release-macos-x86_64 0.5.0 20.00 NOTE
r-release-windows-x86_64 0.5.0 14.00 52.00 66.00 NOTE
r-oldrel-macos-arm64 0.5.0 19.00 NOTE
r-oldrel-macos-x86_64 0.5.0 24.00 NOTE
r-oldrel-windows-ix86+x86_64 0.5.0 5.00 47.00 52.00 NOTE

Check Details

Version: 0.5.0
Check: LazyData
Result: NOTE
     'LazyData' is specified without a 'data' directory
Flavors: r-devel-linux-x86_64-debian-clang, r-devel-linux-x86_64-debian-gcc, r-devel-linux-x86_64-fedora-clang, r-devel-linux-x86_64-fedora-gcc, r-devel-windows-x86_64, r-patched-linux-x86_64, r-release-linux-x86_64, r-release-macos-arm64, r-release-macos-x86_64, r-release-windows-x86_64, r-oldrel-macos-arm64, r-oldrel-macos-x86_64, r-oldrel-windows-ix86+x86_64