CRAN Package Check Results for Package fourierin

Last updated on 2018-05-20 20:47:50 CEST.

Flavor Version Tinstall Tcheck Ttotal Status Flags
r-devel-linux-x86_64-debian-clang 0.2.2 68.06 103.13 171.19 WARN
r-devel-linux-x86_64-debian-gcc 0.2.2 62.19 69.79 131.98 OK
r-devel-linux-x86_64-fedora-clang 0.2.2 220.04 OK
r-devel-linux-x86_64-fedora-gcc 0.2.2 215.24 NOTE
r-devel-windows-ix86+x86_64 0.2.2 165.00 158.00 323.00 OK
r-patched-linux-x86_64 0.2.2 73.84 89.88 163.72 OK
r-patched-solaris-x86 0.2.2 285.70 OK
r-release-linux-x86_64 0.2.2 75.92 90.70 166.62 OK
r-release-windows-ix86+x86_64 0.2.2 123.00 155.00 278.00 OK
r-release-osx-x86_64 0.2.2 OK
r-oldrel-windows-ix86+x86_64 0.2.2 129.00 157.00 286.00 OK
r-oldrel-osx-x86_64 0.2.2 OK

Check Details

Version: 0.2.2
Check: whether package can be installed
Result: WARN
    Found the following significant warnings:
     fourierin_1d.cpp:55:13: warning: using integer absolute value function 'abs' when argument is of floating point type [-Wabsolute-value]
     fourierin_1d.cpp:77:17: warning: using integer absolute value function 'abs' when argument is of floating point type [-Wabsolute-value]
     fourierin_2d.cpp:107:9: warning: using integer absolute value function 'abs' when argument is of floating point type [-Wabsolute-value]
     fourierin_2d.cpp:146:12: warning: using integer absolute value function 'abs' when argument is of floating point type [-Wabsolute-value]
     fourierin_cx_1d.cpp:55:13: warning: using integer absolute value function 'abs' when argument is of floating point type [-Wabsolute-value]
     fourierin_cx_1d.cpp:77:17: warning: using integer absolute value function 'abs' when argument is of floating point type [-Wabsolute-value]
     fourierin_cx_2d.cpp:104:9: warning: using integer absolute value function 'abs' when argument is of floating point type [-Wabsolute-value]
     fourierin_cx_2d.cpp:143:12: warning: using integer absolute value function 'abs' when argument is of floating point type [-Wabsolute-value]
Flavor: r-devel-linux-x86_64-debian-clang

Version: 0.2.2
Check: installed package size
Result: NOTE
     installed size is 5.1Mb
     sub-directories of 1Mb or more:
     libs 4.6Mb
Flavor: r-devel-linux-x86_64-fedora-gcc