CRAN Package Check Results for Package fourierin

Last updated on 2018-08-20 01:46:24 CEST.

Flavor Version Tinstall Tcheck Ttotal Status Flags
r-devel-linux-x86_64-debian-clang 0.2.2 65.80 105.79 171.59 WARN
r-devel-linux-x86_64-debian-gcc 0.2.2 64.86 72.70 137.56 OK
r-devel-linux-x86_64-fedora-clang 0.2.2 228.63 OK
r-devel-linux-x86_64-fedora-gcc 0.2.2 227.60 OK
r-devel-windows-ix86+x86_64 0.2.2 165.00 177.00 342.00 OK
r-patched-linux-x86_64 0.2.2 85.64 92.33 177.97 OK
r-patched-solaris-x86 0.2.2 288.10 OK
r-release-linux-x86_64 0.2.2 77.44 93.92 171.36 OK
r-release-windows-ix86+x86_64 0.2.2 177.00 187.00 364.00 OK
r-release-osx-x86_64 0.2.2 OK
r-oldrel-windows-ix86+x86_64 0.2.2 123.00 176.00 299.00 OK
r-oldrel-osx-x86_64 0.2.2 OK

Check Details

Version: 0.2.2
Check: whether package can be installed
Result: WARN
    Found the following significant warnings:
     fourierin_1d.cpp:55:13: warning: using integer absolute value function 'abs' when argument is of floating point type [-Wabsolute-value]
     fourierin_1d.cpp:77:17: warning: using integer absolute value function 'abs' when argument is of floating point type [-Wabsolute-value]
     fourierin_2d.cpp:107:9: warning: using integer absolute value function 'abs' when argument is of floating point type [-Wabsolute-value]
     fourierin_2d.cpp:146:12: warning: using integer absolute value function 'abs' when argument is of floating point type [-Wabsolute-value]
     fourierin_cx_1d.cpp:55:13: warning: using integer absolute value function 'abs' when argument is of floating point type [-Wabsolute-value]
     fourierin_cx_1d.cpp:77:17: warning: using integer absolute value function 'abs' when argument is of floating point type [-Wabsolute-value]
     fourierin_cx_2d.cpp:104:9: warning: using integer absolute value function 'abs' when argument is of floating point type [-Wabsolute-value]
     fourierin_cx_2d.cpp:143:12: warning: using integer absolute value function 'abs' when argument is of floating point type [-Wabsolute-value]
Flavor: r-devel-linux-x86_64-debian-clang