CRAN Package Check Results for Package fourierin

Last updated on 2019-02-21 07:48:35 CET.

Flavor Version Tinstall Tcheck Ttotal Status Flags
r-devel-linux-x86_64-debian-clang 0.2.2 69.29 93.08 162.37 WARN
r-devel-linux-x86_64-debian-gcc 0.2.2 62.27 62.19 124.46 OK
r-devel-linux-x86_64-fedora-clang 0.2.2 241.50 OK
r-devel-linux-x86_64-fedora-gcc 0.2.2 223.03 OK
r-devel-windows-ix86+x86_64 0.2.2 172.00 176.00 348.00 OK
r-patched-linux-x86_64 0.2.2 OK
r-patched-solaris-x86 0.2.2 288.30 OK
r-release-linux-x86_64 0.2.2 OK
r-release-windows-ix86+x86_64 0.2.2 136.00 170.00 306.00 OK
r-release-osx-x86_64 0.2.2 OK
r-oldrel-windows-ix86+x86_64 0.2.2 141.00 165.00 306.00 OK
r-oldrel-osx-x86_64 0.2.2 OK

Check Details

Version: 0.2.2
Check: whether package can be installed
Result: WARN
    Found the following significant warnings:
     fourierin_1d.cpp:55:13: warning: using integer absolute value function 'abs' when argument is of floating point type [-Wabsolute-value]
     fourierin_1d.cpp:77:17: warning: using integer absolute value function 'abs' when argument is of floating point type [-Wabsolute-value]
     fourierin_2d.cpp:107:9: warning: using integer absolute value function 'abs' when argument is of floating point type [-Wabsolute-value]
     fourierin_2d.cpp:146:12: warning: using integer absolute value function 'abs' when argument is of floating point type [-Wabsolute-value]
     fourierin_cx_1d.cpp:55:13: warning: using integer absolute value function 'abs' when argument is of floating point type [-Wabsolute-value]
     fourierin_cx_1d.cpp:77:17: warning: using integer absolute value function 'abs' when argument is of floating point type [-Wabsolute-value]
     fourierin_cx_2d.cpp:104:9: warning: using integer absolute value function 'abs' when argument is of floating point type [-Wabsolute-value]
     fourierin_cx_2d.cpp:143:12: warning: using integer absolute value function 'abs' when argument is of floating point type [-Wabsolute-value]
Flavor: r-devel-linux-x86_64-debian-clang