CRAN Package Check Results for Package fourierin

Last updated on 2018-02-19 19:47:38 CET.

Flavor Version Tinstall Tcheck Ttotal Status Flags
r-devel-linux-x86_64-debian-clang 0.2.2 57.05 91.28 148.33 WARN
r-devel-linux-x86_64-debian-gcc 0.2.2 55.50 68.11 123.61 OK
r-devel-linux-x86_64-fedora-clang 0.2.2 217.66 OK
r-devel-linux-x86_64-fedora-gcc 0.2.2 202.59 NOTE
r-devel-windows-ix86+x86_64 0.2.2 120.00 139.00 259.00 OK
r-patched-linux-x86_64 0.2.2 64.27 100.41 164.68 OK
r-patched-solaris-x86 0.2.2 288.00 OK
r-release-linux-x86_64 0.2.2 67.89 102.36 170.25 OK
r-release-windows-ix86+x86_64 0.2.2 167.00 163.00 330.00 OK
r-release-osx-x86_64 0.2.2 OK
r-oldrel-windows-ix86+x86_64 0.2.2 183.00 167.00 350.00 OK
r-oldrel-osx-x86_64 0.2.2 OK

Check Details

Version: 0.2.2
Check: whether package can be installed
Result: WARN
    Found the following significant warnings:
     fourierin_1d.cpp:55:13: warning: using integer absolute value function 'abs' when argument is of floating point type [-Wabsolute-value]
     fourierin_1d.cpp:77:17: warning: using integer absolute value function 'abs' when argument is of floating point type [-Wabsolute-value]
     fourierin_2d.cpp:107:9: warning: using integer absolute value function 'abs' when argument is of floating point type [-Wabsolute-value]
     fourierin_2d.cpp:146:12: warning: using integer absolute value function 'abs' when argument is of floating point type [-Wabsolute-value]
     fourierin_cx_1d.cpp:55:13: warning: using integer absolute value function 'abs' when argument is of floating point type [-Wabsolute-value]
     fourierin_cx_1d.cpp:77:17: warning: using integer absolute value function 'abs' when argument is of floating point type [-Wabsolute-value]
     fourierin_cx_2d.cpp:104:9: warning: using integer absolute value function 'abs' when argument is of floating point type [-Wabsolute-value]
     fourierin_cx_2d.cpp:143:12: warning: using integer absolute value function 'abs' when argument is of floating point type [-Wabsolute-value]
Flavor: r-devel-linux-x86_64-debian-clang

Version: 0.2.2
Check: installed package size
Result: NOTE
     installed size is 5.1Mb
     sub-directories of 1Mb or more:
     libs 4.6Mb
Flavor: r-devel-linux-x86_64-fedora-gcc