CRAN Package Check Results for Package fourierin

Last updated on 2018-11-21 13:48:26 CET.

Flavor Version Tinstall Tcheck Ttotal Status Flags
r-devel-linux-x86_64-debian-clang 0.2.2 76.54 103.75 180.29 WARN
r-devel-linux-x86_64-debian-gcc 0.2.2 68.02 71.63 139.65 OK
r-devel-linux-x86_64-fedora-clang 0.2.2 231.80 OK
r-devel-linux-x86_64-fedora-gcc 0.2.2 222.92 OK
r-devel-windows-ix86+x86_64 0.2.2 184.00 184.00 368.00 OK
r-patched-linux-x86_64 0.2.2 78.75 92.77 171.52 OK
r-patched-solaris-x86 0.2.2 296.90 OK
r-release-linux-x86_64 0.2.2 86.01 92.41 178.42 OK
r-release-windows-ix86+x86_64 0.2.2 144.00 184.00 328.00 OK
r-release-osx-x86_64 0.2.2 OK
r-oldrel-windows-ix86+x86_64 0.2.2 184.00 163.00 347.00 OK
r-oldrel-osx-x86_64 0.2.2 OK

Check Details

Version: 0.2.2
Check: whether package can be installed
Result: WARN
    Found the following significant warnings:
     fourierin_1d.cpp:55:13: warning: using integer absolute value function 'abs' when argument is of floating point type [-Wabsolute-value]
     fourierin_1d.cpp:77:17: warning: using integer absolute value function 'abs' when argument is of floating point type [-Wabsolute-value]
     fourierin_2d.cpp:107:9: warning: using integer absolute value function 'abs' when argument is of floating point type [-Wabsolute-value]
     fourierin_2d.cpp:146:12: warning: using integer absolute value function 'abs' when argument is of floating point type [-Wabsolute-value]
     fourierin_cx_1d.cpp:55:13: warning: using integer absolute value function 'abs' when argument is of floating point type [-Wabsolute-value]
     fourierin_cx_1d.cpp:77:17: warning: using integer absolute value function 'abs' when argument is of floating point type [-Wabsolute-value]
     fourierin_cx_2d.cpp:104:9: warning: using integer absolute value function 'abs' when argument is of floating point type [-Wabsolute-value]
     fourierin_cx_2d.cpp:143:12: warning: using integer absolute value function 'abs' when argument is of floating point type [-Wabsolute-value]
Flavor: r-devel-linux-x86_64-debian-clang