CRAN Package Check Results for Package fplyr

Last updated on 2022-08-09 01:54:49 CEST.

Flavor Version Tinstall Tcheck Ttotal Status Flags
r-devel-linux-x86_64-debian-clang 1.2.1 3.44 40.66 44.10 NOTE
r-devel-linux-x86_64-debian-gcc 1.2.1 2.48 30.03 32.51 NOTE
r-devel-linux-x86_64-fedora-clang 1.2.1 63.76 NOTE
r-devel-linux-x86_64-fedora-gcc 1.2.1 59.46 NOTE
r-devel-windows-x86_64 1.2.1 10.00 68.00 78.00 NOTE
r-patched-linux-x86_64 1.2.1 3.00 37.89 40.89 NOTE
r-release-linux-x86_64 1.2.1 NOTE
r-release-macos-arm64 1.2.1 21.00 NOTE
r-release-macos-x86_64 1.2.1 31.00 NOTE
r-release-windows-x86_64 1.2.1 11.00 68.00 79.00 NOTE
r-oldrel-macos-arm64 1.2.1 24.00 NOTE
r-oldrel-macos-x86_64 1.2.1 38.00 NOTE
r-oldrel-windows-ix86+x86_64 1.2.1 7.00 59.00 66.00 NOTE

Check Details

Version: 1.2.1
Check: LazyData
Result: NOTE
     'LazyData' is specified without a 'data' directory
Flavors: r-devel-linux-x86_64-debian-clang, r-devel-linux-x86_64-debian-gcc, r-devel-linux-x86_64-fedora-clang, r-devel-linux-x86_64-fedora-gcc, r-devel-windows-x86_64, r-patched-linux-x86_64, r-release-linux-x86_64, r-release-macos-arm64, r-release-macos-x86_64, r-release-windows-x86_64, r-oldrel-macos-arm64, r-oldrel-macos-x86_64, r-oldrel-windows-ix86+x86_64