CRAN Package Check Results for Package fpp2

Last updated on 2020-02-20 21:47:27 CET.

Flavor Version Tinstall Tcheck Ttotal Status Flags
r-devel-linux-x86_64-debian-clang 2.3 6.56 68.47 75.03 OK
r-devel-linux-x86_64-debian-gcc 2.3 5.68 51.50 57.18 OK
r-devel-linux-x86_64-fedora-clang 2.3 88.13 OK
r-devel-linux-x86_64-fedora-gcc 2.3 85.68 OK
r-devel-windows-ix86+x86_64 2.3 24.00 84.00 108.00 OK
r-devel-windows-ix86+x86_64-gcc8 2.3 29.00 134.00 163.00 OK
r-patched-linux-x86_64 2.3 5.28 57.30 62.58 OK
r-patched-solaris-x86 2.3 113.90 OK
r-release-linux-x86_64 2.3 5.82 57.62 63.44 OK
r-release-windows-ix86+x86_64 2.3 17.00 87.00 104.00 OK
r-release-osx-x86_64 2.3 NOTE
r-oldrel-windows-ix86+x86_64 2.3 12.00 69.00 81.00 OK
r-oldrel-osx-x86_64 2.3 OK

Check Details

Version: 2.3
Check: package dependencies
Result: NOTE
    Package suggested but not available for checking: ‘seasonal’
Flavor: r-release-osx-x86_64