CRAN Package Check Results for Package fractD

Last updated on 2024-06-22 03:49:31 CEST.

Flavor Version Tinstall Tcheck Ttotal Status Flags
r-devel-linux-x86_64-debian-clang 0.1.0 2.72 54.50 57.22 NOTE
r-devel-linux-x86_64-debian-gcc 0.1.0 2.08 42.58 44.66 NOTE
r-devel-linux-x86_64-fedora-clang 0.1.0 73.26 NOTE
r-devel-linux-x86_64-fedora-gcc 0.1.0 83.48 NOTE
r-devel-windows-x86_64 0.1.0 4.00 74.00 78.00 NOTE
r-patched-linux-x86_64 0.1.0 2.92 55.08 58.00 NOTE
r-release-linux-x86_64 0.1.0 2.94 54.68 57.62 NOTE
r-release-macos-arm64 0.1.0 32.00 NOTE
r-release-macos-x86_64 0.1.0 53.00 NOTE
r-release-windows-x86_64 0.1.0 4.00 74.00 78.00 NOTE
r-oldrel-macos-arm64 0.1.0 35.00 NOTE
r-oldrel-macos-x86_64 0.1.0 49.00 NOTE
r-oldrel-windows-x86_64 0.1.0 4.00 72.00 76.00 NOTE

Check Details

Version: 0.1.0
Check: LazyData
Result: NOTE 'LazyData' is specified without a 'data' directory Flavors: r-devel-linux-x86_64-debian-clang, r-devel-linux-x86_64-debian-gcc, r-devel-linux-x86_64-fedora-clang, r-devel-linux-x86_64-fedora-gcc, r-devel-windows-x86_64, r-patched-linux-x86_64, r-release-linux-x86_64, r-release-macos-arm64, r-release-macos-x86_64, r-release-windows-x86_64, r-oldrel-macos-arm64, r-oldrel-macos-x86_64, r-oldrel-windows-x86_64