CRAN Package Check Results for Package fractional

Last updated on 2019-01-23 08:49:04 CET.

Flavor Version Tinstall Tcheck Ttotal Status Flags
r-devel-linux-x86_64-debian-clang 0.1.3 13.42 31.63 45.05 OK
r-devel-linux-x86_64-debian-gcc 0.1.3 11.68 24.85 36.53 OK
r-devel-linux-x86_64-fedora-clang 0.1.3 60.25 NOTE
r-devel-linux-x86_64-fedora-gcc 0.1.3 53.93 NOTE
r-devel-windows-ix86+x86_64 0.1.3 42.00 79.00 121.00 OK
r-patched-linux-x86_64 0.1.3 15.58 27.55 43.13 OK
r-patched-solaris-x86 0.1.3 67.10 OK
r-release-linux-x86_64 0.1.3 15.55 27.39 42.94 OK
r-release-windows-ix86+x86_64 0.1.3 28.00 75.00 103.00 OK
r-release-osx-x86_64 0.1.3 OK
r-oldrel-windows-ix86+x86_64 0.1.3 30.00 85.00 115.00 OK
r-oldrel-osx-x86_64 0.1.3 OK

Check Details

Version: 0.1.3
Check: compiled code
Result: NOTE
    File ‘fractional/libs/fractional.so’:
     Found no calls to: ‘R_registerRoutines’, ‘R_useDynamicSymbols’
    
    It is good practice to register native routines and to disable symbol
    search.
    
    See ‘Writing portable packages’ in the ‘Writing R Extensions’ manual.
Flavors: r-devel-linux-x86_64-fedora-clang, r-devel-linux-x86_64-fedora-gcc