CRAN Package Check Results for Package fractional

Last updated on 2018-08-16 16:52:30 CEST.

Flavor Version Tinstall Tcheck Ttotal Status Flags
r-devel-linux-x86_64-debian-clang 0.1.3 13.27 30.37 43.64 NOTE
r-devel-linux-x86_64-debian-gcc 0.1.3 11.85 24.32 36.17 NOTE
r-devel-linux-x86_64-fedora-clang 0.1.3 58.01 NOTE
r-devel-linux-x86_64-fedora-gcc 0.1.3 53.61 NOTE
r-devel-windows-ix86+x86_64 0.1.3 26.00 82.00 108.00 OK
r-patched-linux-x86_64 0.1.3 15.11 27.25 42.36 NOTE
r-patched-solaris-x86 0.1.3 66.30 OK
r-release-linux-x86_64 0.1.3 15.02 27.54 42.56 NOTE
r-release-windows-ix86+x86_64 0.1.3 35.00 74.00 109.00 OK
r-release-osx-x86_64 0.1.3 OK
r-oldrel-windows-ix86+x86_64 0.1.3 39.00 62.00 101.00 OK
r-oldrel-osx-x86_64 0.1.3 OK

Check Details

Version: 0.1.3
Check: compiled code
Result: NOTE
    File ‘fractional/libs/fractional.so’:
     Found no calls to: ‘R_registerRoutines’, ‘R_useDynamicSymbols’
    
    It is good practice to register native routines and to disable symbol
    search.
    
    See ‘Writing portable packages’ in the ‘Writing R Extensions’ manual.
Flavors: r-devel-linux-x86_64-debian-clang, r-devel-linux-x86_64-debian-gcc, r-devel-linux-x86_64-fedora-clang, r-devel-linux-x86_64-fedora-gcc, r-patched-linux-x86_64, r-release-linux-x86_64