CRAN Package Check Results for Package fractional

Last updated on 2018-10-17 08:48:15 CEST.

Flavor Version Tinstall Tcheck Ttotal Status Flags
r-devel-linux-x86_64-debian-clang 0.1.3 13.81 31.03 44.84 OK
r-devel-linux-x86_64-debian-gcc 0.1.3 11.48 24.55 36.03 OK
r-devel-linux-x86_64-fedora-clang 0.1.3 58.96 NOTE
r-devel-linux-x86_64-fedora-gcc 0.1.3 53.74 NOTE
r-devel-windows-ix86+x86_64 0.1.3 38.00 80.00 118.00 OK
r-patched-linux-x86_64 0.1.3 14.35 27.02 41.37 OK
r-patched-solaris-x86 0.1.3 64.60 OK
r-release-linux-x86_64 0.1.3 15.03 27.47 42.50 OK
r-release-windows-ix86+x86_64 0.1.3 30.00 75.00 105.00 OK
r-release-osx-x86_64 0.1.3 OK
r-oldrel-windows-ix86+x86_64 0.1.3 42.00 78.00 120.00 OK
r-oldrel-osx-x86_64 0.1.3 OK

Check Details

Version: 0.1.3
Check: compiled code
Result: NOTE
    File ‘fractional/libs/fractional.so’:
     Found no calls to: ‘R_registerRoutines’, ‘R_useDynamicSymbols’
    
    It is good practice to register native routines and to disable symbol
    search.
    
    See ‘Writing portable packages’ in the ‘Writing R Extensions’ manual.
Flavors: r-devel-linux-x86_64-fedora-clang, r-devel-linux-x86_64-fedora-gcc