CRAN Package Check Results for Package fractional

Last updated on 2018-02-20 19:48:16 CET.

Flavor Version Tinstall Tcheck Ttotal Status Flags
r-devel-linux-x86_64-debian-clang 0.1.3 10.65 27.16 37.81 NOTE
r-devel-linux-x86_64-debian-gcc 0.1.3 9.80 21.57 31.37 NOTE
r-devel-linux-x86_64-fedora-clang 0.1.3 51.41 NOTE
r-devel-linux-x86_64-fedora-gcc 0.1.3 46.74 NOTE
r-devel-windows-ix86+x86_64 0.1.3 24.00 56.00 80.00 OK
r-patched-linux-x86_64 0.1.3 12.71 32.73 45.44 NOTE
r-patched-solaris-x86 0.1.3 65.30 OK
r-release-linux-x86_64 0.1.3 12.24 32.14 44.38 NOTE
r-release-windows-ix86+x86_64 0.1.3 27.00 81.00 108.00 OK
r-release-osx-x86_64 0.1.3 OK
r-oldrel-windows-ix86+x86_64 0.1.3 38.00 67.00 105.00 OK
r-oldrel-osx-x86_64 0.1.3 OK

Check Details

Version: 0.1.3
Check: compiled code
Result: NOTE
    File ‘fractional/libs/fractional.so’:
     Found no calls to: ‘R_registerRoutines’, ‘R_useDynamicSymbols’
    
    It is good practice to register native routines and to disable symbol
    search.
    
    See ‘Writing portable packages’ in the ‘Writing R Extensions’ manual.
Flavors: r-devel-linux-x86_64-debian-clang, r-devel-linux-x86_64-debian-gcc, r-devel-linux-x86_64-fedora-clang, r-devel-linux-x86_64-fedora-gcc, r-patched-linux-x86_64, r-release-linux-x86_64