CRAN Package Check Results for Package fractional

Last updated on 2018-05-27 19:49:25 CEST.

Flavor Version Tinstall Tcheck Ttotal Status Flags
r-devel-linux-x86_64-debian-clang 0.1.3 14.06 29.10 43.16 NOTE
r-devel-linux-x86_64-debian-gcc 0.1.3 10.99 23.17 34.16 NOTE
r-devel-linux-x86_64-fedora-clang 0.1.3 57.11 NOTE
r-devel-linux-x86_64-fedora-gcc 0.1.3 51.34 NOTE
r-devel-windows-ix86+x86_64 0.1.3 29.00 69.00 98.00 OK
r-patched-linux-x86_64 0.1.3 13.07 26.97 40.04 NOTE
r-patched-solaris-x86 0.1.3 64.00 OK
r-release-linux-x86_64 0.1.3 14.11 26.39 40.50 NOTE
r-release-windows-ix86+x86_64 0.1.3 39.00 79.00 118.00 OK
r-release-osx-x86_64 0.1.3 OK
r-oldrel-windows-ix86+x86_64 0.1.3 41.00 60.00 101.00 OK
r-oldrel-osx-x86_64 0.1.3 OK

Check Details

Version: 0.1.3
Check: compiled code
Result: NOTE
    File ‘fractional/libs/fractional.so’:
     Found no calls to: ‘R_registerRoutines’, ‘R_useDynamicSymbols’
    
    It is good practice to register native routines and to disable symbol
    search.
    
    See ‘Writing portable packages’ in the ‘Writing R Extensions’ manual.
Flavors: r-devel-linux-x86_64-debian-clang, r-devel-linux-x86_64-debian-gcc, r-devel-linux-x86_64-fedora-clang, r-devel-linux-x86_64-fedora-gcc, r-patched-linux-x86_64, r-release-linux-x86_64