CRAN Package Check Results for Package fragilityindex

Last updated on 2018-08-19 09:48:03 CEST.

Flavor Version Tinstall Tcheck Ttotal Status Flags
r-devel-linux-x86_64-debian-clang 0.1.0 4.85 63.36 68.21 OK
r-devel-linux-x86_64-debian-gcc 0.1.0 3.48 51.12 54.60 OK
r-devel-linux-x86_64-fedora-clang 0.1.0 79.99 NOTE
r-devel-linux-x86_64-fedora-gcc 0.1.0 76.49 NOTE
r-devel-windows-ix86+x86_64 0.1.0 11.00 91.00 102.00 OK
r-patched-linux-x86_64 0.1.0 4.31 53.05 57.36 OK
r-patched-solaris-x86 0.1.0 104.70 NOTE
r-release-linux-x86_64 0.1.0 4.46 52.45 56.91 OK
r-release-windows-ix86+x86_64 0.1.0 9.00 63.00 72.00 OK
r-release-osx-x86_64 0.1.0 NOTE
r-oldrel-windows-ix86+x86_64 0.1.0 7.00 87.00 94.00 OK
r-oldrel-osx-x86_64 0.1.0 NOTE

Check Details

Version: 0.1.0
Check: dependencies in R code
Result: NOTE
    Namespaces in Imports field not imported from:
     ‘base’ ‘pbapply’ ‘stringr’
     All declared Imports should be used.
Flavors: r-devel-linux-x86_64-fedora-clang, r-devel-linux-x86_64-fedora-gcc, r-patched-solaris-x86, r-release-osx-x86_64, r-oldrel-osx-x86_64