CRAN Package Check Results for Package fragilityindex

Last updated on 2018-05-26 19:46:34 CEST.

Flavor Version Tinstall Tcheck Ttotal Status Flags
r-devel-linux-x86_64-debian-clang 0.1.0 4.61 61.71 66.32 OK
r-devel-linux-x86_64-debian-gcc 0.1.0 3.48 47.97 51.45 OK
r-devel-linux-x86_64-fedora-clang 0.1.0 86.32 NOTE
r-devel-linux-x86_64-fedora-gcc 0.1.0 79.26 NOTE
r-devel-windows-ix86+x86_64 0.1.0 7.00 94.00 101.00 OK
r-patched-linux-x86_64 0.1.0 4.36 51.95 56.31 OK
r-patched-solaris-x86 0.1.0 101.50 NOTE
r-release-linux-x86_64 0.1.0 3.57 51.75 55.32 OK
r-release-windows-ix86+x86_64 0.1.0 10.00 62.00 72.00 OK
r-release-osx-x86_64 0.1.0 NOTE
r-oldrel-windows-ix86+x86_64 0.1.0 8.00 93.00 101.00 OK
r-oldrel-osx-x86_64 0.1.0 NOTE

Check Details

Version: 0.1.0
Check: dependencies in R code
Result: NOTE
    Namespaces in Imports field not imported from:
     ‘base’ ‘pbapply’ ‘stringr’
     All declared Imports should be used.
Flavors: r-devel-linux-x86_64-fedora-clang, r-devel-linux-x86_64-fedora-gcc, r-patched-solaris-x86, r-release-osx-x86_64, r-oldrel-osx-x86_64