CRAN Package Check Results for Package fragilityindex

Last updated on 2018-11-14 06:48:13 CET.

Flavor Version Tinstall Tcheck Ttotal Status Flags
r-devel-linux-x86_64-debian-clang 0.1.0 5.50 82.82 88.32 OK
r-devel-linux-x86_64-debian-gcc 0.1.0 4.24 65.90 70.14 OK
r-devel-linux-x86_64-fedora-clang 0.1.0 101.19 NOTE
r-devel-linux-x86_64-fedora-gcc 0.1.0 97.24 NOTE
r-devel-windows-ix86+x86_64 0.1.0 6.00 117.00 123.00 OK
r-patched-linux-x86_64 0.1.0 3.70 72.80 76.50 OK
r-patched-solaris-x86 0.1.0 129.50 NOTE
r-release-linux-x86_64 0.1.0 2.90 71.83 74.73 OK
r-release-windows-ix86+x86_64 0.1.0 11.00 85.00 96.00 OK
r-release-osx-x86_64 0.1.0 NOTE
r-oldrel-windows-ix86+x86_64 0.1.0 10.00 95.00 105.00 OK
r-oldrel-osx-x86_64 0.1.0 NOTE

Check Details

Version: 0.1.0
Check: dependencies in R code
Result: NOTE
    Namespaces in Imports field not imported from:
     ‘base’ ‘pbapply’ ‘stringr’
     All declared Imports should be used.
Flavors: r-devel-linux-x86_64-fedora-clang, r-devel-linux-x86_64-fedora-gcc, r-patched-solaris-x86, r-release-osx-x86_64, r-oldrel-osx-x86_64