CRAN Package Check Results for Package frailtySurv

Last updated on 2018-02-25 10:47:09 CET.

Flavor Version Tinstall Tcheck Ttotal Status Flags
r-devel-linux-x86_64-debian-clang 1.3.2 33.43 71.52 104.95 NOTE
r-devel-linux-x86_64-debian-gcc 1.3.2 24.35 56.21 80.56 NOTE
r-devel-linux-x86_64-fedora-clang 1.3.2 137.65 NOTE
r-devel-linux-x86_64-fedora-gcc 1.3.2 126.72 NOTE
r-devel-windows-ix86+x86_64 1.3.2 84.00 156.00 240.00 OK
r-patched-linux-x86_64 1.3.2 28.93 73.32 102.25 NOTE
r-patched-solaris-x86 1.3.2 167.00 OK
r-release-linux-x86_64 1.3.2 30.71 73.11 103.82 NOTE
r-release-windows-ix86+x86_64 1.3.2 84.00 155.00 239.00 OK
r-release-osx-x86_64 1.3.2 OK
r-oldrel-windows-ix86+x86_64 1.3.2 66.00 113.00 179.00 OK
r-oldrel-osx-x86_64 1.3.2 OK

Check Details

Version: 1.3.2
Check: compiled code
Result: NOTE
    File ‘frailtySurv/libs/frailtySurv.so’:
     Found no calls to: ‘R_registerRoutines’, ‘R_useDynamicSymbols’
    
    It is good practice to register native routines and to disable symbol
    search.
    
    See ‘Writing portable packages’ in the ‘Writing R Extensions’ manual.
Flavors: r-devel-linux-x86_64-debian-clang, r-devel-linux-x86_64-debian-gcc, r-devel-linux-x86_64-fedora-clang, r-devel-linux-x86_64-fedora-gcc, r-patched-linux-x86_64, r-release-linux-x86_64