CRAN Package Check Results for Package frailtypack

Last updated on 2018-08-21 16:50:24 CEST.

Flavor Version Tinstall Tcheck Ttotal Status Flags
r-devel-linux-x86_64-debian-clang 2.12.7 143.71 149.60 293.31 OK
r-devel-linux-x86_64-debian-gcc 2.12.7 133.71 116.55 250.26 OK
r-devel-linux-x86_64-fedora-clang 2.12.7 396.09 NOTE
r-devel-linux-x86_64-fedora-gcc 2.12.7 385.63 OK
r-devel-windows-ix86+x86_64 2.12.7 621.00 259.00 880.00 NOTE
r-patched-linux-x86_64 2.12.7 153.25 140.89 294.14 OK
r-patched-solaris-x86 2.12.7 664.70 NOTE
r-release-linux-x86_64 2.12.7 144.73 140.41 285.14 OK
r-release-windows-ix86+x86_64 2.12.7 402.00 183.00 585.00 NOTE
r-release-osx-x86_64 2.12.7 NOTE
r-oldrel-windows-ix86+x86_64 2.12.7 279.00 238.00 517.00 OK
r-oldrel-osx-x86_64 2.12.7 OK

Check Details

Version: 2.12.7
Check: installed package size
Result: NOTE
     installed size is 5.8Mb
     sub-directories of 1Mb or more:
     libs 4.4Mb
Flavors: r-devel-linux-x86_64-fedora-clang, r-devel-windows-ix86+x86_64, r-patched-solaris-x86, r-release-windows-ix86+x86_64, r-release-osx-x86_64