CRAN Package Check Results for Package frailtypack

Last updated on 2018-05-22 15:48:36 CEST.

Flavor Version Tinstall Tcheck Ttotal Status Flags
r-devel-linux-x86_64-debian-clang 2.12.6 134.50 143.37 277.87 OK
r-devel-linux-x86_64-debian-gcc 2.12.6 115.82 111.56 227.38 OK
r-devel-linux-x86_64-fedora-clang 2.12.6 366.03 NOTE
r-devel-linux-x86_64-fedora-gcc 2.12.6 374.75 NOTE
r-devel-windows-ix86+x86_64 2.12.6 470.00 261.00 731.00 NOTE
r-patched-linux-x86_64 2.12.6 137.09 138.03 275.12 OK
r-patched-solaris-x86 2.12.6 660.60 NOTE
r-release-linux-x86_64 2.12.6 138.68 136.90 275.58 OK
r-release-windows-ix86+x86_64 2.12.6 419.00 220.00 639.00 NOTE
r-release-osx-x86_64 2.12.6 NOTE
r-oldrel-windows-ix86+x86_64 2.12.6 372.00 186.00 558.00 OK
r-oldrel-osx-x86_64 2.12.6 OK

Check Details

Version: 2.12.6
Check: installed package size
Result: NOTE
     installed size is 5.6Mb
     sub-directories of 1Mb or more:
     libs 4.2Mb
Flavors: r-devel-linux-x86_64-fedora-clang, r-devel-linux-x86_64-fedora-gcc, r-devel-windows-ix86+x86_64, r-patched-solaris-x86, r-release-windows-ix86+x86_64, r-release-osx-x86_64