CRAN Package Check Results for Package frailtypack

Last updated on 2018-11-20 19:47:43 CET.

Flavor Version Tinstall Tcheck Ttotal Status Flags
r-devel-linux-x86_64-debian-clang 2.13.2 144.33 143.93 288.26 OK
r-devel-linux-x86_64-debian-gcc 2.13.2 133.62 113.14 246.76 OK
r-devel-linux-x86_64-fedora-clang 2.13.2 377.25 NOTE
r-devel-linux-x86_64-fedora-gcc 2.13.2 377.59 OK
r-devel-windows-ix86+x86_64 2.13.2 636.00 271.00 907.00 NOTE
r-patched-linux-x86_64 2.13.2 155.66 141.88 297.54 OK
r-patched-solaris-x86 2.13.2 665.20 NOTE
r-release-linux-x86_64 2.13.2 155.94 140.54 296.48 OK
r-release-windows-ix86+x86_64 2.13.2 330.00 232.00 562.00 NOTE
r-release-osx-x86_64 2.13.2 NOTE
r-oldrel-windows-ix86+x86_64 2.13.2 368.00 212.00 580.00 NOTE
r-oldrel-osx-x86_64 2.13.2 OK

Check Details

Version: 2.13.2
Check: installed package size
Result: NOTE
     installed size is 5.9Mb
     sub-directories of 1Mb or more:
     libs 4.5Mb
Flavors: r-devel-linux-x86_64-fedora-clang, r-devel-windows-ix86+x86_64, r-patched-solaris-x86, r-release-windows-ix86+x86_64, r-release-osx-x86_64, r-oldrel-windows-ix86+x86_64