CRAN Package Check Results for Package frailtypack

Last updated on 2019-02-16 19:47:27 CET.

Flavor Version Tinstall Tcheck Ttotal Status Flags
r-devel-linux-x86_64-debian-clang 3.0.2.1 170.18 178.31 348.49 OK
r-devel-linux-x86_64-debian-gcc 3.0.2.1 151.25 135.68 286.93 OK
r-devel-linux-x86_64-fedora-clang 3.0.2.1 464.23 NOTE
r-devel-linux-x86_64-fedora-gcc 3.0.2.1 464.82 OK
r-devel-windows-ix86+x86_64 3.0.2.1 761.00 287.00 1048.00 NOTE
r-patched-linux-x86_64 3.0.2.1 165.86 164.48 330.34 OK
r-patched-solaris-x86 3.0.2.1 794.50 NOTE
r-release-linux-x86_64 3.0.2.1 OK
r-release-windows-ix86+x86_64 3.0.2.1 358.00 210.00 568.00 NOTE
r-release-osx-x86_64 3.0.2.1 NOTE
r-oldrel-windows-ix86+x86_64 3.0.2.1 475.00 281.00 756.00 NOTE
r-oldrel-osx-x86_64 3.0.2.1 NOTE

Additional issues

valgrind

Check Details

Version: 3.0.2.1
Check: installed package size
Result: NOTE
     installed size is 7.8Mb
     sub-directories of 1Mb or more:
     libs 5.4Mb
Flavors: r-devel-linux-x86_64-fedora-clang, r-devel-windows-ix86+x86_64, r-patched-solaris-x86, r-release-windows-ix86+x86_64, r-release-osx-x86_64, r-oldrel-windows-ix86+x86_64, r-oldrel-osx-x86_64