CRAN Package Check Results for Package frair

Last updated on 2019-03-24 04:46:50 CET.

Flavor Version Tinstall Tcheck Ttotal Status Flags
r-devel-linux-x86_64-debian-clang 0.5.100 3.85 43.16 47.01 OK
r-devel-linux-x86_64-debian-gcc 0.5.100 4.24 34.63 38.87 OK
r-devel-linux-x86_64-fedora-clang 0.5.100 86.37 OK
r-devel-linux-x86_64-fedora-gcc 0.5.100 81.35 OK
r-devel-windows-ix86+x86_64 0.5.100 18.00 72.00 90.00 OK
r-patched-linux-x86_64 0.5.100 3.83 43.12 46.95 OK
r-patched-solaris-x86 0.5.100 140.00 OK
r-release-linux-x86_64 0.5.100 0.28 2.22 2.50 ERROR
r-release-windows-ix86+x86_64 0.5.100 6.00 56.00 62.00 OK
r-release-osx-x86_64 0.5.100 OK
r-oldrel-windows-ix86+x86_64 0.5.100 5.00 65.00 70.00 OK
r-oldrel-osx-x86_64 0.5.100 OK

Check Details

Version: 0.5.100
Check: whether package can be installed
Result: ERROR
    Installation failed.
Flavor: r-release-linux-x86_64