CRAN Package Check Results for Package frequencyConnectedness

Last updated on 2018-05-23 09:47:09 CEST.

Flavor Version Tinstall Tcheck Ttotal Status Flags
r-devel-linux-x86_64-debian-clang 0.2.0 3.11 63.01 66.12 OK
r-devel-linux-x86_64-debian-gcc 0.2.0 2.65 50.40 53.05 NOTE
r-devel-linux-x86_64-fedora-clang 0.2.0 80.37 OK
r-devel-linux-x86_64-fedora-gcc 0.2.0 84.02 OK
r-devel-windows-ix86+x86_64 0.2.0 6.00 103.00 109.00 OK
r-patched-linux-x86_64 0.2.0 3.32 63.33 66.65 OK
r-patched-solaris-x86 0.2.0 129.80 OK
r-release-linux-x86_64 0.2.0 2.35 61.40 63.75 OK
r-release-windows-ix86+x86_64 0.2.0 8.00 101.00 109.00 OK
r-release-osx-x86_64 0.2.0 OK
r-oldrel-windows-ix86+x86_64 0.2.0 13.00 80.00 93.00 OK
r-oldrel-osx-x86_64 0.2.0 OK

Check Details

Version: 0.2.0
Check: package dependencies
Result: NOTE
    Package suggested but not available for checking: ‘ggplot2’
Flavor: r-devel-linux-x86_64-debian-gcc