CRAN Package Check Results for Package fresh

Last updated on 2022-12-10 05:57:26 CET.

Flavor Version Tinstall Tcheck Ttotal Status Flags
r-devel-linux-x86_64-debian-clang 0.2.0 6.10 72.37 78.47 NOTE
r-devel-linux-x86_64-debian-gcc 0.2.0 5.32 56.51 61.83 NOTE
r-devel-linux-x86_64-fedora-clang 0.2.0 112.31 NOTE
r-devel-linux-x86_64-fedora-gcc 0.2.0 116.43 NOTE
r-devel-windows-x86_64 0.2.0 486.00 161.00 647.00 NOTE
r-patched-linux-x86_64 0.2.0 7.89 64.92 72.81 NOTE
r-release-linux-x86_64 0.2.0 7.33 63.34 70.67 NOTE
r-release-macos-arm64 0.2.0 31.00 NOTE
r-release-macos-x86_64 0.2.0 47.00 NOTE
r-release-windows-x86_64 0.2.0 502.00 130.00 632.00 NOTE
r-oldrel-macos-arm64 0.2.0 37.00 NOTE
r-oldrel-macos-x86_64 0.2.0 58.00 NOTE
r-oldrel-windows-ix86+x86_64 0.2.0 16.00 104.00 120.00 NOTE

Check Details

Version: 0.2.0
Check: LazyData
Result: NOTE
     'LazyData' is specified without a 'data' directory
Flavors: r-devel-linux-x86_64-debian-clang, r-devel-linux-x86_64-debian-gcc, r-devel-linux-x86_64-fedora-clang, r-devel-linux-x86_64-fedora-gcc, r-devel-windows-x86_64, r-patched-linux-x86_64, r-release-linux-x86_64, r-release-macos-arm64, r-release-macos-x86_64, r-release-windows-x86_64, r-oldrel-macos-arm64, r-oldrel-macos-x86_64, r-oldrel-windows-ix86+x86_64