CRAN Package Check Results for Package frictionless

Last updated on 2022-08-14 09:52:05 CEST.

Flavor Version Tinstall Tcheck Ttotal Status Flags
r-devel-linux-x86_64-debian-clang 1.0.0 3.10 54.52 57.62 NOTE
r-devel-linux-x86_64-debian-gcc 1.0.0 2.29 41.85 44.14 NOTE
r-devel-linux-x86_64-fedora-clang 1.0.0 72.90 OK
r-devel-linux-x86_64-fedora-gcc 1.0.0 74.64 NOTE
r-devel-windows-x86_64 1.0.0 6.00 95.00 101.00 OK
r-patched-linux-x86_64 1.0.0 3.00 52.74 55.74 OK
r-release-linux-x86_64 1.0.0 2.51 52.61 55.12 OK
r-release-macos-arm64 1.0.0 61.00 OK
r-release-macos-x86_64 1.0.0 91.00 OK
r-release-windows-x86_64 1.0.0 58.00 159.00 217.00 OK
r-oldrel-macos-arm64 1.0.0 70.00 OK
r-oldrel-macos-x86_64 1.0.0 76.00 OK
r-oldrel-windows-ix86+x86_64 1.0.0 7.00 91.00 98.00 OK

Check Details

Version: 1.0.0
Check: HTML version of manual
Result: NOTE
    Found the following HTML validation problems:
    read_resource.html:125:57: Warning: inserting implicit <p>
    read_resource.html:125:57: Warning: trimming empty <p>
Flavors: r-devel-linux-x86_64-debian-clang, r-devel-linux-x86_64-debian-gcc, r-devel-linux-x86_64-fedora-gcc