CRAN Package Check Results for Package frost

Last updated on 2019-11-22 03:49:15 CET.

Flavor Version Tinstall Tcheck Ttotal Status Flags
r-devel-linux-x86_64-debian-clang 0.0.4 NOTE
r-devel-linux-x86_64-debian-gcc 0.0.4 1.72 22.66 24.38 NOTE
r-devel-linux-x86_64-fedora-clang 0.0.4 36.36 OK
r-devel-linux-x86_64-fedora-gcc 0.0.4 37.05 OK
r-devel-windows-ix86+x86_64 0.0.4 7.00 58.00 65.00 NOTE
r-devel-windows-ix86+x86_64-gcc8 0.0.4 7.00 40.00 47.00 NOTE
r-patched-linux-x86_64 0.0.4 1.90 25.95 27.85 OK
r-patched-solaris-x86 0.0.4 53.20 OK
r-release-linux-x86_64 0.0.4 1.79 25.82 27.61 OK
r-release-windows-ix86+x86_64 0.0.4 8.00 37.00 45.00 OK
r-release-osx-x86_64 0.0.4 OK
r-oldrel-windows-ix86+x86_64 0.0.4 3.00 53.00 56.00 OK
r-oldrel-osx-x86_64 0.0.4 OK

Check Details

Version: 0.0.4
Check: package vignettes
Result: NOTE
    Package vignette with placeholder title 'Vignette Title':
     'Introduction.Rmd'
Flavors: r-devel-linux-x86_64-debian-clang, r-devel-linux-x86_64-debian-gcc, r-devel-windows-ix86+x86_64, r-devel-windows-ix86+x86_64-gcc8