CRAN Package Check Results for Package frost

Last updated on 2020-07-07 07:47:55 CEST.

Flavor Version Tinstall Tcheck Ttotal Status Flags
r-devel-linux-x86_64-debian-clang 0.0.4 2.39 29.93 32.32 NOTE
r-devel-linux-x86_64-debian-gcc 0.0.4 1.86 23.90 25.76 NOTE
r-devel-linux-x86_64-fedora-clang 0.0.4 47.06 OK
r-devel-linux-x86_64-fedora-gcc 0.0.4 39.40 OK
r-devel-windows-ix86+x86_64 0.0.4 7.00 45.00 52.00 NOTE
r-patched-linux-x86_64 0.0.4 2.11 29.96 32.07 NOTE
r-patched-solaris-x86 0.0.4 58.40 OK
r-release-linux-x86_64 0.0.4 2.42 29.38 31.80 NOTE
r-release-osx-x86_64 0.0.4 OK
r-release-windows-ix86+x86_64 0.0.4 5.00 62.00 67.00 NOTE
r-oldrel-osx-x86_64 0.0.4 OK
r-oldrel-windows-ix86+x86_64 0.0.4 4.00 59.00 63.00 OK

Check Details

Version: 0.0.4
Check: package vignettes
Result: NOTE
    Package vignette with placeholder title 'Vignette Title':
     'Introduction.Rmd'
Flavors: r-devel-linux-x86_64-debian-clang, r-devel-linux-x86_64-debian-gcc, r-devel-windows-ix86+x86_64, r-patched-linux-x86_64, r-release-linux-x86_64, r-release-windows-ix86+x86_64