CRAN Package Check Results for Package fs

Last updated on 2021-04-20 01:47:05 CEST.

Flavor Version Tinstall Tcheck Ttotal Status Flags
r-devel-linux-x86_64-debian-clang 1.5.0 62.76 44.82 107.58 NOTE
r-devel-linux-x86_64-debian-gcc 1.5.0 42.91 39.41 82.32 NOTE
r-devel-linux-x86_64-fedora-clang 1.5.0 167.60 NOTE
r-devel-linux-x86_64-fedora-gcc 1.5.0 153.40 NOTE
r-devel-windows-ix86+x86_64 1.5.0 152.00 72.00 224.00 NOTE
r-devel-windows-x86_64-gcc10-UCRT 1.5.0 NOTE
r-patched-linux-x86_64 1.5.0 49.78 48.94 98.72 NOTE
r-patched-solaris-x86 1.5.0 125.40 NOTE
r-release-linux-x86_64 1.5.0 49.02 48.58 97.60 NOTE
r-release-macos-x86_64 1.5.0 NOTE
r-release-windows-ix86+x86_64 1.5.0 152.00 90.00 242.00 NOTE
r-oldrel-macos-x86_64 1.5.0 NOTE
r-oldrel-windows-ix86+x86_64 1.5.0 97.00 83.00 180.00 NOTE

Check Details

Version: 1.5.0
Check: LazyData
Result: NOTE
     'LazyData' is specified without a 'data' directory
Flavors: r-devel-linux-x86_64-debian-clang, r-devel-linux-x86_64-debian-gcc, r-devel-linux-x86_64-fedora-clang, r-devel-linux-x86_64-fedora-gcc, r-devel-windows-ix86+x86_64, r-devel-windows-x86_64-gcc10-UCRT

Version: 1.5.0
Check: for GNU extensions in Makefiles
Result: NOTE
    GNU make is a SystemRequirements.
Flavors: r-devel-linux-x86_64-debian-clang, r-devel-linux-x86_64-debian-gcc, r-devel-linux-x86_64-fedora-clang, r-devel-linux-x86_64-fedora-gcc, r-devel-windows-ix86+x86_64, r-devel-windows-x86_64-gcc10-UCRT, r-patched-linux-x86_64, r-patched-solaris-x86, r-release-linux-x86_64, r-release-macos-x86_64, r-release-windows-ix86+x86_64, r-oldrel-macos-x86_64, r-oldrel-windows-ix86+x86_64