CRAN Package Check Results for Package fscaret

Last updated on 2018-10-16 08:48:10 CEST.

Flavor Version Tinstall Tcheck Ttotal Status Flags
r-devel-linux-x86_64-debian-clang 0.9.4.4 11.44 141.52 152.96 OK
r-devel-linux-x86_64-debian-gcc 0.9.4.4 10.54 111.69 122.23 OK
r-devel-linux-x86_64-fedora-clang 0.9.4.4 181.79 OK
r-devel-linux-x86_64-fedora-gcc 0.9.4.4 175.45 OK
r-devel-windows-ix86+x86_64 0.9.4.4 35.00 216.00 251.00 OK
r-patched-linux-x86_64 0.9.4.4 10.52 115.16 125.68 OK
r-patched-solaris-x86 0.9.4.4 232.50 NOTE
r-release-linux-x86_64 0.9.4.4 11.18 115.30 126.48 OK
r-release-windows-ix86+x86_64 0.9.4.4 32.00 185.00 217.00 OK
r-release-osx-x86_64 0.9.4.4 OK
r-oldrel-windows-ix86+x86_64 0.9.4.4 31.00 182.00 213.00 OK
r-oldrel-osx-x86_64 0.9.4.4 OK

Check Details

Version: 0.9.4.4
Check: package dependencies
Result: NOTE
    Package suggested but not available for checking: ‘RWeka’
Flavor: r-patched-solaris-x86