CRAN Package Check Results for Package fscaret

Last updated on 2019-01-22 05:49:11 CET.

Flavor Version Tinstall Tcheck Ttotal Status Flags
r-devel-linux-x86_64-debian-clang 0.9.4.4 10.78 108.24 119.02 OK
r-devel-linux-x86_64-debian-gcc 0.9.4.4 7.65 84.36 92.01 OK
r-devel-linux-x86_64-fedora-clang 0.9.4.4 142.13 OK
r-devel-linux-x86_64-fedora-gcc 0.9.4.4 132.20 OK
r-devel-windows-ix86+x86_64 0.9.4.4 31.00 172.00 203.00 OK
r-patched-linux-x86_64 0.9.4.4 9.66 97.89 107.55 OK
r-patched-solaris-x86 0.9.4.4 210.90 NOTE
r-release-linux-x86_64 0.9.4.4 10.63 97.64 108.27 OK
r-release-windows-ix86+x86_64 0.9.4.4 33.00 198.00 231.00 OK
r-release-osx-x86_64 0.9.4.4 OK
r-oldrel-windows-ix86+x86_64 0.9.4.4 25.00 162.00 187.00 OK
r-oldrel-osx-x86_64 0.9.4.4 OK

Check Details

Version: 0.9.4.4
Check: package dependencies
Result: NOTE
    Package suggested but not available for checking: ‘RWeka’
Flavor: r-patched-solaris-x86