CRAN Package Check Results for Package fscaret

Last updated on 2018-08-17 00:49:46 CEST.

Flavor Version Tinstall Tcheck Ttotal Status Flags
r-devel-linux-x86_64-debian-clang 0.9.4.4 11.54 139.97 151.51 OK
r-devel-linux-x86_64-debian-gcc 0.9.4.4 10.30 111.66 121.96 OK
r-devel-linux-x86_64-fedora-clang 0.9.4.4 186.35 OK
r-devel-linux-x86_64-fedora-gcc 0.9.4.4 169.65 OK
r-devel-windows-ix86+x86_64 0.9.4.4 38.00 215.00 253.00 OK
r-patched-linux-x86_64 0.9.4.4 11.28 115.15 126.43 OK
r-patched-solaris-x86 0.9.4.4 248.90 NOTE
r-release-linux-x86_64 0.9.4.4 11.78 115.01 126.79 OK
r-release-windows-ix86+x86_64 0.9.4.4 36.00 183.00 219.00 OK
r-release-osx-x86_64 0.9.4.4 OK
r-oldrel-windows-ix86+x86_64 0.9.4.4 27.00 185.00 212.00 OK
r-oldrel-osx-x86_64 0.9.4.4 OK

Check Details

Version: 0.9.4.4
Check: package dependencies
Result: NOTE
    Package suggested but not available for checking: ‘RWeka’
Flavor: r-patched-solaris-x86