CRAN Package Check Results for Package fscaret

Last updated on 2018-05-27 20:49:33 CEST.

Flavor Version Tinstall Tcheck Ttotal Status Flags
r-devel-linux-x86_64-debian-clang 0.9.4.4 10.78 134.21 144.99 OK
r-devel-linux-x86_64-debian-gcc 0.9.4.4 10.20 104.09 114.29 OK
r-devel-linux-x86_64-fedora-clang 0.9.4.4 182.45 OK
r-devel-linux-x86_64-fedora-gcc 0.9.4.4 178.92 OK
r-devel-windows-ix86+x86_64 0.9.4.4 21.00 135.00 156.00 OK
r-patched-linux-x86_64 0.9.4.4 9.75 110.74 120.49 OK
r-patched-solaris-x86 0.9.4.4 224.00 NOTE
r-release-linux-x86_64 0.9.4.4 8.58 109.10 117.68 OK
r-release-windows-ix86+x86_64 0.9.4.4 36.00 179.00 215.00 OK
r-release-osx-x86_64 0.9.4.4 OK
r-oldrel-windows-ix86+x86_64 0.9.4.4 26.00 135.00 161.00 OK
r-oldrel-osx-x86_64 0.9.4.3 OK

Check Details

Version: 0.9.4.4
Check: package dependencies
Result: NOTE
    Package suggested but not available for checking: ‘RWeka’
Flavor: r-patched-solaris-x86