CRAN Package Check Results for Package fslr

Last updated on 2018-08-16 12:50:11 CEST.

Flavor Version Tinstall Tcheck Ttotal Status Flags
r-devel-linux-x86_64-debian-clang 2.17.3 8.55 84.67 93.22 OK
r-devel-linux-x86_64-debian-gcc 2.17.3 6.92 67.04 73.96 OK
r-devel-linux-x86_64-fedora-clang 2.17.3 114.64 NOTE
r-devel-linux-x86_64-fedora-gcc 2.17.3 105.65 NOTE
r-devel-windows-ix86+x86_64 2.17.3 12.00 124.00 136.00 OK
r-patched-linux-x86_64 2.17.3 6.48 74.54 81.02 OK
r-patched-solaris-x86 2.17.3 137.70 NOTE
r-release-linux-x86_64 2.17.3 5.23 75.11 80.34 OK
r-release-windows-ix86+x86_64 2.17.3 22.00 125.00 147.00 OK
r-release-osx-x86_64 2.17.3 NOTE
r-oldrel-windows-ix86+x86_64 2.17.3 14.00 99.00 113.00 OK
r-oldrel-osx-x86_64 2.17.3 NOTE

Check Details

Version: 2.17.3
Check: dependencies in R code
Result: NOTE
    Namespaces in Imports field not imported from:
     ‘R.utils’ ‘grDevices’ ‘graphics’ ‘matrixStats’ ‘stats’
     All declared Imports should be used.
Flavors: r-devel-linux-x86_64-fedora-clang, r-devel-linux-x86_64-fedora-gcc, r-patched-solaris-x86, r-release-osx-x86_64, r-oldrel-osx-x86_64