CRAN Package Check Results for Package fslr

Last updated on 2018-05-27 08:47:38 CEST.

Flavor Version Tinstall Tcheck Ttotal Status Flags
r-devel-linux-x86_64-debian-clang 2.17.3 6.79 82.43 89.22 OK
r-devel-linux-x86_64-debian-gcc 2.17.3 6.43 63.75 70.18 OK
r-devel-linux-x86_64-fedora-clang 2.17.3 115.95 NOTE
r-devel-linux-x86_64-fedora-gcc 2.17.3 109.42 NOTE
r-devel-windows-ix86+x86_64 2.17.3 14.00 123.00 137.00 OK
r-patched-linux-x86_64 2.17.3 6.73 72.76 79.49 OK
r-patched-solaris-x86 2.17.3 132.70 NOTE
r-release-linux-x86_64 2.17.3 5.03 74.25 79.28 OK
r-release-windows-ix86+x86_64 2.17.3 17.00 128.00 145.00 OK
r-release-osx-x86_64 2.17.3 NOTE
r-oldrel-windows-ix86+x86_64 2.17.3 19.00 150.00 169.00 OK
r-oldrel-osx-x86_64 2.17.3 NOTE

Check Details

Version: 2.17.3
Check: dependencies in R code
Result: NOTE
    Namespaces in Imports field not imported from:
     ‘R.utils’ ‘grDevices’ ‘graphics’ ‘matrixStats’ ‘stats’
     All declared Imports should be used.
Flavors: r-devel-linux-x86_64-fedora-clang, r-devel-linux-x86_64-fedora-gcc, r-patched-solaris-x86, r-release-osx-x86_64, r-oldrel-osx-x86_64