CRAN Package Check Results for Package fslr

Last updated on 2018-02-23 08:48:35 CET.

Flavor Version Tinstall Tcheck Ttotal Status Flags
r-devel-linux-x86_64-debian-clang 2.17.3 7.67 70.18 77.85 OK
r-devel-linux-x86_64-debian-gcc 2.17.3 6.32 60.21 66.53 OK
r-devel-linux-x86_64-fedora-clang 2.17.3 103.24 NOTE
r-devel-linux-x86_64-fedora-gcc 2.17.3 101.27 NOTE
r-devel-windows-ix86+x86_64 2.17.3 25.00 120.00 145.00 OK
r-patched-linux-x86_64 2.17.3 5.72 85.35 91.07 OK
r-patched-solaris-x86 2.17.3 132.40 NOTE
r-release-linux-x86_64 2.17.3 4.44 85.16 89.60 OK
r-release-windows-ix86+x86_64 2.17.3 20.00 133.00 153.00 OK
r-release-osx-x86_64 2.17.3 NOTE
r-oldrel-windows-ix86+x86_64 2.17.3 11.00 95.00 106.00 OK
r-oldrel-osx-x86_64 2.12 NOTE

Check Details

Version: 2.17.3
Check: dependencies in R code
Result: NOTE
    Namespaces in Imports field not imported from:
     ‘R.utils’ ‘grDevices’ ‘graphics’ ‘matrixStats’ ‘stats’
     All declared Imports should be used.
Flavors: r-devel-linux-x86_64-fedora-clang, r-devel-linux-x86_64-fedora-gcc, r-patched-solaris-x86, r-release-osx-x86_64

Version: 2.12
Check: dependencies in R code
Result: NOTE
    Namespaces in Imports field not imported from:
     ‘R.utils’ ‘grDevices’ ‘graphics’ ‘matrixStats’ ‘stats’
     All declared Imports should be used.
Flavor: r-oldrel-osx-x86_64