CRAN Package Check Results for Package fslr

Last updated on 2018-10-18 13:47:21 CEST.

Flavor Version Tinstall Tcheck Ttotal Status Flags
r-devel-linux-x86_64-debian-clang 2.17.3 7.20 85.04 92.24 OK
r-devel-linux-x86_64-debian-gcc 2.17.3 OK
r-devel-linux-x86_64-fedora-clang 2.17.3 110.39 NOTE
r-devel-linux-x86_64-fedora-gcc 2.17.3 105.74 NOTE
r-devel-windows-ix86+x86_64 2.17.3 18.00 519.00 537.00 OK
r-patched-linux-x86_64 2.17.3 8.07 73.77 81.84 OK
r-patched-solaris-x86 2.17.3 133.20 NOTE
r-release-linux-x86_64 2.17.3 7.30 75.07 82.37 OK
r-release-windows-ix86+x86_64 2.17.3 14.00 132.00 146.00 OK
r-release-osx-x86_64 2.17.3 NOTE
r-oldrel-windows-ix86+x86_64 2.17.3 11.00 140.00 151.00 OK
r-oldrel-osx-x86_64 2.17.3 NOTE

Check Details

Version: 2.17.3
Check: dependencies in R code
Result: NOTE
    Namespaces in Imports field not imported from:
     ‘R.utils’ ‘grDevices’ ‘graphics’ ‘matrixStats’ ‘stats’
     All declared Imports should be used.
Flavors: r-devel-linux-x86_64-fedora-clang, r-devel-linux-x86_64-fedora-gcc, r-patched-solaris-x86, r-release-osx-x86_64, r-oldrel-osx-x86_64