CRAN Package Check Results for Package fst

Last updated on 2021-03-05 21:49:36 CET.

Flavor Version Tinstall Tcheck Ttotal Status Flags
r-devel-linux-x86_64-debian-clang 0.9.4 127.73 79.99 207.72 OK
r-devel-linux-x86_64-debian-gcc 0.9.4 80.41 56.07 136.48 OK
r-devel-linux-x86_64-fedora-clang 0.9.4 311.40 NOTE
r-devel-linux-x86_64-fedora-gcc 0.9.4 240.17 OK
r-devel-windows-ix86+x86_64 0.9.4 262.00 250.00 512.00 OK
r-patched-linux-x86_64 0.9.4 OK
r-patched-solaris-x86 0.9.4 238.00 ERROR
r-release-linux-x86_64 0.9.4 95.27 77.95 173.22 OK
r-release-macos-x86_64 0.9.4 NOTE
r-release-windows-ix86+x86_64 0.9.4 274.00 191.00 465.00 OK
r-oldrel-macos-x86_64 0.9.4 NOTE
r-oldrel-windows-ix86+x86_64 0.9.4 265.00 186.00 451.00 OK

Check Details

Version: 0.9.4
Check: installed package size
Result: NOTE
     installed size is 6.9Mb
     sub-directories of 1Mb or more:
     libs 6.8Mb
Flavors: r-devel-linux-x86_64-fedora-clang, r-release-macos-x86_64, r-oldrel-macos-x86_64

Version: 0.9.4
Check: tests
Result: ERROR
     Running ‘testthat.R’ [0m/180m]
    Running the tests in ‘tests/testthat.R’ failed.
    Complete output:
     >
     > # required packages
     > library(testthat)
     > library(fst)
     >
     > # some helper functions
     > source("testthat/helper_fstwrite.R") # cross-version testing
     >
     > # run tests
     > test_check("fst")
    
     *** caught segfault ***
     address ded558f4, cause 'memory not mapped'
Flavor: r-patched-solaris-x86