CRAN Package Check Results for Package fst

Last updated on 2019-11-20 01:46:32 CET.

Flavor Version Tinstall Tcheck Ttotal Status Flags
r-devel-linux-x86_64-debian-clang 0.9.0 115.76 76.78 192.54 NOTE
r-devel-linux-x86_64-debian-gcc 0.9.0 72.66 55.53 128.19 NOTE
r-devel-linux-x86_64-fedora-clang 0.9.0 273.22 NOTE
r-devel-linux-x86_64-fedora-gcc 0.9.0 220.20 NOTE
r-devel-windows-ix86+x86_64 0.9.0 269.00 243.00 512.00 OK
r-devel-windows-ix86+x86_64-gcc8 0.9.0 268.00 192.00 460.00 OK
r-patched-linux-x86_64 0.9.0 78.27 68.71 146.98 OK
r-patched-solaris-x86 0.9.0 216.30 ERROR
r-release-linux-x86_64 0.9.0 77.77 69.64 147.41 OK
r-release-windows-ix86+x86_64 0.9.0 192.00 251.00 443.00 OK
r-release-osx-x86_64 0.9.0 NOTE
r-oldrel-windows-ix86+x86_64 0.9.0 274.00 176.00 450.00 OK
r-oldrel-osx-x86_64 0.9.0 NOTE

Additional issues

rchk

Check Details

Version: 0.9.0
Check: for non-standard things in the check directory
Result: NOTE
    Found the following files/directories:
     'dataset.fst'
Flavors: r-devel-linux-x86_64-debian-clang, r-devel-linux-x86_64-debian-gcc, r-devel-linux-x86_64-fedora-clang, r-devel-linux-x86_64-fedora-gcc

Version: 0.9.0
Check: installed package size
Result: NOTE
     installed size is 5.9Mb
     sub-directories of 1Mb or more:
     libs 5.7Mb
Flavors: r-devel-linux-x86_64-fedora-clang, r-release-osx-x86_64, r-oldrel-osx-x86_64

Version: 0.9.0
Check: tests
Result: ERROR
     Running ‘testthat.R’ [62s/87s]
    Running the tests in ‘tests/testthat.R’ failed.
    Complete output:
     >
     > library(testthat)
     > library(fst)
     > library(data.table)
     > library(lintr)
     > library(bit64)
     Loading required package: bit
     Attaching package bit
     package:bit (c) 2008-2012 Jens Oehlschlaegel (GPL-2)
     creators: bit bitwhich
     coercion: as.logical as.integer as.bit as.bitwhich which
     operator: ! & | xor != ==
     querying: print length any all min max range sum summary
     bit access: length<- [ [<- [[ [[<-
     for more help type ?bit
    
     Attaching package: 'bit'
    
     The following object is masked from 'package:data.table':
    
     setattr
    
     The following object is masked from 'package:base':
    
     xor
    
     Attaching package bit64
     package:bit64 (c) 2011-2012 Jens Oehlschlaegel
     creators: integer64 seq :
     coercion: as.integer64 as.vector as.logical as.integer as.double as.character as.bin
     logical operator: ! & | xor != == < <= >= >
     arithmetic operator: + - * / %/% %% ^
     math: sign abs sqrt log log2 log10
     math: floor ceiling trunc round
     querying: is.integer64 is.vector [is.atomic} [length] format print str
     values: is.na is.nan is.finite is.infinite
     aggregation: any all min max range sum prod
     cumulation: diff cummin cummax cumsum cumprod
     access: length<- [ [<- [[ [[<-
     combine: c rep cbind rbind as.data.frame
     WARNING don't use as subscripts
     WARNING semantics differ from integer
     for more help type ?bit64
    
     Attaching package: 'bit64'
    
     The following object is masked from 'package:bit':
    
     still.identical
    
     The following objects are masked from 'package:base':
    
     %in%, :, is.double, match, order, rank
    
     >
     > source("testthat/helper_fstwrite.R") # cross-version testing
     >
     > test_check("fst")
     ── 1. Failure: Medium factor with a single NA level (@test_factor.R#130) ──────
     `dt` not equal to `data`.
     Component "A": Mean relative difference: 0.6666124
    
     ── 2. Failure: Medium factor with a single NA level (@test_factor.R#130) ──────
     to_frame(dt[offset:nrow(dt), , drop = FALSE]) not equal to `data`.
     Component "A": Mean relative difference: 0.6666124
    
     ── 3. Failure: Medium factor with a single NA level (@test_factor.R#130) ──────
     to_frame(dt[1:(nrow(dt) - cap), , drop = FALSE]) not equal to `data`.
     Component "A": Mean relative difference: 0.6666124
    
     ── 4. Failure: Medium factor with a single NA level (@test_factor.R#130) ──────
     to_frame(dt[offset:(nrow(dt) - cap), , drop = FALSE]) not equal to `data`.
     Component "A": Mean relative difference: 0.6666124
    
     ── 5. Failure: Single uncompressed vectors (@test_fst.R#105) ──────────────────
     `sub_dt` not equal to `data`.
     Component "Xint": Mean relative difference: 0.6666124
     args: col: Xint | from: 1 | to: 10000 | setColumns: | compress: 0 | tot_length 10000 cols sub_dt: 1 , rows sub_dt: 10000 cols data: 1 , rows data: 10000 head sub_dt: 1,2,3,4,5,6,7,8,9,10 head data: 1,2,3,4,5,6,7,8,9,10 unequals: 4096 uneq rows sub_dt1 4097,4098,4099,4100,4101,4102,4103,4104,4105,4106,4107,4108,4109,4110,4111,4112,4113,4114,4115,4116,4117,4118,4119,4120,4121 uneq rows sub_dt2 4097,4098,4099,4100,4101,4102,4103,4104,4105,4106,4107,4108,4109,4110,4111,4112,4113,4114,4115,4116,4117,4118,4119,4120,4121 uneq rows sub_dt3 8193,8194,8195,8196,8197,8198,8199,8200,8201,8202,8203,8204,8205,8206,8207,8208,8209,8210,8211,8212,8213,8214,8215,8216,8217
    
     ── 6. Failure: Single uncompressed vectors (@test_fst.R#105) ──────────────────
     `sub_dt` not equal to `data`.
     Component "Ylog": 'is.NA' value mismatch: 3360 in current 3376 in target
     args: col: Ylog | from: 1 | to: 10000 | setColumns: | compress: 0 | tot_length 10000 cols sub_dt: 1 , rows sub_dt: 10000 cols data: 1 , rows data: 10000 head sub_dt: FALSE,TRUE,TRUE,NA,FALSE,NA,TRUE,TRUE,FALSE,FALSE head data: FALSE,TRUE,TRUE,NA,FALSE,NA,TRUE,TRUE,FALSE,FALSE unequals: NA uneq rows sub_dt1 NA,NA,NA,NA,NA,NA,NA,NA,NA,NA,NA,NA,NA,NA,NA,NA,NA,NA,NA,NA,NA,NA,NA,NA,NA uneq rows sub_dt2 NA,NA,NA,NA,NA,NA,NA,NA,NA,NA,NA,NA,NA,NA,NA,NA,NA,NA,NA,NA,NA,NA,NA,NA,NA uneq rows sub_dt3 NA,NA,NA,NA,NA,NA,NA,NA,NA,NA,NA,NA,NA,NA,NA,NA,NA,NA,NA,NA,NA,NA,NA,NA,NA
    
     ── 7. Failure: Single uncompressed vectors (@test_fst.R#105) ──────────────────
     `sub_dt` not equal to `data`.
     Component "Zdoub": Mean relative difference: 1.407016
     args: col: Zdoub | from: 1 | to: 10000 | setColumns: | compress: 0 | tot_length 10000 cols sub_dt: 1 , rows sub_dt: 10000 cols data: 1 , rows data: 10000 head sub_dt: 0.0885295221088306,-0.931357891186814,0.0584909604947612,-1.58530951360599,-0.359388252161906,0.0438112479834188,0.570677724174673,0.330822540257674,0.246465924296596,-0.530186937034709 head data: 0.0885295221088306,-0.931357891186814,0.0584909604947612,-1.58530951360599,-0.359388252161906,0.0438112479834188,0.570677724174673,0.330822540257674,0.246465924296596,-0.530186937034709 unequals: 4096 uneq rows sub_dt1 -0.339234870967876,0.146449869986693,-1.37588622634359,0.365184337201537,-0.924419209436996,-0.525867132066762,-0.168552419657812,0.0210300960481955,-1.16776681809396,-0.104623422762709,0.485631144850298,0.0173704047683072,-0.135616283956751,-0.145458688761,0.436338041670427,-2.03106608230518,0.275863128316546,1.91636849376745,0.0260981173445886,2.0831316361994,-2.4638384502404,-0.708404184944685,1.60682750685078,-0.0361035446489138,-0.260737664808305 uneq rows sub_dt2 4097,4098,4099,4100,4101,4102,4103,4104,4105,4106,4107,4108,4109,4110,4111,4112,4113,4114,4115,4116,4117,4118,4119,4120,4121 uneq rows sub_dt3 0.0885295221088306,-0.931357891186814,0.0584909604947612,-1.58530951360599,-0.359388252161906,0.0438112479834188,0.570677724174673,0.330822540257674,0.246465924296596,-0.530186937034709,-0.941049730739966,-0.418911618942734,-0.666945835214534,-1.31676613776136,-1.08586754334679,-0.441957297290655,-0.388591540044598,1.00736606176776,-0.864561085581579,0.457329585142672,1.94032252050055,-1.9547094116866,-0.626892713373672,0.200812729856424,0.278150598788235
    
     ── 8. Failure: Single uncompressed vectors (@test_fst.R#105) ──────────────────
     `sub_dt` not equal to `data`.
     Component "WFact": 3567 string mismatches
     args: col: WFact | from: 1 | to: 10000 | setColumns: | compress: 0 | tot_length 10000 cols sub_dt: 1 , rows sub_dt: 10000 cols data: 1 , rows data: 10000 head sub_dt: NF,NF,HR,LVPS,G,NF,HR,ODE,G,P head data: NF,NF,HR,LVPS,G,NF,HR,ODE,G,P unequals: 3567 uneq rows sub_dt1 LVPS,DZ,DZ,G,HR,LVPS,P,CVRF,HR,ODE,DZ,LVPS,G,G,G,HR,HR,P,DZ,LVPS,G,P,NF,G,DZ uneq rows sub_dt2 4097,4098,4099,4100,4101,4102,4103,4104,4105,4106,4107,4108,4109,4110,4111,4112,4114,4115,4116,4117,4118,4119,4120,4122,4123 uneq rows sub_dt3 NF,NF,HR,LVPS,G,NF,HR,ODE,G,P,CVRF,NF,NF,P,ODE,CVRF,NF,HR,CVRF,CVRF,P,ODE,P,CVRF,NF
    
     ── 9. Failure: Single uncompressed vectors (@test_fst.R#105) ──────────────────
     `sub_dt` not equal to `data`.
     Component "Ordered": 3545 string mismatches
     args: col: Ordered | from: 1 | to: 10000 | setColumns: | compress: 0 | tot_length 10000 cols sub_dt: 1 , rows sub_dt: 10000 cols data: 1 , rows data: 10000 head sub_dt: PE,H,TWLM,RC,UA,YC,TWLM,H,H,H head data: PE,H,TWLM,RC,UA,YC,TWLM,H,H,H unequals: 3545 uneq rows sub_dt1 RC,UA,VDQ,TWLM,VDQ,H,RC,UA,YC,TWLM,PE,RC,VDQ,H,PE,YC,TWLM,HVI,PE,UA,VDQ,RC,VDQ,H,RC uneq rows sub_dt2 4098,4099,4100,4101,4102,4103,4104,4105,4106,4107,4109,4110,4111,4112,4113,4114,4115,4116,4117,4118,4119,4120,4121,4122,4123 uneq rows sub_dt3 H,TWLM,RC,UA,YC,TWLM,H,H,H,YC,VDQ,UA,HVI,TWLM,RC,H,H,TWLM,YC,TWLM,RC,PE,HVI,HVI,PE
    
     ── 10. Failure: Single uncompressed vectors (@test_fst.R#105) ─────────────────
     `sub_dt` not equal to `data`.
     Component "Date": Mean relative difference: 0.6627297
     args: col: Date | from: 1 | to: 10000 | setColumns: | compress: 0 | tot_length 10000 cols sub_dt: 1 , rows sub_dt: 10000 cols data: 1 , rows data: 10000 head sub_dt: 1986-03-14,1981-12-01,1990-12-09,1995-11-21,1980-12-17,1971-01-17,1970-10-03,1980-01-02,1985-08-30,1992-01-14 head data: 1986-03-14,1981-12-01,1990-12-09,1995-11-21,1980-12-17,1971-01-17,1970-10-03,1980-01-02,1985-08-30,1992-01-14 unequals: 4096 uneq rows sub_dt1 1996-09-02,1991-04-22,1996-12-19,1982-01-20,1981-10-23,1988-04-11,1986-11-15,1993-09-18,1982-12-19,1975-05-25,1989-03-31,1981-05-17,1990-09-01,1991-02-11,1986-11-05,1986-05-29,1978-09-12,1974-09-14,1973-09-05,1990-06-03,1975-12-20,1986-08-22,1987-04-29,1992-02-15,1990-11-14 uneq rows sub_dt2 4097,4098,4099,4100,4101,4102,4103,4104,4105,4106,4107,4108,4109,4110,4111,4112,4113,4114,4115,4116,4117,4118,4119,4120,4121 uneq rows sub_dt3 1971-10-17,1982-06-22,1986-10-07,1977-12-31,1988-02-23,1985-01-09,1982-05-07,1978-10-19,1970-01-18,1981-07-15,1979-08-05,1972-02-25,1992-02-02,1971-01-30,1993-08-08,1994-10-13,1991-03-15,1988-08-26,1981-05-31,1979-12-18,1976-12-21,1996-03-25,1987-09-07,1992-02-21,1974-09-12
    
     ── 11. Failure: Single uncompressed vectors (@test_fst.R#105) ─────────────────
     `sub_dt` not equal to `data`.
     Component "DateDouble": Mean relative difference: 0.1813955
     args: col: DateDouble | from: 1 | to: 10000 | setColumns: | compress: 0 | tot_length 10000 cols sub_dt: 1 , rows sub_dt: 10000 cols data: 1 , rows data: 10000 head sub_dt: 2015-01-02,2015-01-03,2015-01-04,2015-01-05,2015-01-06,2015-01-07,2015-01-08,2015-01-09,2015-01-10,2015-01-11 head data: 2015-01-02,2015-01-03,2015-01-04,2015-01-05,2015-01-06,2015-01-07,2015-01-08,2015-01-09,2015-01-10,2015-01-11 unequals: 4096 uneq rows sub_dt1 2026-03-21,2026-03-22,2026-03-23,2026-03-24,2026-03-25,2026-03-26,2026-03-27,2026-03-28,2026-03-29,2026-03-30,2026-03-31,2026-04-01,2026-04-02,2026-04-03,2026-04-04,2026-04-05,2026-04-06,2026-04-07,2026-04-08,2026-04-09,2026-04-10,2026-04-11,2026-04-12,2026-04-13,2026-04-14 uneq rows sub_dt2 4097,4098,4099,4100,4101,4102,4103,4104,4105,4106,4107,4108,4109,4110,4111,4112,4113,4114,4115,4116,4117,4118,4119,4120,4121 uneq rows sub_dt3 2037-06-07,2037-06-08,2037-06-09,2037-06-10,2037-06-11,2037-06-12,2037-06-13,2037-06-14,2037-06-15,2037-06-16,2037-06-17,2037-06-18,2037-06-19,2037-06-20,2037-06-21,2037-06-22,2037-06-23,2037-06-24,2037-06-25,2037-06-26,2037-06-27,2037-06-28,2037-06-29,2037-06-30,2037-07-01
    
     ── 12. Failure: Single uncompressed vectors (@test_fst.R#105) ─────────────────
     `sub_dt` not equal to `data`.
     Component "Difftime": Mean relative difference: 0.6666126
     args: col: Difftime | from: 1 | to: 10000 | setColumns: | compress: 0 | tot_length 10000 cols sub_dt: 1 , rows sub_dt: 10000 cols data: 1 , rows data: 10000 head sub_dt: 0.998507976531982,1.99850797653198,2.99850797653198,3.99850797653198,4.99850797653198,5.99850797653198,6.99850797653198,7.99850797653198,8.99850797653198,9.99850797653198 head data: 0.998507976531982,1.99850797653198,2.99850797653198,3.99850797653198,4.99850797653198,5.99850797653198,6.99850797653198,7.99850797653198,8.99850797653198,9.99850797653198 unequals: 4096 uneq rows sub_dt1 4096.99850797653,4097.99850797653,4098.99850797653,4099.99850797653,4100.99850797653,4101.99850797653,4102.99850797653,4103.99850797653,4104.99850797653,4105.99850797653,4106.99850797653,4107.99850797653,4108.99850797653,4109.99850797653,4110.99850797653,4111.99850797653,4112.99850797653,4113.99850797653,4114.99850797653,4115.99850797653,4116.99850797653,4117.99850797653,4118.99850797653,4119.99850797653,4120.99850797653 uneq rows sub_dt2 4097,4098,4099,4100,4101,4102,4103,4104,4105,4106,4107,4108,4109,4110,4111,4112,4113,4114,4115,4116,4117,4118,4119,4120,4121 uneq rows sub_dt3 8192.99850797653,8193.99850797653,8194.99850797653,8195.99850797653,8196.99850797653,8197.99850797653,8198.99850797653,8199.99850797653,8200.99850797653,8201.99850797653,8202.99850797653,8203.99850797653,8204.99850797653,8205.99850797653,8206.99850797653,8207.99850797653,8208.99850797653,8209.99850797653,8210.99850797653,8211.99850797653,8212.99850797653,8213.99850797653,8214.99850797653,8215.99850797653,8216.99850797653
    
     ── 13. Failure: Single uncompressed vectors (@test_fst.R#105) ─────────────────
     `sub_dt` not equal to `data`.
     Component "DiffTime_int": Mean relative difference: 0.6667209
     args: col: DiffTime_int | from: 1 | to: 10000 | setColumns: | compress: 0 | tot_length 10000 cols sub_dt: 1 , rows sub_dt: 10000 cols data: 1 , rows data: 10000 head sub_dt: 0,1,2,3,4,5,6,7,8,9 head data: 0,1,2,3,4,5,6,7,8,9 unequals: 4096 uneq rows sub_dt1 4096,4097,4098,4099,4100,4101,4102,4103,4104,4105,4106,4107,4108,4109,4110,4111,4112,4113,4114,4115,4116,4117,4118,4119,4120 uneq rows sub_dt2 4097,4098,4099,4100,4101,4102,4103,4104,4105,4106,4107,4108,4109,4110,4111,4112,4113,4114,4115,4116,4117,4118,4119,4120,4121 uneq rows sub_dt3 8192,8193,8194,8195,8196,8197,8198,8199,8200,8201,8202,8203,8204,8205,8206,8207,8208,8209,8210,8211,8212,8213,8214,8215,8216
    
     ── 14. Failure: Single weakly compressed vectors (@test_fst.R#120) ────────────
     `sub_dt` not equal to `data`.
     Component "Xint": 'is.NA' value mismatch: 2 in current 0 in target
     args: col: Xint | from: 1 | to: 10000 | setColumns: | compress: 30 | tot_length 10000 cols sub_dt: 1 , rows sub_dt: 10000 cols data: 1 , rows data: 10000 head sub_dt: 1,2,3,4,5,6,7,8,9,10 head data: 1,2,3,4,5,6,7,8,9,10 unequals: NA uneq rows sub_dt1 4097,4098,4099,4100,4101,4102,4103,4104,4105,4106,4107,4108,4109,4110,4111,4112,4113,4114,4115,4116,4117,4118,4119,4120,4121 uneq rows sub_dt2 4097,4098,4099,4100,4101,4102,4103,4104,4105,4106,4107,4108,4109,4110,4111,4112,4113,4114,4115,4116,4117,4118,4119,4120,4121 uneq rows sub_dt3 4,4,65781,65782,0,12189696,0,0,218103812,65540,-301924105,9502968,-1413808128,0,0,-1476395008,65540,0,9568504,0,0,0,0,0,458759
    
     ── 15. Failure: Single weakly compressed vectors (@test_fst.R#120) ────────────
     `sub_dt` not equal to `data`.
     Component "Ylog": 'is.NA' value mismatch: 2813 in current 3376 in target
     args: col: Ylog | from: 1 | to: 10000 | setColumns: | compress: 30 | tot_length 10000 cols sub_dt: 1 , rows sub_dt: 10000 cols data: 1 , rows data: 10000 head sub_dt: FALSE,TRUE,TRUE,NA,FALSE,NA,TRUE,TRUE,FALSE,FALSE head data: FALSE,TRUE,TRUE,NA,FALSE,NA,TRUE,TRUE,FALSE,FALSE unequals: NA uneq rows sub_dt1 NA,NA,NA,NA,NA,NA,NA,NA,NA,NA,NA,NA,NA,NA,NA,NA,NA,NA,NA,NA,NA,NA,NA,NA,NA uneq rows sub_dt2 NA,NA,NA,NA,NA,NA,NA,NA,NA,NA,NA,NA,NA,NA,NA,NA,NA,NA,NA,NA,NA,NA,NA,NA,NA uneq rows sub_dt3 NA,NA,NA,NA,NA,NA,NA,NA,NA,NA,NA,NA,NA,NA,NA,NA,NA,NA,NA,NA,NA,NA,NA,NA,NA
    
    
     *** caught segfault ***
     address fcc2506c, cause 'memory not mapped'
    
     Traceback:
     1: fstretrieve(fileName, columns, from, to)
     2: read_fst(path, columns, from, to, as.data.table)
     3: fstreadproxy("FactorStore/data1.fst", columns = sel_columns, from = from, to = to)
     4: test_write_read(x, compress = 30L)
     5: FUN(X[[i]], ...)
     6: lapply(X = X, FUN = FUN, ...)
     7: sapply(colNames, function(x) { test_write_read(x, compress = 30L)})
     8: eval(code, test_env)
     9: eval(code, test_env)
     10: withCallingHandlers({ eval(code, test_env) if (!handled && !is.null(test)) { skip_empty() }}, expectation = handle_expectation, skip = handle_skip, warning = handle_warning, message = handle_message, error = handle_error)
     11: doTryCatch(return(expr), name, parentenv, handler)
     12: tryCatchOne(expr, names, parentenv, handlers[[1L]])
     13: tryCatchList(expr, names[-nh], parentenv, handlers[-nh])
     14: doTryCatch(return(expr), name, parentenv, handler)
     15: tryCatchOne(tryCatchList(expr, names[-nh], parentenv, handlers[-nh]), names[nh], parentenv, handlers[[nh]])
     16: tryCatchList(expr, classes, parentenv, handlers)
     17: tryCatch(withCallingHandlers({ eval(code, test_env) if (!handled && !is.null(test)) { skip_empty() }}, expectation = handle_expectation, skip = handle_skip, warning = handle_warning, message = handle_message, error = handle_error), error = handle_fatal, skip = function(e) { })
     18: test_code(desc, code, env = parent.frame())
     19: test_that("Single weakly compressed vectors", { sapply(colNames, function(x) { test_write_read(x, compress = 30L) })})
     20: eval(code, test_env)
     21: eval(code, test_env)
     22: withCallingHandlers({ eval(code, test_env) if (!handled && !is.null(test)) { skip_empty() }}, expectation = handle_expectation, skip = handle_skip, warning = handle_warning, message = handle_message, error = handle_error)
     23: doTryCatch(return(expr), name, parentenv, handler)
     24: tryCatchOne(expr, names, parentenv, handlers[[1L]])
     25: tryCatchList(expr, names[-nh], parentenv, handlers[-nh])
     26: doTryCatch(return(expr), name, parentenv, handler)
     27: tryCatchOne(tryCatchList(expr, names[-nh], parentenv, handlers[-nh]), names[nh], parentenv, handlers[[nh]])
     28: tryCatchList(expr, classes, parentenv, handlers)
     29: tryCatch(withCallingHandlers({ eval(code, test_env) if (!handled && !is.null(test)) { skip_empty() }}, expectation = handle_expectation, skip = handle_skip, warning = handle_warning, message = handle_message, error = handle_error), error = handle_fatal, skip = function(e) { })
     30: test_code(NULL, exprs, env)
     31: source_file(path, new.env(parent = env), chdir = TRUE, wrap = wrap)
     32: force(code)
     33: doWithOneRestart(return(expr), restart)
     34: withOneRestart(expr, restarts[[1L]])
     35: withRestarts(testthat_abort_reporter = function() NULL, force(code))
     36: with_reporter(reporter = reporter, start_end_reporter = start_end_reporter, { reporter$start_file(basename(path)) lister$start_file(basename(path)) source_file(path, new.env(parent = env), chdir = TRUE, wrap = wrap) reporter$.end_context() reporter$end_file() })
     37: FUN(X[[i]], ...)
     38: lapply(paths, test_file, env = env, reporter = current_reporter, start_end_reporter = FALSE, load_helpers = FALSE, wrap = wrap)
     39: force(code)
     40: doWithOneRestart(return(expr), restart)
     41: withOneRestart(expr, restarts[[1L]])
     42: withRestarts(testthat_abort_reporter = function() NULL, force(code))
     43: with_reporter(reporter = current_reporter, results <- lapply(paths, test_file, env = env, reporter = current_reporter, start_end_reporter = FALSE, load_helpers = FALSE, wrap = wrap))
     44: test_files(paths, reporter = reporter, env = env, stop_on_failure = stop_on_failure, stop_on_warning = stop_on_warning, wrap = wrap)
     45: test_dir(path = test_path, reporter = reporter, env = env, filter = filter, ..., stop_on_failure = stop_on_failure, stop_on_warning = stop_on_warning, wrap = wrap)
     46: test_package_dir(package = package, test_path = test_path, filter = filter, reporter = reporter, ..., stop_on_failure = stop_on_failure, stop_on_warning = stop_on_warning, wrap = wrap)
     47: test_check("fst")
     An irrecoverable exception occurred. R is aborting now ...
Flavor: r-patched-solaris-x86