CRAN Package Check Results for Package fst

Last updated on 2021-08-03 18:50:42 CEST.

Flavor Version Tinstall Tcheck Ttotal Status Flags
r-devel-linux-x86_64-debian-clang 0.9.4 131.37 81.31 212.68 NOTE
r-devel-linux-x86_64-debian-gcc 0.9.4 82.83 57.29 140.12 NOTE
r-devel-linux-x86_64-fedora-clang 0.9.4 306.88 NOTE
r-devel-linux-x86_64-fedora-gcc 0.9.4 244.22 NOTE
r-devel-windows-x86_64 0.9.4 109.00 150.00 259.00 NOTE
r-devel-windows-x86_64-gcc10-UCRT 0.9.4 NOTE
r-patched-linux-x86_64 0.9.4 92.54 75.43 167.97 NOTE
r-patched-solaris-x86 0.9.4 247.00 ERROR
r-release-linux-x86_64 0.9.4 91.71 74.91 166.62 NOTE
r-release-macos-arm64 0.9.4 ERROR
r-release-macos-x86_64 0.9.4 NOTE
r-release-windows-ix86+x86_64 0.9.4 263.00 190.00 453.00 NOTE
r-oldrel-macos-x86_64 0.9.4 NOTE
r-oldrel-windows-ix86+x86_64 0.9.4 201.00 240.00 441.00 OK

Check Details

Version: 0.9.4
Check: LazyData
Result: NOTE
     'LazyData' is specified without a 'data' directory
Flavors: r-devel-linux-x86_64-debian-clang, r-devel-linux-x86_64-debian-gcc, r-devel-linux-x86_64-fedora-clang, r-devel-linux-x86_64-fedora-gcc, r-devel-windows-x86_64, r-devel-windows-x86_64-gcc10-UCRT, r-patched-linux-x86_64, r-patched-solaris-x86, r-release-linux-x86_64, r-release-macos-x86_64, r-release-windows-ix86+x86_64

Version: 0.9.4
Check: installed package size
Result: NOTE
     installed size is 6.4Mb
     sub-directories of 1Mb or more:
     libs 6.3Mb
Flavors: r-devel-linux-x86_64-fedora-clang, r-release-macos-x86_64, r-oldrel-macos-x86_64

Version: 0.9.4
Check: tests
Result: ERROR
     Running ‘testthat.R’ [0m/180m]
    Running the tests in ‘tests/testthat.R’ failed.
    Complete output:
     >
     > # required packages
     > library(testthat)
     > library(fst)
     >
     > # some helper functions
     > source("testthat/helper_fstwrite.R") # cross-version testing
     >
     > # run tests
     > test_check("fst")
    
     *** caught segfault ***
     address 50564a3f, cause 'memory not mapped'
Flavor: r-patched-solaris-x86

Version: 0.9.4
Check: whether package can be installed
Result: ERROR
    Installation failed.
Flavor: r-release-macos-arm64