CRAN Package Check Results for Package fst

Last updated on 2020-08-12 02:47:16 CEST.

Flavor Version Tinstall Tcheck Ttotal Status Flags
r-devel-linux-x86_64-debian-clang 0.9.2 130.33 79.73 210.06 OK
r-devel-linux-x86_64-debian-gcc 0.9.2 88.34 56.40 144.74 OK
r-devel-linux-x86_64-fedora-clang 0.9.2 316.46 NOTE
r-devel-linux-x86_64-fedora-gcc 0.9.2 254.69 OK
r-devel-windows-ix86+x86_64 0.9.2 280.00 257.00 537.00 OK
r-patched-linux-x86_64 0.9.2 89.39 75.95 165.34 OK
r-patched-solaris-x86 0.9.2 159.50 ERROR
r-release-linux-x86_64 0.9.2 91.01 77.63 168.64 OK
r-release-macos-x86_64 0.9.2 NOTE
r-release-windows-ix86+x86_64 0.9.2 261.00 269.00 530.00 OK
r-oldrel-macos-x86_64 0.9.2 NOTE
r-oldrel-windows-ix86+x86_64 0.9.2 205.00 207.00 412.00 OK

Additional issues

rchk

Check Details

Version: 0.9.2
Check: installed package size
Result: NOTE
     installed size is 6.9Mb
     sub-directories of 1Mb or more:
     libs 6.8Mb
Flavors: r-devel-linux-x86_64-fedora-clang, r-release-macos-x86_64, r-oldrel-macos-x86_64

Version: 0.9.2
Check: package dependencies
Result: NOTE
    Package suggested but not available for checking: ‘nanotime’
Flavor: r-patched-solaris-x86

Version: 0.9.2
Check: tests
Result: ERROR
     Running ‘testthat.R’
    Running the tests in ‘tests/testthat.R’ failed.
    Complete output:
     >
     > # required packages
     > library(testthat)
     > library(fst)
     > library(data.table)
     > library(lintr)
     > library(bit64)
     Loading required package: bit
    
     Attaching package: 'bit'
    
     The following object is masked from 'package:data.table':
    
     setattr
    
     The following object is masked from 'package:base':
    
     xor
    
     Attaching package bit64
     package:bit64 (c) 2011-2017 Jens Oehlschlaegel
     creators: integer64 runif64 seq :
     coercion: as.integer64 as.vector as.logical as.integer as.double as.character as.bitstring
     logical operator: ! & | xor != == < <= >= >
     arithmetic operator: + - * / %/% %% ^
     math: sign abs sqrt log log2 log10
     math: floor ceiling trunc round
     querying: is.integer64 is.vector [is.atomic} [length] format print str
     values: is.na is.nan is.finite is.infinite
     aggregation: any all min max range sum prod
     cumulation: diff cummin cummax cumsum cumprod
     access: length<- [ [<- [[ [[<-
     combine: c rep cbind rbind as.data.frame
     WARNING don't use as subscripts
     WARNING semantics differ from integer
     for more help type ?bit64
    
     Attaching package: 'bit64'
    
     The following objects are masked from 'package:base':
    
     %in%, :, is.double, match, order, rank
    
     > library(nanotime)
     Error in library(nanotime) : there is no package called 'nanotime'
     Execution halted
Flavor: r-patched-solaris-x86