CRAN Package Check Results for Package fst

Last updated on 2020-10-29 07:48:37 CET.

Flavor Version Tinstall Tcheck Ttotal Status Flags
r-devel-linux-x86_64-debian-clang 0.9.4 127.26 79.96 207.22 OK
r-devel-linux-x86_64-debian-gcc 0.9.4 89.57 55.58 145.15 OK
r-devel-linux-x86_64-fedora-clang 0.9.4 306.84 NOTE
r-devel-linux-x86_64-fedora-gcc 0.9.4 243.90 OK
r-devel-windows-ix86+x86_64 0.9.4 270.00 242.00 512.00 OK
r-patched-linux-x86_64 0.9.4 108.93 75.81 184.74 OK
r-patched-solaris-x86 0.9.4 222.40 ERROR
r-release-linux-x86_64 0.9.4 104.65 76.77 181.42 OK
r-release-macos-x86_64 0.9.4 NOTE
r-release-windows-ix86+x86_64 0.9.4 213.00 262.00 475.00 OK
r-oldrel-macos-x86_64 0.9.4 NOTE
r-oldrel-windows-ix86+x86_64 0.9.4 225.00 235.00 460.00 OK

Check Details

Version: 0.9.4
Check: installed package size
Result: NOTE
     installed size is 6.9Mb
     sub-directories of 1Mb or more:
     libs 6.8Mb
Flavors: r-devel-linux-x86_64-fedora-clang, r-release-macos-x86_64, r-oldrel-macos-x86_64

Version: 0.9.4
Check: tests
Result: ERROR
     Running ‘testthat.R’ [0m/180m]
    Running the tests in ‘tests/testthat.R’ failed.
    Complete output:
     >
     > # required packages
     > library(testthat)
     > library(fst)
     >
     > # some helper functions
     > source("testthat/helper_fstwrite.R") # cross-version testing
     >
     > # run tests
     > test_check("fst")
     ── 1. Failure: Medium factor with a single NA level (@test_factor.R#130) ──────
     `dt` not equal to `data`.
     Component "A": Mean relative difference: 0.6666124
    
     ── 2. Failure: Medium factor with a single NA level (@test_factor.R#130) ──────
     to_frame(dt[offset:nrow(dt), , drop = FALSE]) not equal to `data`.
     Component "A": Mean relative difference: 0.6666124
    
     ── 3. Failure: Medium factor with a single NA level (@test_factor.R#130) ──────
     to_frame(dt[1:(nrow(dt) - cap), , drop = FALSE]) not equal to `data`.
     Component "A": Mean relative difference: 0.6666124
    
     ── 4. Failure: Medium factor with a single NA level (@test_factor.R#130) ──────
     to_frame(dt[offset:(nrow(dt) - cap), , drop = FALSE]) not equal to `data`.
     Component "A": Mean relative difference: 0.6666124
    
     ── 5. Failure: Single uncompressed vectors (@test_fst.R#103) ──────────────────
     `sub_dt` not equal to `data`.
     Component "Xint": Mean relative difference: 0.6666124
     args: col: Xint | from: 1 | to: 10000 | setColumns: | compress: 0 | tot_length 10000 cols sub_dt: 1 , rows sub_dt: 10000 cols data: 1 , rows data: 10000 head sub_dt: 1,2,3,4,5,6,7,8,9,10 head data: 1,2,3,4,5,6,7,8,9,10 unequals: 4096 uneq rows sub_dt1 4097,4098,4099,4100,4101,4102,4103,4104,4105,4106,4107,4108,4109,4110,4111,4112,4113,4114,4115,4116,4117,4118,4119,4120,4121 uneq rows sub_dt2 4097,4098,4099,4100,4101,4102,4103,4104,4105,4106,4107,4108,4109,4110,4111,4112,4113,4114,4115,4116,4117,4118,4119,4120,4121 uneq rows sub_dt3 8193,8194,8195,8196,8197,8198,8199,8200,8201,8202,8203,8204,8205,8206,8207,8208,8209,8210,8211,8212,8213,8214,8215,8216,8217
    
     ── 6. Failure: Single uncompressed vectors (@test_fst.R#103) ──────────────────
     `sub_dt` not equal to `data`.
     Component "Ylog": 'is.NA' value mismatch: 3313 in current 3298 in target
     args: col: Ylog | from: 1 | to: 10000 | setColumns: | compress: 0 | tot_length 10000 cols sub_dt: 1 , rows sub_dt: 10000 cols data: 1 , rows data: 10000 head sub_dt: NA,NA,TRUE,TRUE,NA,TRUE,NA,TRUE,TRUE,FALSE head data: NA,NA,TRUE,TRUE,NA,TRUE,NA,TRUE,TRUE,FALSE unequals: NA uneq rows sub_dt1 NA,NA,NA,NA,NA,NA,NA,NA,NA,NA,NA,NA,NA,NA,NA,NA,NA,NA,NA,NA,NA,NA,NA,NA,NA uneq rows sub_dt2 NA,NA,NA,NA,NA,NA,NA,NA,NA,NA,NA,NA,NA,NA,NA,NA,NA,NA,NA,NA,NA,NA,NA,NA,NA uneq rows sub_dt3 NA,NA,NA,NA,NA,NA,NA,NA,NA,NA,NA,NA,NA,NA,NA,NA,NA,NA,NA,NA,NA,NA,NA,NA,NA
    
     ── 7. Failure: Single uncompressed vectors (@test_fst.R#103) ──────────────────
     `sub_dt` not equal to `data`.
     Component "Zdoub": Mean relative difference: 1.407284
     args: col: Zdoub | from: 1 | to: 10000 | setColumns: | compress: 0 | tot_length 10000 cols sub_dt: 1 , rows sub_dt: 10000 cols data: 1 , rows data: 10000 head sub_dt: -1.23184884800388,0.048539959302208,1.17428218042461,-0.104567400533888,-0.664038464221969,0.396221894051387,0.790969156470477,-0.691414705843956,-2.51872473081263,-0.667924027320065 head data: -1.23184884800388,0.048539959302208,1.17428218042461,-0.104567400533888,-0.664038464221969,0.396221894051387,0.790969156470477,-0.691414705843956,-2.51872473081263,-0.667924027320065 unequals: 4096 uneq rows sub_dt1 -0.140515053724985,-0.0116864376591576,-0.76665744798998,1.16481669299919,1.10413844658518,1.33878676065677,-0.220596036959039,1.23187901498683,0.385436122520233,-0.640642597413651,-0.853122742647789,-1.14906566344027,-0.377586412459271,-1.17976607216884,0.45843908014385,-1.47392913507769,1.55800953717468,0.570592799690208,0.17676727562579,0.226350377187259,0.654051403234164,1.07526508264747,0.517117724932905,0.866828508852659,1.059292411477 uneq rows sub_dt2 4097,4098,4099,4100,4101,4102,4103,4104,4105,4106,4107,4108,4109,4110,4111,4112,4113,4114,4115,4116,4117,4118,4119,4120,4121 uneq rows sub_dt3 -1.48615665885427,-0.00654586988439775,-1.35114813874906,1.0768050536579,-0.0308244139171285,0.967167936086477,0.493193772514723,-0.179863575801254,0.928293253145406,-0.647528318235414,0.11355253267941,0.0529636655929856,-2.09288975501844,0.979241241671411,-1.34211798903391,1.49052296719307,0.19994494776695,1.92139327896392,1.24542131279396,-0.44226184873878,-0.813305078569838,-0.900208380972556,2.19717390568075,0.00499787757311617,-1.1651398957495
    
     ── 8. Failure: Single uncompressed vectors (@test_fst.R#103) ──────────────────
     `sub_dt` not equal to `data`.
     Component "WFact": 3558 string mismatches
     args: col: WFact | from: 1 | to: 10000 | setColumns: | compress: 0 | tot_length 10000 cols sub_dt: 1 , rows sub_dt: 10000 cols data: 1 , rows data: 10000 head sub_dt: CR,LUF,CR,BWHU,IGV,R,JWZ,F,XO,JWZ head data: CR,LUF,CR,BWHU,IGV,R,JWZ,F,XO,JWZ unequals: 3558 uneq rows sub_dt1 IGV,CR,F,IGV,LUF,F,CR,CR,R,F,LUF,R,CR,IGV,R,BWHU,CR,JWZ,CR,LUF,IGV,F,IGV,R,LUF uneq rows sub_dt2 4100,4101,4102,4103,4104,4105,4106,4107,4108,4109,4110,4112,4114,4115,4116,4117,4119,4121,4122,4123,4124,4125,4126,4127,4128 uneq rows sub_dt3 BWHU,IGV,R,JWZ,F,XO,JWZ,R,IGV,JWZ,R,XO,F,R,IGV,R,R,R,IGV,F,JWZ,IGV,JWZ,LUF,F
    
     ── 9. Failure: Single uncompressed vectors (@test_fst.R#103) ──────────────────
     `sub_dt` not equal to `data`.
     Component "Ordered": 3448 string mismatches
     args: col: Ordered | from: 1 | to: 10000 | setColumns: | compress: 0 | tot_length 10000 cols sub_dt: 1 , rows sub_dt: 10000 cols data: 1 , rows data: 10000 head sub_dt: XVT,HM,I,IJ,OQLB,IJ,Y,T,OQLB,I head data: XVT,HM,I,IJ,OQLB,IJ,Y,T,OQLB,I unequals: 3448 uneq rows sub_dt1 T,Y,XVT,OQLB,Y,HM,OQLB,Y,I,HM,HM,XVT,Y,XVT,I,Y,Y,OQLB,T,OQLB,HM,HM,Y,OQLB,I uneq rows sub_dt2 4097,4098,4099,4100,4101,4102,4103,4104,4105,4106,4108,4109,4110,4111,4112,4113,4116,4117,4118,4119,4120,4121,4122,4123,4124 uneq rows sub_dt3 XVT,HM,I,IJ,OQLB,IJ,Y,T,OQLB,I,XVT,IJ,IJ,I,HM,T,I,I,Y,IJ,OQLB,T,I,HM,OQLB
    
     ── 10. Failure: Single uncompressed vectors (@test_fst.R#103) ─────────────────
     `sub_dt` not equal to `data`.
     Component "Date": Mean relative difference: 0.6657532
     args: col: Date | from: 1 | to: 10000 | setColumns: | compress: 0 | tot_length 10000 cols sub_dt: 1 , rows sub_dt: 10000 cols data: 1 , rows data: 10000 head sub_dt: 1992-02-17,1988-06-02,1997-01-16,1978-04-29,1992-04-25,1995-08-07,1985-01-08,1989-08-14,1984-01-07,1970-05-09 head data: 1992-02-17,1988-06-02,1997-01-16,1978-04-29,1992-04-25,1995-08-07,1985-01-08,1989-08-14,1984-01-07,1970-05-09 unequals: 4096 uneq rows sub_dt1 1989-05-14,1973-12-14,1986-05-26,1972-09-23,1996-09-09,1984-01-28,1992-12-05,1973-08-28,1993-12-25,1979-06-30,1986-06-14,1976-02-29,1996-01-27,1978-08-28,1991-03-27,1972-04-11,1980-02-15,1981-09-26,1997-02-13,1980-08-10,1987-07-15,1996-06-01,1988-02-01,1995-06-08,1996-09-19 uneq rows sub_dt2 4097,4098,4099,4100,4101,4102,4103,4104,4105,4106,4107,4108,4109,4110,4111,4112,4113,4114,4115,4116,4117,4118,4119,4120,4121 uneq rows sub_dt3 1977-08-12,1985-01-23,1979-08-27,1987-11-27,1981-09-07,1989-08-12,1990-03-10,1976-12-30,1972-11-13,1993-09-09,1985-01-29,1995-08-24,1985-09-02,1974-07-16,1975-10-13,1980-05-16,1992-10-24,1989-01-08,1977-11-14,1981-10-05,1993-12-21,1988-02-27,1974-12-14,1982-09-01,1982-04-26
    
     ── 11. Failure: Single uncompressed vectors (@test_fst.R#103) ─────────────────
     `sub_dt` not equal to `data`.
     Component "DateDouble": Mean relative difference: 0.1813955
     args: col: DateDouble | from: 1 | to: 10000 | setColumns: | compress: 0 | tot_length 10000 cols sub_dt: 1 , rows sub_dt: 10000 cols data: 1 , rows data: 10000 head sub_dt: 2015-01-02,2015-01-03,2015-01-04,2015-01-05,2015-01-06,2015-01-07,2015-01-08,2015-01-09,2015-01-10,2015-01-11 head data: 2015-01-02,2015-01-03,2015-01-04,2015-01-05,2015-01-06,2015-01-07,2015-01-08,2015-01-09,2015-01-10,2015-01-11 unequals: 4096 uneq rows sub_dt1 2026-03-21,2026-03-22,2026-03-23,2026-03-24,2026-03-25,2026-03-26,2026-03-27,2026-03-28,2026-03-29,2026-03-30,2026-03-31,2026-04-01,2026-04-02,2026-04-03,2026-04-04,2026-04-05,2026-04-06,2026-04-07,2026-04-08,2026-04-09,2026-04-10,2026-04-11,2026-04-12,2026-04-13,2026-04-14 uneq rows sub_dt2 4097,4098,4099,4100,4101,4102,4103,4104,4105,4106,4107,4108,4109,4110,4111,4112,4113,4114,4115,4116,4117,4118,4119,4120,4121 uneq rows sub_dt3 2037-06-07,2037-06-08,2037-06-09,2037-06-10,2037-06-11,2037-06-12,2037-06-13,2037-06-14,2037-06-15,2037-06-16,2037-06-17,2037-06-18,2037-06-19,2037-06-20,2037-06-21,2037-06-22,2037-06-23,2037-06-24,2037-06-25,2037-06-26,2037-06-27,2037-06-28,2037-06-29,2037-06-30,2037-07-01
    
     ── 12. Failure: Single uncompressed vectors (@test_fst.R#103) ─────────────────
     `sub_dt` not equal to `data`.
     Component "Difftime": Mean relative difference: 0.6666127
     args: col: Difftime | from: 1 | to: 10000 | setColumns: | compress: 0 | tot_length 10000 cols sub_dt: 1 , rows sub_dt: 10000 cols data: 1 , rows data: 10000 head sub_dt: 0.997045278549194,1.99704527854919,2.99704527854919,3.99704527854919,4.99704527854919,5.99704527854919,6.99704527854919,7.99704527854919,8.99704527854919,9.99704527854919 head data: 0.997045278549194,1.99704527854919,2.99704527854919,3.99704527854919,4.99704527854919,5.99704527854919,6.99704527854919,7.99704527854919,8.99704527854919,9.99704527854919 unequals: 4096 uneq rows sub_dt1 4096.99704527855,4097.99704527855,4098.99704527855,4099.99704527855,4100.99704527855,4101.99704527855,4102.99704527855,4103.99704527855,4104.99704527855,4105.99704527855,4106.99704527855,4107.99704527855,4108.99704527855,4109.99704527855,4110.99704527855,4111.99704527855,4112.99704527855,4113.99704527855,4114.99704527855,4115.99704527855,4116.99704527855,4117.99704527855,4118.99704527855,4119.99704527855,4120.99704527855 uneq rows sub_dt2 4097,4098,4099,4100,4101,4102,4103,4104,4105,4106,4107,4108,4109,4110,4111,4112,4113,4114,4115,4116,4117,4118,4119,4120,4121 uneq rows sub_dt3 8192.99704527855,8193.99704527855,8194.99704527855,8195.99704527855,8196.99704527855,8197.99704527855,8198.99704527855,8199.99704527855,8200.99704527855,8201.99704527855,8202.99704527855,8203.99704527855,8204.99704527855,8205.99704527855,8206.99704527855,8207.99704527855,8208.99704527855,8209.99704527855,8210.99704527855,8211.99704527855,8212.99704527855,8213.99704527855,8214.99704527855,8215.99704527855,8216.99704527855
    
     ── 13. Failure: Single uncompressed vectors (@test_fst.R#103) ─────────────────
     `sub_dt` not equal to `data`.
     Component "DiffTime_int": Mean relative difference: 0.6667209
     args: col: DiffTime_int | from: 1 | to: 10000 | setColumns: | compress: 0 | tot_length 10000 cols sub_dt: 1 , rows sub_dt: 10000 cols data: 1 , rows data: 10000 head sub_dt: 0,1,2,3,4,5,6,7,8,9 head data: 0,1,2,3,4,5,6,7,8,9 unequals: 4096 uneq rows sub_dt1 4096,4097,4098,4099,4100,4101,4102,4103,4104,4105,4106,4107,4108,4109,4110,4111,4112,4113,4114,4115,4116,4117,4118,4119,4120 uneq rows sub_dt2 4097,4098,4099,4100,4101,4102,4103,4104,4105,4106,4107,4108,4109,4110,4111,4112,4113,4114,4115,4116,4117,4118,4119,4120,4121 uneq rows sub_dt3 8192,8193,8194,8195,8196,8197,8198,8199,8200,8201,8202,8203,8204,8205,8206,8207,8208,8209,8210,8211,8212,8213,8214,8215,8216
    
    
     *** caught segfault ***
     address 92633b54, cause 'memory not mapped'
Flavor: r-patched-solaris-x86