CRAN Package Check Results for Package fulltext

Last updated on 2018-05-25 10:48:22 CEST.

Flavor Version Tinstall Tcheck Ttotal Status Flags
r-devel-linux-x86_64-debian-clang 1.0.1 9.96 61.21 71.17 OK
r-devel-linux-x86_64-debian-gcc 1.0.1 7.02 57.08 64.10 OK
r-devel-linux-x86_64-fedora-clang 1.0.1 104.17 OK
r-devel-linux-x86_64-fedora-gcc 1.0.1 100.82 OK
r-devel-windows-ix86+x86_64 1.0.1 16.00 106.00 122.00 OK
r-patched-linux-x86_64 1.0.1 6.80 64.28 71.08 OK
r-patched-solaris-x86 1.0.1 4.30 ERROR
r-release-linux-x86_64 1.0.1 6.47 63.90 70.37 OK
r-release-windows-ix86+x86_64 1.0.1 26.00 113.00 139.00 OK
r-release-osx-x86_64 1.0.1 OK
r-oldrel-windows-ix86+x86_64 1.0.1 23.00 90.00 113.00 OK
r-oldrel-osx-x86_64 1.0.1 OK

Check Details

Version: 1.0.1
Check: package dependencies
Result: ERROR
    Packages required but not available: ‘crminer’ ‘pdftools’
    
    See section ‘The DESCRIPTION file’ in the ‘Writing R Extensions’
    manual.
Flavor: r-patched-solaris-x86