CRAN Package Check Results for Package fulltext

Last updated on 2018-08-19 07:47:20 CEST.

Flavor Version Tinstall Tcheck Ttotal Status Flags
r-devel-linux-x86_64-debian-clang 1.0.1 9.07 76.37 85.44 OK
r-devel-linux-x86_64-debian-gcc 1.0.1 7.14 59.64 66.78 OK
r-devel-linux-x86_64-fedora-clang 1.0.1 104.05 OK
r-devel-linux-x86_64-fedora-gcc 1.0.1 97.37 OK
r-devel-windows-ix86+x86_64 1.0.1 30.00 143.00 173.00 OK
r-patched-linux-x86_64 1.0.1 7.68 66.01 73.69 OK
r-patched-solaris-x86 1.0.1 136.00 NOTE
r-release-linux-x86_64 1.0.1 7.40 66.68 74.08 OK
r-release-windows-ix86+x86_64 1.0.1 30.00 110.00 140.00 OK
r-release-osx-x86_64 1.0.1 OK
r-oldrel-windows-ix86+x86_64 1.0.1 14.00 90.00 104.00 OK
r-oldrel-osx-x86_64 1.0.1 OK

Check Details

Version: 1.0.1
Check: installed package size
Result: NOTE
     installed size is 5.4Mb
     sub-directories of 1Mb or more:
     examples 4.6Mb
Flavor: r-patched-solaris-x86