CRAN Package Check Results for Package fulltext

Last updated on 2018-11-17 13:47:28 CET.

Flavor Version Tinstall Tcheck Ttotal Status Flags
r-devel-linux-x86_64-debian-clang 1.1.0 8.66 72.72 81.38 OK
r-devel-linux-x86_64-debian-gcc 1.1.0 7.72 56.67 64.39 OK
r-devel-linux-x86_64-fedora-clang 1.1.0 102.90 OK
r-devel-linux-x86_64-fedora-gcc 1.1.0 90.36 OK
r-devel-windows-ix86+x86_64 1.1.0 27.00 136.00 163.00 OK
r-patched-linux-x86_64 1.1.0 8.93 69.29 78.22 OK
r-patched-solaris-x86 1.1.0 139.90 NOTE
r-release-linux-x86_64 1.1.0 7.39 69.81 77.20 OK
r-release-windows-ix86+x86_64 1.1.0 20.00 92.00 112.00 OK
r-release-osx-x86_64 1.1.0 OK
r-oldrel-windows-ix86+x86_64 1.1.0 19.00 134.00 153.00 OK
r-oldrel-osx-x86_64 1.1.0 OK

Check Details

Version: 1.1.0
Check: installed package size
Result: NOTE
     installed size is 5.4Mb
     sub-directories of 1Mb or more:
     examples 4.6Mb
Flavor: r-patched-solaris-x86