CRAN Package Check Results for Package funFEM

Last updated on 2020-02-24 14:48:03 CET.

Flavor Version Tinstall Tcheck Ttotal Status Flags
r-devel-linux-x86_64-debian-clang 1.1 9.26 60.40 69.66 NOTE
r-devel-linux-x86_64-debian-gcc 1.1 5.99 47.09 53.08 NOTE
r-devel-linux-x86_64-fedora-clang 1.1 82.88 NOTE
r-devel-linux-x86_64-fedora-gcc 1.1 81.79 NOTE
r-devel-windows-ix86+x86_64 1.1 14.00 69.00 83.00 NOTE
r-devel-windows-ix86+x86_64-gcc8 1.1 20.00 103.00 123.00 NOTE
r-patched-linux-x86_64 1.1 NOTE
r-patched-solaris-x86 1.1 117.60 NOTE
r-release-linux-x86_64 1.1 6.88 53.24 60.12 NOTE
r-release-windows-ix86+x86_64 1.1 14.00 60.00 74.00 NOTE
r-release-osx-x86_64 1.1 NOTE
r-oldrel-windows-ix86+x86_64 1.1 11.00 66.00 77.00 NOTE
r-oldrel-osx-x86_64 1.1 NOTE

Check Details

Version: 1.1
Check: R code for possible problems
Result: NOTE
    .FunFEM.main: no visible global function definition for 'kmeans'
    .FunFEM.main: no visible global function definition for 'rmultinom'
    .FunFEM.main: no visible global function definition for 'cutree'
    .FunFEM.main: no visible global function definition for 'hclust'
    .FunFEM.main: no visible global function definition for 'dist'
    .FunFEM.main: no visible global function definition for 'par'
    .FunFEM.main: no visible global function definition for 'plot'
    .mstep: no visible global function definition for 'cov'
    Undefined global functions or variables:
     cov cutree dist hclust kmeans par plot rmultinom
    Consider adding
     importFrom("graphics", "par", "plot")
     importFrom("stats", "cov", "cutree", "dist", "hclust", "kmeans",
     "rmultinom")
    to your NAMESPACE file.
Flavors: r-devel-linux-x86_64-debian-clang, r-devel-linux-x86_64-debian-gcc, r-devel-linux-x86_64-fedora-clang, r-devel-linux-x86_64-fedora-gcc, r-devel-windows-ix86+x86_64, r-devel-windows-ix86+x86_64-gcc8, r-patched-linux-x86_64, r-patched-solaris-x86, r-release-linux-x86_64, r-release-windows-ix86+x86_64, r-release-osx-x86_64, r-oldrel-windows-ix86+x86_64, r-oldrel-osx-x86_64

Version: 1.1
Check: data for non-ASCII characters
Result: NOTE
     Note: found 120 marked UTF-8 strings
Flavors: r-devel-linux-x86_64-fedora-clang, r-devel-linux-x86_64-fedora-gcc, r-patched-solaris-x86, r-release-osx-x86_64, r-oldrel-osx-x86_64