CRAN Package Check Results for Package funFEM

Last updated on 2019-09-23 14:47:22 CEST.

Flavor Version Tinstall Tcheck Ttotal Status Flags
r-devel-linux-x86_64-debian-clang 1.1 6.61 54.88 61.49 NOTE
r-devel-linux-x86_64-debian-gcc 1.1 5.07 44.86 49.93 NOTE
r-devel-linux-x86_64-fedora-clang 1.1 75.67 NOTE
r-devel-linux-x86_64-fedora-gcc 1.1 74.52 NOTE
r-devel-windows-ix86+x86_64 1.1 20.00 93.00 113.00 NOTE
r-patched-linux-x86_64 1.1 6.05 53.59 59.64 NOTE
r-patched-solaris-x86 1.1 113.80 NOTE
r-release-linux-x86_64 1.1 6.22 53.74 59.96 NOTE
r-release-windows-ix86+x86_64 1.1 17.00 88.00 105.00 NOTE
r-release-osx-x86_64 1.1 NOTE
r-oldrel-windows-ix86+x86_64 1.1 8.00 97.00 105.00 NOTE
r-oldrel-osx-x86_64 1.1 NOTE

Check Details

Version: 1.1
Check: R code for possible problems
Result: NOTE
    .FunFEM.main: no visible global function definition for 'kmeans'
    .FunFEM.main: no visible global function definition for 'rmultinom'
    .FunFEM.main: no visible global function definition for 'cutree'
    .FunFEM.main: no visible global function definition for 'hclust'
    .FunFEM.main: no visible global function definition for 'dist'
    .FunFEM.main: no visible global function definition for 'par'
    .FunFEM.main: no visible global function definition for 'plot'
    .mstep: no visible global function definition for 'cov'
    Undefined global functions or variables:
     cov cutree dist hclust kmeans par plot rmultinom
    Consider adding
     importFrom("graphics", "par", "plot")
     importFrom("stats", "cov", "cutree", "dist", "hclust", "kmeans",
     "rmultinom")
    to your NAMESPACE file.
Flavors: r-devel-linux-x86_64-debian-clang, r-devel-linux-x86_64-debian-gcc, r-devel-linux-x86_64-fedora-clang, r-devel-linux-x86_64-fedora-gcc, r-devel-windows-ix86+x86_64, r-patched-linux-x86_64, r-patched-solaris-x86, r-release-linux-x86_64, r-release-windows-ix86+x86_64, r-release-osx-x86_64, r-oldrel-windows-ix86+x86_64, r-oldrel-osx-x86_64

Version: 1.1
Check: data for non-ASCII characters
Result: NOTE
     Note: found 120 marked UTF-8 strings
Flavors: r-devel-linux-x86_64-fedora-clang, r-devel-linux-x86_64-fedora-gcc, r-patched-solaris-x86, r-release-osx-x86_64, r-oldrel-osx-x86_64