Last updated on 2025-06-24 04:50:53 CEST.
Flavor | Version | Tinstall | Tcheck | Ttotal | Status | Flags |
---|---|---|---|---|---|---|
r-devel-linux-x86_64-debian-clang | 1.0.0 | 163.30 | 150.30 | 313.60 | OK | |
r-devel-linux-x86_64-debian-gcc | 1.0.0 | 125.06 | 106.09 | 231.15 | OK | |
r-devel-linux-x86_64-fedora-clang | 1.0.0 | 556.99 | OK | |||
r-devel-linux-x86_64-fedora-gcc | 1.0.0 | 579.89 | OK | |||
r-devel-windows-x86_64 | 1.0.0 | 185.00 | 165.00 | 350.00 | OK | |
r-patched-linux-x86_64 | 1.0.0 | 162.91 | 135.43 | 298.34 | OK | |
r-release-linux-x86_64 | 1.0.0 | 166.35 | 136.95 | 303.30 | OK | |
r-release-macos-arm64 | 1.0.0 | 7.00 | ERROR | |||
r-release-macos-x86_64 | 1.0.0 | 17.00 | ERROR | |||
r-release-windows-x86_64 | 1.0.0 | 181.00 | 167.00 | 348.00 | OK | |
r-oldrel-macos-arm64 | 1.0.0 | 13.00 | ERROR | |||
r-oldrel-macos-x86_64 | 1.0.0 | 19.00 | ERROR | |||
r-oldrel-windows-x86_64 | 1.0.0 | 220.00 | 217.00 | 437.00 | NOTE |
Version: 1.0.0
Check: whether package can be installed
Result: ERROR
Installation failed.
Flavors: r-release-macos-arm64, r-release-macos-x86_64, r-oldrel-macos-arm64, r-oldrel-macos-x86_64
Version: 1.0.0
Check: installed package size
Result: NOTE
installed size is 6.8Mb
sub-directories of 1Mb or more:
data 4.4Mb
libs 1.6Mb
Flavor: r-oldrel-windows-x86_64