Last updated on 2022-06-27 16:51:55 CEST.
Flavor | Version | Tinstall | Tcheck | Ttotal | Status | Flags |
---|---|---|---|---|---|---|
r-devel-linux-x86_64-debian-clang | 1.9.4 | 14.16 | 152.73 | 166.89 | OK | |
r-devel-linux-x86_64-debian-gcc | 1.9.4 | 12.28 | 111.42 | 123.70 | OK | |
r-devel-linux-x86_64-fedora-clang | 1.9.4 | 202.57 | WARN | |||
r-devel-linux-x86_64-fedora-gcc | 1.9.4 | 203.72 | WARN | |||
r-devel-windows-x86_64 | 1.9.4 | 66.00 | 186.00 | 252.00 | OK | |
r-patched-linux-x86_64 | 1.9.4 | 13.92 | 142.17 | 156.09 | OK | |
r-release-linux-x86_64 | 1.9.4 | 11.65 | 144.07 | 155.72 | OK | |
r-release-macos-arm64 | 1.9.4 | 59.00 | OK | |||
r-release-macos-x86_64 | 1.9.4 | 102.00 | OK | |||
r-release-windows-x86_64 | 1.9.4 | 60.00 | 184.00 | 244.00 | OK | |
r-oldrel-macos-arm64 | 1.9.4 | 83.00 | OK | |||
r-oldrel-macos-x86_64 | 1.9.4 | 98.00 | OK | |||
r-oldrel-windows-ix86+x86_64 | 1.9.4 | 35.00 | 172.00 | 207.00 | OK |
Version: 1.9.4
Check: package dependencies
Result: WARN
Requires (indirectly) orphaned package: ‘gtools’
Flavors: r-devel-linux-x86_64-fedora-clang, r-devel-linux-x86_64-fedora-gcc