CRAN Package Check Results for Package funbarRF

Last updated on 2018-08-15 08:48:43 CEST.

Flavor Version Tinstall Tcheck Ttotal Status Flags
r-devel-linux-x86_64-debian-clang 1.0.1 26.80 227.86 254.66 OK
r-devel-linux-x86_64-debian-gcc 1.0.1 24.70 180.76 205.46 OK
r-devel-linux-x86_64-fedora-clang 1.0.1 316.32 NOTE
r-devel-linux-x86_64-fedora-gcc 1.0.1 307.18 OK
r-devel-windows-ix86+x86_64 1.0.1 48.00 234.00 282.00 NOTE
r-patched-linux-x86_64 1.0.1 24.72 189.20 213.92 OK
r-patched-solaris-x86 1.0.1 431.30 NOTE
r-release-linux-x86_64 1.0.1 22.91 190.41 213.32 OK
r-release-windows-ix86+x86_64 1.0.1 47.00 263.00 310.00 NOTE
r-release-osx-x86_64 1.0.1 NOTE
r-oldrel-windows-ix86+x86_64 1.0.1 58.00 208.00 266.00 NOTE
r-oldrel-osx-x86_64 1.0.1 NOTE

Check Details

Version: 1.0.1
Check: installed package size
Result: NOTE
     installed size is 16.3Mb
     sub-directories of 1Mb or more:
     data 16.2Mb
Flavors: r-devel-linux-x86_64-fedora-clang, r-devel-windows-ix86+x86_64, r-patched-solaris-x86, r-release-windows-ix86+x86_64, r-release-osx-x86_64, r-oldrel-windows-ix86+x86_64, r-oldrel-osx-x86_64