CRAN Package Check Results for Package funbarRF

Last updated on 2019-01-24 09:49:35 CET.

Flavor Version Tinstall Tcheck Ttotal Status Flags
r-devel-linux-x86_64-debian-clang 1.0.1 23.84 196.24 220.08 OK
r-devel-linux-x86_64-debian-gcc 1.0.1 20.52 154.51 175.03 OK
r-devel-linux-x86_64-fedora-clang 1.0.1 277.37 NOTE
r-devel-linux-x86_64-fedora-gcc 1.0.1 266.02 OK
r-devel-windows-ix86+x86_64 1.0.1 55.00 266.00 321.00 NOTE
r-patched-linux-x86_64 1.0.1 21.76 191.55 213.31 OK
r-patched-solaris-x86 1.0.1 440.10 NOTE
r-release-linux-x86_64 1.0.1 21.72 192.55 214.27 OK
r-release-windows-ix86+x86_64 1.0.1 43.00 284.00 327.00 NOTE
r-release-osx-x86_64 1.0.1 NOTE
r-oldrel-windows-ix86+x86_64 1.0.1 49.00 5.00 54.00 ERROR
r-oldrel-osx-x86_64 1.0.1 NOTE

Check Details

Version: 1.0.1
Check: installed package size
Result: NOTE
     installed size is 16.3Mb
     sub-directories of 1Mb or more:
     data 16.2Mb
Flavors: r-devel-linux-x86_64-fedora-clang, r-devel-windows-ix86+x86_64, r-patched-solaris-x86, r-release-windows-ix86+x86_64, r-release-osx-x86_64, r-oldrel-osx-x86_64

Version: 1.0.1
Check: whether package can be installed
Result: ERROR
    Installation failed.
Flavor: r-oldrel-windows-ix86+x86_64