CRAN Package Check Results for Package funbarRF

Last updated on 2018-02-23 00:47:37 CET.

Flavor Version Tinstall Tcheck Ttotal Status Flags
r-devel-linux-x86_64-debian-clang 1.0.1 20.42 170.94 191.36 OK
r-devel-linux-x86_64-debian-gcc 1.0.1 20.35 150.91 171.26 OK
r-devel-windows-ix86+x86_64 1.0.1 49.00 193.00 242.00 NOTE
r-patched-linux-x86_64 1.0.1 23.33 194.59 217.92 OK
r-patched-solaris-x86 1.0.1 410.10 NOTE
r-release-linux-x86_64 1.0.1 24.78 193.08 217.86 OK
r-release-windows-ix86+x86_64 1.0.1 52.00 269.00 321.00 NOTE
r-release-osx-x86_64 1.0.1 ERROR
r-oldrel-windows-ix86+x86_64 1.0.1 43.00 214.00 257.00 NOTE

Check Details

Version: 1.0.1
Check: installed package size
Result: NOTE
     installed size is 16.3Mb
     sub-directories of 1Mb or more:
     data 16.2Mb
Flavors: r-devel-windows-ix86+x86_64, r-patched-solaris-x86, r-release-windows-ix86+x86_64, r-oldrel-windows-ix86+x86_64

Version: 1.0.1
Check: package dependencies
Result: ERROR
    Packages required but not available: ‘Biostrings’ ‘BioSeqClass’
    
    See section ‘The DESCRIPTION file’ in the ‘Writing R Extensions’
    manual.
Flavor: r-release-osx-x86_64