CRAN Package Check Results for Package funbarRF

Last updated on 2018-10-19 11:48:08 CEST.

Flavor Version Tinstall Tcheck Ttotal Status Flags
r-devel-linux-x86_64-debian-clang 1.0.1 24.41 226.74 251.15 OK
r-devel-linux-x86_64-debian-gcc 1.0.1 23.24 181.16 204.40 OK
r-devel-linux-x86_64-fedora-clang 1.0.1 319.92 NOTE
r-devel-linux-x86_64-fedora-gcc 1.0.1 308.61 OK
r-devel-windows-ix86+x86_64 1.0.1 58.00 275.00 333.00 NOTE
r-patched-linux-x86_64 1.0.1 22.65 191.05 213.70 OK
r-patched-solaris-x86 1.0.1 420.30 NOTE
r-release-linux-x86_64 1.0.1 23.00 190.25 213.25 OK
r-release-windows-ix86+x86_64 1.0.1 60.00 273.00 333.00 NOTE
r-release-osx-x86_64 1.0.1 NOTE
r-oldrel-windows-ix86+x86_64 1.0.1 43.00 280.00 323.00 NOTE
r-oldrel-osx-x86_64 1.0.1 NOTE

Check Details

Version: 1.0.1
Check: installed package size
Result: NOTE
     installed size is 16.3Mb
     sub-directories of 1Mb or more:
     data 16.2Mb
Flavors: r-devel-linux-x86_64-fedora-clang, r-devel-windows-ix86+x86_64, r-patched-solaris-x86, r-release-windows-ix86+x86_64, r-release-osx-x86_64, r-oldrel-windows-ix86+x86_64, r-oldrel-osx-x86_64