CRAN Package Check Results for Package funbarRF

Last updated on 2018-05-25 04:50:19 CEST.

Flavor Version Tinstall Tcheck Ttotal Status Flags
r-devel-linux-x86_64-debian-clang 1.0.1 26.70 199.65 226.35 OK
r-devel-linux-x86_64-debian-gcc 1.0.1 23.36 176.19 199.55 OK
r-devel-linux-x86_64-fedora-clang 1.0.1 318.32 NOTE
r-devel-linux-x86_64-fedora-gcc 1.0.1 321.51 NOTE
r-devel-windows-ix86+x86_64 1.0.1 42.00 290.00 332.00 NOTE
r-patched-linux-x86_64 1.0.1 22.67 188.90 211.57 OK
r-patched-solaris-x86 1.0.1 429.30 NOTE
r-release-linux-x86_64 1.0.1 23.05 186.27 209.32 OK
r-release-windows-ix86+x86_64 1.0.1 54.00 211.00 265.00 NOTE
r-release-osx-x86_64 1.0.1 NOTE
r-oldrel-windows-ix86+x86_64 1.0.1 54.00 210.00 264.00 NOTE
r-oldrel-osx-x86_64 1.0.1 NOTE

Check Details

Version: 1.0.1
Check: installed package size
Result: NOTE
     installed size is 16.3Mb
     sub-directories of 1Mb or more:
     data 16.2Mb
Flavors: r-devel-linux-x86_64-fedora-clang, r-devel-linux-x86_64-fedora-gcc, r-devel-windows-ix86+x86_64, r-patched-solaris-x86, r-release-windows-ix86+x86_64, r-release-osx-x86_64, r-oldrel-windows-ix86+x86_64, r-oldrel-osx-x86_64