CRAN Package Check Results for Package furniture

Last updated on 2019-01-23 22:48:24 CET.

Flavor Version Tinstall Tcheck Ttotal Status Flags
r-devel-linux-x86_64-debian-clang 1.8.7 4.42 58.92 63.34 OK
r-devel-linux-x86_64-debian-gcc 1.8.7 3.58 45.34 48.92 OK
r-devel-linux-x86_64-fedora-clang 1.8.7 74.06 NOTE
r-devel-linux-x86_64-fedora-gcc 1.8.7 67.92 NOTE
r-devel-windows-ix86+x86_64 1.8.7 12.00 105.00 117.00 OK
r-patched-linux-x86_64 1.8.7 4.07 51.23 55.30 OK
r-patched-solaris-x86 1.8.7 95.50 NOTE
r-release-linux-x86_64 1.8.7 4.05 51.70 55.75 OK
r-release-windows-ix86+x86_64 1.8.7 8.00 91.00 99.00 OK
r-release-osx-x86_64 1.8.7 NOTE
r-oldrel-windows-ix86+x86_64 1.8.7 7.00 104.00 111.00 OK
r-oldrel-osx-x86_64 1.8.7 NOTE

Check Details

Version: 1.8.7
Check: dependencies in R code
Result: NOTE
    Namespace in Imports field not imported from: ‘magrittr’
     All declared Imports should be used.
Flavors: r-devel-linux-x86_64-fedora-clang, r-devel-linux-x86_64-fedora-gcc, r-patched-solaris-x86, r-release-osx-x86_64, r-oldrel-osx-x86_64