CRAN Package Check Results for Package furniture

Last updated on 2018-05-27 21:47:43 CEST.

Flavor Version Tinstall Tcheck Ttotal Status Flags
r-devel-linux-x86_64-debian-clang 1.7.6 2.51 42.98 45.49 WARN
r-devel-linux-x86_64-debian-gcc 1.7.6 2.01 32.48 34.49 WARN
r-devel-linux-x86_64-fedora-clang 1.7.6 51.60 OK
r-devel-linux-x86_64-fedora-gcc 1.7.6 50.33 OK
r-devel-windows-ix86+x86_64 1.7.6 4.00 56.00 60.00 OK
r-patched-linux-x86_64 1.7.6 2.12 37.69 39.81 OK
r-patched-solaris-x86 1.7.6 68.20 OK
r-release-linux-x86_64 1.7.6 1.79 38.33 40.12 OK
r-release-windows-ix86+x86_64 1.7.6 6.00 65.00 71.00 OK
r-release-osx-x86_64 1.7.6 OK
r-oldrel-windows-ix86+x86_64 1.7.6 5.00 53.00 58.00 OK
r-oldrel-osx-x86_64 1.7.6 OK

Check Details

Version: 1.7.6
Check: for unstated dependencies in ‘tests’
Result: WARN
    '::' or ':::' import not declared from: ‘dplyr’
Flavors: r-devel-linux-x86_64-debian-clang, r-devel-linux-x86_64-debian-gcc