CRAN Package Check Results for Package fusedest

Last updated on 2021-04-11 23:46:59 CEST.

Flavor Version Tinstall Tcheck Ttotal Status Flags
r-devel-linux-x86_64-debian-clang 1.3.1 523.13 72.01 595.14 NOTE
r-devel-linux-x86_64-debian-gcc 1.3.1 316.52 61.59 378.11 NOTE
r-devel-linux-x86_64-fedora-clang 1.3.1 867.48 NOTE
r-devel-linux-x86_64-fedora-gcc 1.3.1 714.89 NOTE
r-devel-windows-ix86+x86_64 1.3.1 1084.00 148.00 1232.00 NOTE
r-devel-windows-x86_64-gcc10-UCRT 1.3.1 NOTE
r-patched-linux-x86_64 1.3.1 377.28 73.07 450.35 OK
r-patched-solaris-x86 1.3.1 562.00 OK
r-release-linux-x86_64 1.3.1 377.50 73.46 450.96 OK
r-release-macos-x86_64 1.3.1 NOTE
r-release-windows-ix86+x86_64 1.3.1 851.00 139.00 990.00 OK
r-oldrel-macos-x86_64 1.3.1 NOTE
r-oldrel-windows-ix86+x86_64 1.3.1 955.00 87.00 1042.00 OK

Check Details

Version: 1.3.1
Check: LazyData
Result: NOTE
     'LazyData' is specified without a 'data' directory
Flavors: r-devel-linux-x86_64-debian-clang, r-devel-linux-x86_64-debian-gcc, r-devel-linux-x86_64-fedora-clang, r-devel-linux-x86_64-fedora-gcc, r-devel-windows-ix86+x86_64, r-devel-windows-x86_64-gcc10-UCRT

Version: 1.3.1
Check: installed package size
Result: NOTE
     installed size is 32.0Mb
     sub-directories of 1Mb or more:
     libs 31.9Mb
Flavors: r-devel-linux-x86_64-fedora-clang, r-release-macos-x86_64, r-oldrel-macos-x86_64