CRAN Package Check Results for Package fuser

Last updated on 2018-08-19 06:46:42 CEST.

Flavor Version Tinstall Tcheck Ttotal Status Flags
r-devel-linux-x86_64-debian-clang 1.0.1 26.13 104.50 130.63 OK
r-devel-linux-x86_64-debian-gcc 1.0.1 27.12 82.99 110.11 OK
r-devel-linux-x86_64-fedora-clang 1.0.1 171.46 NOTE
r-devel-linux-x86_64-fedora-gcc 1.0.1 166.95 OK
r-devel-windows-ix86+x86_64 1.0.1 66.00 233.00 299.00 OK
r-patched-linux-x86_64 1.0.1 30.04 91.11 121.15 OK
r-patched-solaris-x86 1.0.1 248.40 OK
r-release-linux-x86_64 1.0.1 30.32 91.08 121.40 OK
r-release-windows-ix86+x86_64 1.0.1 67.00 193.00 260.00 OK
r-release-osx-x86_64 1.0.1 NOTE
r-oldrel-windows-ix86+x86_64 1.0.1 53.00 152.00 205.00 OK
r-oldrel-osx-x86_64 1.0.1 OK

Check Details

Version: 1.0.1
Check: installed package size
Result: NOTE
     installed size is 5.1Mb
     sub-directories of 1Mb or more:
     libs 4.8Mb
Flavors: r-devel-linux-x86_64-fedora-clang, r-release-osx-x86_64