CRAN Package Check Results for Package fuser

Last updated on 2021-04-14 08:48:18 CEST.

Flavor Version Tinstall Tcheck Ttotal Status Flags
r-devel-linux-x86_64-debian-clang 1.0.1 36.91 106.41 143.32 NOTE
r-devel-linux-x86_64-debian-gcc 1.0.1 24.32 82.14 106.46 NOTE
r-devel-linux-x86_64-fedora-clang 1.0.1 192.80 NOTE
r-devel-linux-x86_64-fedora-gcc 1.0.1 173.79 NOTE
r-devel-windows-ix86+x86_64 1.0.1 82.00 210.00 292.00 NOTE
r-devel-windows-x86_64-gcc10-UCRT 1.0.1 NOTE
r-patched-linux-x86_64 1.0.1 27.96 101.08 129.04 OK
r-patched-solaris-x86 1.0.1 264.40 OK
r-release-linux-x86_64 1.0.1 30.74 100.39 131.13 OK
r-release-macos-x86_64 1.0.1 NOTE
r-release-windows-ix86+x86_64 1.0.1 60.00 215.00 275.00 OK
r-oldrel-macos-x86_64 1.0.1 NOTE
r-oldrel-windows-ix86+x86_64 1.0.1 75.00 162.00 237.00 OK

Check Details

Version: 1.0.1
Check: LazyData
Result: NOTE
     'LazyData' is specified without a 'data' directory
Flavors: r-devel-linux-x86_64-debian-clang, r-devel-linux-x86_64-debian-gcc, r-devel-linux-x86_64-fedora-clang, r-devel-linux-x86_64-fedora-gcc, r-devel-windows-ix86+x86_64, r-devel-windows-x86_64-gcc10-UCRT

Version: 1.0.1
Check: installed package size
Result: NOTE
     installed size is 5.3Mb
     sub-directories of 1Mb or more:
     libs 5.1Mb
Flavors: r-release-macos-x86_64, r-oldrel-macos-x86_64