CRAN Package Check Results for Package fuser

Last updated on 2018-05-23 13:48:35 CEST.

Flavor Version Tinstall Tcheck Ttotal Status Flags
r-devel-linux-x86_64-debian-clang 1.0.0 29.26 305.44 334.70 WARN
r-devel-linux-x86_64-debian-gcc 1.0.0 21.74 237.69 259.43 WARN
r-devel-linux-x86_64-fedora-clang 1.0.0 395.87 WARN
r-devel-linux-x86_64-fedora-gcc 1.0.0 387.77 WARN
r-devel-windows-ix86+x86_64 1.0.0 51.00 839.00 890.00 WARN
r-patched-linux-x86_64 1.0.0 30.18 295.72 325.90 WARN
r-patched-solaris-x86 1.0.0 1085.40 WARN
r-release-linux-x86_64 1.0.0 26.05 296.79 322.84 WARN
r-release-windows-ix86+x86_64 1.0.0 63.00 850.00 913.00 WARN
r-release-osx-x86_64 1.0.0 WARN
r-oldrel-windows-ix86+x86_64 1.0.0 63.00 836.00 899.00 WARN
r-oldrel-osx-x86_64 1.0.0 OK

Check Details

Version: 1.0.0
Check: examples
Result: WARN
    Found the following significant warnings:
    
     Warning: 'rBind' is deprecated.
    Deprecated functions may be defunct as soon as of the next release of
    R.
    See ?Deprecated.
Flavors: r-devel-linux-x86_64-debian-clang, r-devel-linux-x86_64-debian-gcc, r-devel-linux-x86_64-fedora-clang, r-devel-linux-x86_64-fedora-gcc, r-patched-linux-x86_64, r-patched-solaris-x86, r-release-linux-x86_64, r-release-osx-x86_64

Version: 1.0.0
Check: package dependencies
Result: NOTE
    Package suggested but not available for checking: ‘ggplot2’
Flavor: r-devel-linux-x86_64-debian-gcc

Version: 1.0.0
Check: re-building of vignette outputs
Result: WARN
    Error in re-building vignettes:
     ...
    Quitting from lines 64-76 (subgroup_fusion.Rmd)
    Error: processing vignette ‘subgroup_fusion.Rmd’ failed with diagnostics:
    there is no package called 'ggplot2'
    Execution halted
Flavor: r-devel-linux-x86_64-debian-gcc

Version: 1.0.0
Check: installed package size
Result: NOTE
     installed size is 5.0Mb
     sub-directories of 1Mb or more:
     libs 4.8Mb
Flavors: r-devel-linux-x86_64-fedora-clang, r-devel-linux-x86_64-fedora-gcc, r-release-osx-x86_64

Version: 1.0.0
Check: running examples for arch ‘i386’
Result: WARN
    Found the following significant warnings:
    
     Warning: 'rBind' is deprecated.
    Deprecated functions may be defunct as soon as of the next release of
    R.
    See ?Deprecated.
Flavors: r-devel-windows-ix86+x86_64, r-release-windows-ix86+x86_64, r-oldrel-windows-ix86+x86_64

Version: 1.0.0
Check: running examples for arch ‘x64’
Result: WARN
    Found the following significant warnings:
    
     Warning: 'rBind' is deprecated.
    Deprecated functions may be defunct as soon as of the next release of
    R.
    See ?Deprecated.
Flavors: r-devel-windows-ix86+x86_64, r-release-windows-ix86+x86_64, r-oldrel-windows-ix86+x86_64