CRAN Package Check Results for Package fuser

Last updated on 2018-02-21 18:47:58 CET.

Flavor Version Tinstall Tcheck Ttotal Status Flags
r-devel-linux-x86_64-debian-clang 1.0.0 29.04 312.89 341.93 OK
r-devel-linux-x86_64-debian-gcc 1.0.0 21.69 238.25 259.94 OK
r-devel-linux-x86_64-fedora-clang 1.0.0 381.08 NOTE
r-devel-linux-x86_64-fedora-gcc 1.0.0 428.81 NOTE
r-devel-windows-ix86+x86_64 1.0.0 41.00 678.00 719.00 OK
r-patched-linux-x86_64 1.0.0 24.46 328.35 352.81 OK
r-patched-solaris-x86 1.0.0 1023.20 OK
r-release-linux-x86_64 1.0.0 22.41 321.29 343.70 OK
r-release-windows-ix86+x86_64 1.0.0 66.00 828.00 894.00 OK
r-release-osx-x86_64 1.0.0 OK
r-oldrel-windows-ix86+x86_64 1.0.0 49.00 652.00 701.00 OK
r-oldrel-osx-x86_64 1.0.0 OK

Check Details

Version: 1.0.0
Check: installed package size
Result: NOTE
     installed size is 5.0Mb
     sub-directories of 1Mb or more:
     libs 4.8Mb
Flavors: r-devel-linux-x86_64-fedora-clang, r-devel-linux-x86_64-fedora-gcc