CRAN Package Check Results for Package fuser

Last updated on 2018-11-18 12:46:21 CET.

Flavor Version Tinstall Tcheck Ttotal Status Flags
r-devel-linux-x86_64-debian-clang 1.0.1 28.28 93.61 121.89 OK
r-devel-linux-x86_64-debian-gcc 1.0.1 23.73 75.15 98.88 OK
r-devel-linux-x86_64-fedora-clang 1.0.1 158.06 NOTE
r-devel-linux-x86_64-fedora-gcc 1.0.1 150.87 OK
r-devel-windows-ix86+x86_64 1.0.1 66.00 163.00 229.00 OK
r-patched-linux-x86_64 1.0.1 32.61 91.00 123.61 OK
r-patched-solaris-x86 1.0.1 243.20 OK
r-release-linux-x86_64 1.0.1 29.02 90.93 119.95 OK
r-release-windows-ix86+x86_64 1.0.1 66.00 164.00 230.00 OK
r-release-osx-x86_64 1.0.1 NOTE
r-oldrel-windows-ix86+x86_64 1.0.1 65.00 191.00 256.00 OK
r-oldrel-osx-x86_64 1.0.1 OK

Check Details

Version: 1.0.1
Check: installed package size
Result: NOTE
     installed size is 5.1Mb
     sub-directories of 1Mb or more:
     libs 4.9Mb
Flavors: r-devel-linux-x86_64-fedora-clang, r-release-osx-x86_64