CRAN Package Check Results for Package fusionclust

Last updated on 2018-10-16 23:49:59 CEST.

Flavor Version Tinstall Tcheck Ttotal Status Flags
r-devel-linux-x86_64-debian-clang 1.0.0 1.86 35.33 37.19 NOTE
r-devel-linux-x86_64-debian-gcc 1.0.0 1.58 28.62 30.20 NOTE
r-devel-linux-x86_64-fedora-clang 1.0.0 44.34 NOTE
r-devel-linux-x86_64-fedora-gcc 1.0.0 42.37 NOTE
r-devel-windows-ix86+x86_64 1.0.0 6.00 65.00 71.00 OK
r-patched-linux-x86_64 1.0.0 1.27 32.05 33.32 NOTE
r-patched-solaris-x86 1.0.0 68.90 OK
r-release-linux-x86_64 1.0.0 1.46 32.25 33.71 NOTE
r-release-windows-ix86+x86_64 1.0.0 4.00 62.00 66.00 OK
r-release-osx-x86_64 1.0.0 OK
r-oldrel-windows-ix86+x86_64 1.0.0 6.00 71.00 77.00 OK
r-oldrel-osx-x86_64 1.0.0 OK

Check Details

Version: 1.0.0
Check: DESCRIPTION meta-information
Result: NOTE
    Dependence on R version ‘3.4.1’ not with patchlevel 0
Flavors: r-devel-linux-x86_64-debian-clang, r-devel-linux-x86_64-debian-gcc, r-devel-linux-x86_64-fedora-clang, r-devel-linux-x86_64-fedora-gcc, r-patched-linux-x86_64, r-release-linux-x86_64