CRAN Package Check Results for Package fusionclust

Last updated on 2018-08-15 18:47:56 CEST.

Flavor Version Tinstall Tcheck Ttotal Status Flags
r-devel-linux-x86_64-debian-clang 1.0.0 1.88 35.53 37.41 NOTE
r-devel-linux-x86_64-debian-gcc 1.0.0 1.38 28.04 29.42 NOTE
r-devel-linux-x86_64-fedora-clang 1.0.0 43.67 NOTE
r-devel-linux-x86_64-fedora-gcc 1.0.0 41.88 NOTE
r-devel-windows-ix86+x86_64 1.0.0 3.00 47.00 50.00 OK
r-patched-linux-x86_64 1.0.0 1.58 32.35 33.93 NOTE
r-patched-solaris-x86 1.0.0 70.00 OK
r-release-linux-x86_64 1.0.0 1.55 32.34 33.89 NOTE
r-release-windows-ix86+x86_64 1.0.0 5.00 49.00 54.00 OK
r-release-osx-x86_64 1.0.0 OK
r-oldrel-windows-ix86+x86_64 1.0.0 6.00 52.00 58.00 OK
r-oldrel-osx-x86_64 1.0.0 OK

Check Details

Version: 1.0.0
Check: DESCRIPTION meta-information
Result: NOTE
    Dependence on R version ‘3.4.1’ not with patchlevel 0
Flavors: r-devel-linux-x86_64-debian-clang, r-devel-linux-x86_64-debian-gcc, r-devel-linux-x86_64-fedora-clang, r-devel-linux-x86_64-fedora-gcc, r-patched-linux-x86_64, r-release-linux-x86_64