CRAN Package Check Results for Package fusionclust

Last updated on 2018-05-26 14:46:29 CEST.

Flavor Version Tinstall Tcheck Ttotal Status Flags
r-devel-linux-x86_64-debian-clang 1.0.0 1.74 34.85 36.59 NOTE
r-devel-linux-x86_64-debian-gcc 1.0.0 1.23 26.68 27.91 NOTE
r-devel-linux-x86_64-fedora-clang 1.0.0 43.69 NOTE
r-devel-linux-x86_64-fedora-gcc 1.0.0 41.24 NOTE
r-devel-windows-ix86+x86_64 1.0.0 4.00 53.00 57.00 OK
r-patched-linux-x86_64 1.0.0 1.77 31.90 33.67 NOTE
r-patched-solaris-x86 1.0.0 67.50 OK
r-release-linux-x86_64 1.0.0 1.67 31.44 33.11 NOTE
r-release-windows-ix86+x86_64 1.0.0 5.00 60.00 65.00 OK
r-release-osx-x86_64 1.0.0 OK
r-oldrel-windows-ix86+x86_64 1.0.0 6.00 48.00 54.00 OK
r-oldrel-osx-x86_64 1.0.0 OK

Check Details

Version: 1.0.0
Check: DESCRIPTION meta-information
Result: NOTE
    Dependence on R version ‘3.4.1’ not with patchlevel 0
Flavors: r-devel-linux-x86_64-debian-clang, r-devel-linux-x86_64-debian-gcc, r-devel-linux-x86_64-fedora-clang, r-devel-linux-x86_64-fedora-gcc, r-patched-linux-x86_64, r-release-linux-x86_64