CRAN Package Check Results for Package fusionclust

Last updated on 2018-02-25 20:46:43 CET.

Flavor Version Tinstall Tcheck Ttotal Status Flags
r-devel-linux-x86_64-debian-clang 1.0.0 1.45 32.66 34.11 NOTE
r-devel-linux-x86_64-debian-gcc 1.0.0 1.09 25.31 26.40 NOTE
r-devel-linux-x86_64-fedora-clang 1.0.0 41.02 NOTE
r-devel-linux-x86_64-fedora-gcc 1.0.0 40.32 NOTE
r-devel-windows-ix86+x86_64 1.0.0 4.00 58.00 62.00 OK
r-patched-linux-x86_64 1.0.0 1.38 38.90 40.28 OK
r-patched-solaris-x86 1.0.0 65.40 OK
r-release-linux-x86_64 1.0.0 1.52 39.84 41.36 OK
r-release-windows-ix86+x86_64 1.0.0 3.00 67.00 70.00 OK
r-release-osx-x86_64 1.0.0 OK
r-oldrel-osx-x86_64 1.0.0 ERROR

Check Details

Version: 1.0.0
Check: DESCRIPTION meta-information
Result: NOTE
    Dependence on R version ‘3.4.1’ not with patchlevel 0
Flavors: r-devel-linux-x86_64-debian-clang, r-devel-linux-x86_64-debian-gcc, r-devel-linux-x86_64-fedora-clang, r-devel-linux-x86_64-fedora-gcc

Version: 1.0.0
Check: whether package can be installed
Result: ERROR
    Installation failed.
Flavor: r-oldrel-osx-x86_64