CRAN Package Check Results for Package fusionclust

Last updated on 2024-06-22 03:49:31 CEST.

Flavor Version Tinstall Tcheck Ttotal Status Flags
r-devel-linux-x86_64-debian-clang 1.0.0 10.33 96.70 107.03 NOTE
r-devel-linux-x86_64-debian-gcc 1.0.0 6.46 71.59 78.05 NOTE
r-devel-linux-x86_64-fedora-clang 1.0.0 133.57 NOTE
r-devel-linux-x86_64-fedora-gcc 1.0.0 138.40 NOTE
r-devel-windows-x86_64 1.0.0 8.00 87.00 95.00 NOTE
r-patched-linux-x86_64 1.0.0 8.87 93.63 102.50 NOTE
r-release-linux-x86_64 1.0.0 8.55 93.94 102.49 NOTE
r-release-macos-arm64 1.0.0 45.00 NOTE
r-release-macos-x86_64 1.0.0 68.00 NOTE
r-release-windows-x86_64 1.0.0 8.00 88.00 96.00 NOTE
r-oldrel-macos-arm64 1.0.0 50.00 NOTE
r-oldrel-macos-x86_64 1.0.0 72.00 NOTE
r-oldrel-windows-x86_64 1.0.0 9.00 96.00 105.00 NOTE

Check Details

Version: 1.0.0
Check: LazyData
Result: NOTE 'LazyData' is specified without a 'data' directory Flavors: r-devel-linux-x86_64-debian-clang, r-devel-linux-x86_64-debian-gcc, r-devel-linux-x86_64-fedora-clang, r-devel-linux-x86_64-fedora-gcc, r-devel-windows-x86_64, r-patched-linux-x86_64, r-release-linux-x86_64, r-release-macos-arm64, r-release-macos-x86_64, r-release-windows-x86_64, r-oldrel-macos-arm64, r-oldrel-macos-x86_64, r-oldrel-windows-x86_64