CRAN Package Check Results for Package fusionclust

Last updated on 2019-01-23 17:49:45 CET.

Flavor Version Tinstall Tcheck Ttotal Status Flags
r-devel-linux-x86_64-debian-clang 1.0.0 1.45 35.05 36.50 NOTE
r-devel-linux-x86_64-debian-gcc 1.0.0 1.35 28.24 29.59 NOTE
r-devel-linux-x86_64-fedora-clang 1.0.0 43.60 NOTE
r-devel-linux-x86_64-fedora-gcc 1.0.0 40.82 NOTE
r-devel-windows-ix86+x86_64 1.0.0 6.00 61.00 67.00 OK
r-patched-linux-x86_64 1.0.0 1.29 32.31 33.60 NOTE
r-patched-solaris-x86 1.0.0 72.90 OK
r-release-linux-x86_64 1.0.0 1.40 32.65 34.05 NOTE
r-release-windows-ix86+x86_64 1.0.0 3.00 58.00 61.00 OK
r-release-osx-x86_64 1.0.0 OK
r-oldrel-windows-ix86+x86_64 1.0.0 3.00 71.00 74.00 OK
r-oldrel-osx-x86_64 1.0.0 OK

Check Details

Version: 1.0.0
Check: DESCRIPTION meta-information
Result: NOTE
    Dependence on R version ‘3.4.1’ not with patchlevel 0
Flavors: r-devel-linux-x86_64-debian-clang, r-devel-linux-x86_64-debian-gcc, r-devel-linux-x86_64-fedora-clang, r-devel-linux-x86_64-fedora-gcc, r-patched-linux-x86_64, r-release-linux-x86_64