CRAN Package Check Results for Package fusionclust

Last updated on 2022-08-08 01:54:34 CEST.

Flavor Version Tinstall Tcheck Ttotal Status Flags
r-devel-linux-x86_64-debian-clang 1.0.0 6.30 93.59 99.89 NOTE
r-devel-linux-x86_64-debian-gcc 1.0.0 7.46 71.28 78.74 NOTE
r-devel-linux-x86_64-fedora-clang 1.0.0 134.02 NOTE
r-devel-linux-x86_64-fedora-gcc 1.0.0 130.93 NOTE
r-devel-windows-x86_64 1.0.0 19.00 111.00 130.00 NOTE
r-patched-linux-x86_64 1.0.0 7.02 89.79 96.81 NOTE
r-release-linux-x86_64 1.0.0 8.77 89.80 98.57 NOTE
r-release-macos-arm64 1.0.0 37.00 NOTE
r-release-macos-x86_64 1.0.0 56.00 NOTE
r-release-windows-x86_64 1.0.0 20.00 119.00 139.00 NOTE
r-oldrel-macos-arm64 1.0.0 44.00 NOTE
r-oldrel-macos-x86_64 1.0.0 77.00 NOTE
r-oldrel-windows-ix86+x86_64 1.0.0 20.00 107.00 127.00 NOTE

Check Details

Version: 1.0.0
Check: LazyData
Result: NOTE
     'LazyData' is specified without a 'data' directory
Flavors: r-devel-linux-x86_64-debian-clang, r-devel-linux-x86_64-debian-gcc, r-devel-linux-x86_64-fedora-clang, r-devel-linux-x86_64-fedora-gcc, r-devel-windows-x86_64, r-patched-linux-x86_64, r-release-linux-x86_64, r-release-macos-arm64, r-release-macos-x86_64, r-release-windows-x86_64, r-oldrel-macos-arm64, r-oldrel-macos-x86_64, r-oldrel-windows-ix86+x86_64