CRAN Package Check Results for Package future.BatchJobs

Last updated on 2019-09-16 22:49:22 CEST.

Flavor Version Tinstall Tcheck Ttotal Status Flags
r-devel-linux-x86_64-debian-clang 0.16.1 5.50 349.90 355.40 NOTE
r-devel-linux-x86_64-debian-gcc 0.16.1 4.75 274.30 279.05 NOTE
r-devel-linux-x86_64-fedora-clang 0.16.1 418.87 NOTE
r-devel-linux-x86_64-fedora-gcc 0.16.1 409.81 NOTE
r-devel-windows-ix86+x86_64 0.16.1 28.00 385.00 413.00 OK
r-patched-linux-x86_64 0.16.1 5.36 333.21 338.57 OK
r-patched-solaris-x86 0.16.1 110.10 OK --no-tests
r-release-linux-x86_64 0.16.1 4.88 339.69 344.57 OK
r-release-windows-ix86+x86_64 0.16.1 14.00 690.00 704.00 OK
r-release-osx-x86_64 0.16.1 OK
r-oldrel-windows-ix86+x86_64 0.16.1 10.00 384.00 394.00 OK
r-oldrel-osx-x86_64 0.16.1 OK

Check Details

Version: 0.16.1
Check: for non-standard things in the check directory
Result: NOTE
    Found the following files/directories:
     '.future'
Flavors: r-devel-linux-x86_64-debian-clang, r-devel-linux-x86_64-debian-gcc, r-devel-linux-x86_64-fedora-clang, r-devel-linux-x86_64-fedora-gcc

Version: 0.16.1
Check: tests
Result: FAIL
    
Flavor: r-release-osx-x86_64