CRAN Package Check Results for Package futureheatwaves

Last updated on 2018-08-17 07:47:31 CEST.

Flavor Version Tinstall Tcheck Ttotal Status Flags
r-devel-linux-x86_64-debian-clang 1.0.3 15.60 54.77 70.37 NOTE
r-devel-linux-x86_64-debian-gcc 1.0.3 16.59 43.36 59.95 NOTE
r-devel-linux-x86_64-fedora-clang 1.0.3 91.63 NOTE
r-devel-linux-x86_64-fedora-gcc 1.0.3 85.65 NOTE
r-devel-windows-ix86+x86_64 1.0.3 55.00 132.00 187.00 NOTE
r-patched-linux-x86_64 1.0.3 17.55 48.50 66.05 NOTE
r-patched-solaris-x86 1.0.3 109.00 WARN
r-release-linux-x86_64 1.0.3 20.11 48.23 68.34 NOTE
r-release-windows-ix86+x86_64 1.0.3 49.00 122.00 171.00 NOTE
r-release-osx-x86_64 1.0.3 WARN
r-oldrel-windows-ix86+x86_64 1.0.3 51.00 102.00 153.00 NOTE
r-oldrel-osx-x86_64 1.0.3 WARN

Check Details

Version: 1.0.3
Check: compiled code
Result: NOTE
    File ‘futureheatwaves/libs/futureheatwaves.so’:
     Found no calls to: ‘R_registerRoutines’, ‘R_useDynamicSymbols’
    
    It is good practice to register native routines and to disable symbol
    search.
    
    See ‘Writing portable packages’ in the ‘Writing R Extensions’ manual.
Flavors: r-devel-linux-x86_64-debian-clang, r-devel-linux-x86_64-debian-gcc, r-devel-linux-x86_64-fedora-clang, r-devel-linux-x86_64-fedora-gcc, r-patched-linux-x86_64, r-release-linux-x86_64

Version: 1.0.3
Check: installed package size
Result: NOTE
     installed size is 5.0Mb
     sub-directories of 1Mb or more:
     doc 1.8Mb
     extdata 1.5Mb
     libs 1.5Mb
Flavors: r-devel-windows-ix86+x86_64, r-release-windows-ix86+x86_64, r-oldrel-windows-ix86+x86_64

Version: 1.0.3
Check: re-building of vignette outputs
Result: WARN
    Error in re-building vignettes:
     ...
    Warning in engine$weave(file, quiet = quiet, encoding = enc) :
     Pandoc (>= 1.12.3) and/or pandoc-citeproc not available. Falling back to R Markdown v1.
    Quitting from lines 604-605 (futureheatwaves.Rmd)
    Error: processing vignette 'futureheatwaves.Rmd' failed with diagnostics:
    there is no package called 'webshot'
    Execution halted
Flavor: r-patched-solaris-x86

Version: 1.0.3
Check: re-building of vignette outputs
Result: WARN
    Error in re-building vignettes:
     ...
    Warning in engine$weave(file, quiet = quiet, encoding = enc) :
     Pandoc (>= 1.12.3) and/or pandoc-citeproc not available. Falling back to R Markdown v1.
    Quitting from lines 604-605 (futureheatwaves.Rmd)
    Error: processing vignette 'futureheatwaves.Rmd' failed with diagnostics:
    cannot open the connection
    Execution halted
Flavors: r-release-osx-x86_64, r-oldrel-osx-x86_64