CRAN Package Check Results for Package futureheatwaves

Last updated on 2018-10-18 14:47:21 CEST.

Flavor Version Tinstall Tcheck Ttotal Status Flags
r-devel-linux-x86_64-debian-clang 1.0.3 18.35 55.11 73.46 OK
r-devel-linux-x86_64-debian-gcc 1.0.3 OK
r-devel-linux-x86_64-fedora-clang 1.0.3 92.79 NOTE
r-devel-linux-x86_64-fedora-gcc 1.0.3 85.82 NOTE
r-devel-windows-ix86+x86_64 1.0.3 52.00 127.00 179.00 NOTE
r-patched-linux-x86_64 1.0.3 17.33 48.41 65.74 OK
r-patched-solaris-x86 1.0.3 106.60 WARN
r-release-linux-x86_64 1.0.3 18.09 48.36 66.45 OK
r-release-windows-ix86+x86_64 1.0.3 48.00 106.00 154.00 NOTE
r-release-osx-x86_64 1.0.3 WARN
r-oldrel-windows-ix86+x86_64 1.0.3 38.00 134.00 172.00 NOTE
r-oldrel-osx-x86_64 1.0.3 WARN

Check Details

Version: 1.0.3
Check: compiled code
Result: NOTE
    File ‘futureheatwaves/libs/futureheatwaves.so’:
     Found no calls to: ‘R_registerRoutines’, ‘R_useDynamicSymbols’
    
    It is good practice to register native routines and to disable symbol
    search.
    
    See ‘Writing portable packages’ in the ‘Writing R Extensions’ manual.
Flavors: r-devel-linux-x86_64-fedora-clang, r-devel-linux-x86_64-fedora-gcc

Version: 1.0.3
Check: installed package size
Result: NOTE
     installed size is 5.0Mb
     sub-directories of 1Mb or more:
     doc 1.8Mb
     extdata 1.5Mb
     libs 1.5Mb
Flavors: r-devel-windows-ix86+x86_64, r-release-windows-ix86+x86_64, r-oldrel-windows-ix86+x86_64

Version: 1.0.3
Check: re-building of vignette outputs
Result: WARN
    Error in re-building vignettes:
     ...
    Warning in engine$weave(file, quiet = quiet, encoding = enc) :
     Pandoc (>= 1.12.3) and/or pandoc-citeproc not available. Falling back to R Markdown v1.
    Quitting from lines 604-605 (futureheatwaves.Rmd)
    Error: processing vignette 'futureheatwaves.Rmd' failed with diagnostics:
    there is no package called 'webshot'
    Execution halted
Flavor: r-patched-solaris-x86

Version: 1.0.3
Check: re-building of vignette outputs
Result: WARN
    Error in re-building vignettes:
     ...
    Warning in engine$weave(file, quiet = quiet, encoding = enc) :
     Pandoc (>= 1.12.3) and/or pandoc-citeproc not available. Falling back to R Markdown v1.
    Quitting from lines 604-605 (futureheatwaves.Rmd)
    Error: processing vignette 'futureheatwaves.Rmd' failed with diagnostics:
    cannot open the connection
    Execution halted
Flavors: r-release-osx-x86_64, r-oldrel-osx-x86_64