CRAN Package Check Results for Package fuzzr

Last updated on 2018-05-23 13:48:35 CEST.

Flavor Version Tinstall Tcheck Ttotal Status Flags
r-devel-linux-x86_64-debian-clang 0.2.2 1.30 33.91 35.21 OK
r-devel-linux-x86_64-debian-gcc 0.2.2 0.30 1.47 1.77 ERROR
r-devel-linux-x86_64-fedora-clang 0.2.2 40.81 OK
r-devel-linux-x86_64-fedora-gcc 0.2.2 39.52 OK
r-devel-windows-ix86+x86_64 0.2.2 3.00 64.00 67.00 OK
r-patched-linux-x86_64 0.2.2 0.81 33.12 33.93 OK
r-patched-solaris-x86 0.2.2 55.60 OK
r-release-linux-x86_64 0.2.2 1.12 31.90 33.02 OK
r-release-windows-ix86+x86_64 0.2.2 4.00 64.00 68.00 OK
r-release-osx-x86_64 0.2.2 OK
r-oldrel-windows-ix86+x86_64 0.2.2 5.00 52.00 57.00 OK
r-oldrel-osx-x86_64 0.2.1 OK

Check Details

Version: 0.2.2
Check: package dependencies
Result: ERROR
    Package required but not available: ‘purrr’
    
    See section ‘The DESCRIPTION file’ in the ‘Writing R Extensions’
    manual.
Flavor: r-devel-linux-x86_64-debian-gcc