CRAN Package Check Results for Package fuzzyforest

Last updated on 2018-02-20 07:48:08 CET.

Flavor Version Tinstall Tcheck Ttotal Status Flags
r-devel-linux-x86_64-debian-clang 1.0.5 3.27 107.46 110.73 OK
r-devel-linux-x86_64-debian-gcc 1.0.5 2.54 95.94 98.48 OK
r-devel-linux-x86_64-fedora-clang 1.0.5 43.62 NOTE
r-devel-linux-x86_64-fedora-gcc 1.0.5 42.19 NOTE
r-devel-windows-ix86+x86_64 1.0.5 13.00 131.00 144.00 OK
r-patched-linux-x86_64 1.0.5 2.56 119.15 121.71 OK
r-patched-solaris-x86 1.0.5 221.00 OK
r-release-linux-x86_64 1.0.5 2.74 118.83 121.57 OK
r-release-windows-ix86+x86_64 1.0.5 24.00 191.00 215.00 OK
r-release-osx-x86_64 1.0.5 NOTE
r-oldrel-windows-ix86+x86_64 1.0.5 25.00 170.00 195.00 OK
r-oldrel-osx-x86_64 1.0.4 OK

Check Details

Version: 1.0.5
Check: package dependencies
Result: NOTE
    Package suggested but not available for checking: ‘WGCNA’
Flavors: r-devel-linux-x86_64-fedora-clang, r-devel-linux-x86_64-fedora-gcc, r-release-osx-x86_64