CRAN Package Check Results for Package fuzzyforest

Last updated on 2018-10-24 03:55:22 CEST.

Flavor Version Tinstall Tcheck Ttotal Status Flags
r-devel-linux-x86_64-debian-clang 1.0.5 3.94 157.97 161.91 OK
r-devel-linux-x86_64-debian-gcc 1.0.5 3.08 124.20 127.28 OK
r-devel-linux-x86_64-fedora-clang 1.0.5 187.14 OK
r-devel-linux-x86_64-fedora-gcc 1.0.5 183.37 OK
r-devel-windows-ix86+x86_64 1.0.5 32.00 249.00 281.00 OK
r-patched-linux-x86_64 1.0.5 3.61 124.33 127.94 OK
r-patched-solaris-x86 1.0.5 236.20 OK
r-release-linux-x86_64 1.0.5 3.66 124.29 127.95 NOTE
r-release-windows-ix86+x86_64 1.0.5 27.00 187.00 214.00 OK
r-release-osx-x86_64 1.0.5 OK
r-oldrel-windows-ix86+x86_64 1.0.5 18.00 190.00 208.00 OK
r-oldrel-osx-x86_64 1.0.5 NOTE

Check Details

Version: 1.0.5
Check: package dependencies
Result: NOTE
    Package suggested but not available for checking: ‘WGCNA’
Flavors: r-release-linux-x86_64, r-oldrel-osx-x86_64