CRAN Package Check Results for Package fuzzyforest

Last updated on 2018-05-25 16:48:24 CEST.

Flavor Version Tinstall Tcheck Ttotal Status Flags
r-devel-linux-x86_64-debian-clang 1.0.5 3.70 148.63 152.33 OK
r-devel-linux-x86_64-debian-gcc 1.0.5 2.69 116.46 119.15 OK
r-devel-linux-x86_64-fedora-clang 1.0.5 179.94 OK
r-devel-linux-x86_64-fedora-gcc 1.0.5 186.58 OK
r-devel-windows-ix86+x86_64 1.0.5 19.00 144.00 163.00 OK
r-patched-linux-x86_64 1.0.5 2.82 119.73 122.55 OK
r-patched-solaris-x86 1.0.5 221.90 OK
r-release-linux-x86_64 1.0.5 3.51 117.85 121.36 OK
r-release-windows-ix86+x86_64 1.0.5 21.00 193.00 214.00 OK
r-release-osx-x86_64 1.0.5 OK
r-oldrel-windows-ix86+x86_64 1.0.5 28.00 119.00 147.00 OK
r-oldrel-osx-x86_64 1.0.5 NOTE

Check Details

Version: 1.0.5
Check: package dependencies
Result: NOTE
    Package suggested but not available for checking: ‘WGCNA’
Flavor: r-oldrel-osx-x86_64