CRAN Package Check Results for Package fuzzyforest

Last updated on 2019-02-22 21:57:40 CET.

Flavor Version Tinstall Tcheck Ttotal Status Flags
r-devel-linux-x86_64-debian-clang 1.0.5 4.05 134.60 138.65 OK
r-devel-linux-x86_64-debian-gcc 1.0.5 2.76 104.08 106.84 OK
r-devel-linux-x86_64-fedora-clang 1.0.5 163.76 OK
r-devel-linux-x86_64-fedora-gcc 1.0.5 157.11 OK
r-devel-windows-ix86+x86_64 1.0.5 23.00 145.00 168.00 OK
r-patched-linux-x86_64 1.0.5 2.84 129.64 132.48 OK
r-patched-solaris-x86 1.0.5 241.70 OK
r-release-linux-x86_64 1.0.5 OK
r-release-windows-ix86+x86_64 1.0.5 26.00 194.00 220.00 OK
r-release-osx-x86_64 1.0.5 OK
r-oldrel-windows-ix86+x86_64 1.0.5 18.00 145.00 163.00 OK
r-oldrel-osx-x86_64 1.0.5 NOTE

Check Details

Version: 1.0.5
Check: package dependencies
Result: NOTE
    Package suggested but not available for checking: ‘WGCNA’
Flavor: r-oldrel-osx-x86_64