CRAN Package Check Results for Package fuzzyforest

Last updated on 2022-12-04 18:53:48 CET.

Flavor Version Tinstall Tcheck Ttotal Status Flags
r-devel-linux-x86_64-debian-clang 1.0.8 6.74 221.77 228.51 OK
r-devel-linux-x86_64-debian-gcc 1.0.8 5.23 165.82 171.05 OK
r-devel-linux-x86_64-fedora-clang 1.0.8 283.46 OK
r-devel-linux-x86_64-fedora-gcc 1.0.8 275.78 OK
r-devel-windows-x86_64 1.0.8 52.00 231.00 283.00 OK
r-patched-linux-x86_64 1.0.8 6.06 212.28 218.34 OK
r-release-linux-x86_64 1.0.8 6.78 209.91 216.69 OK
r-release-macos-arm64 1.0.8 24.00 NOTE
r-release-macos-x86_64 1.0.8 51.00 NOTE
r-release-windows-x86_64 1.0.8 44.00 241.00 285.00 OK
r-oldrel-macos-arm64 1.0.8 30.00 NOTE
r-oldrel-macos-x86_64 1.0.8 49.00 NOTE
r-oldrel-windows-ix86+x86_64 1.0.8 55.00 215.00 270.00 OK

Check Details

Version: 1.0.8
Check: package dependencies
Result: NOTE
    Package suggested but not available for checking: ‘WGCNA’
Flavors: r-release-macos-arm64, r-release-macos-x86_64, r-oldrel-macos-arm64, r-oldrel-macos-x86_64