CRAN Package Check Results for Package fuzzyforest

Last updated on 2018-08-18 10:50:29 CEST.

Flavor Version Tinstall Tcheck Ttotal Status Flags
r-devel-linux-x86_64-debian-clang 1.0.5 3.57 156.17 159.74 OK
r-devel-linux-x86_64-debian-gcc 1.0.5 2.97 124.75 127.72 OK
r-devel-linux-x86_64-fedora-clang 1.0.5 193.50 OK
r-devel-linux-x86_64-fedora-gcc 1.0.5 187.54 OK
r-devel-windows-ix86+x86_64 1.0.5 30.00 248.00 278.00 OK
r-patched-linux-x86_64 1.0.5 2.78 122.72 125.50 OK
r-patched-solaris-x86 1.0.5 238.60 OK
r-release-linux-x86_64 1.0.5 2.86 123.29 126.15 OK
r-release-windows-ix86+x86_64 1.0.5 27.00 193.00 220.00 OK
r-release-osx-x86_64 1.0.5 OK
r-oldrel-windows-ix86+x86_64 1.0.5 20.00 129.00 149.00 OK
r-oldrel-osx-x86_64 1.0.5 NOTE

Check Details

Version: 1.0.5
Check: package dependencies
Result: NOTE
    Package suggested but not available for checking: ‘WGCNA’
Flavor: r-oldrel-osx-x86_64